{"id":110244,"date":"2026-04-01T10:50:05","date_gmt":"2026-04-01T08:50:05","guid":{"rendered":"https:\/\/zatureczkimarcell.ddns.net\/wordpress\/?post_type=product&#038;p=110244"},"modified":"2026-04-01T10:50:20","modified_gmt":"2026-04-01T08:50:20","slug":"modeka-tabera-lady-kevlaros-noi-motoros-farmer","status":"publish","type":"product","link":"https:\/\/zatureczkimarcell.ddns.net\/wordpress\/termek\/modeka-tabera-lady-kevlaros-noi-motoros-farmer\/","title":{"rendered":"Modeka Tabera Lady kevl\u00e1ros n\u0151i motoros farmer"},"content":{"rendered":"<p><span style=\"font-size:16px;\"><strong>Motoros h&ouml;lgyek sz&aacute;m&aacute;ra&nbsp;k&eacute;nyelmes-ellasztikus komfort anyagb&oacute;l k&eacute;sz&uuml;lt, magas derek&uacute; kevl&aacute;ros motoros farmer.<\/strong><\/span><\/p>\n<p><span style=\"font-size:16px;\"><strong>Az &aacute;tlag feletti k&eacute;nyelmet biztos&iacute;t&oacute; SAS-TEC komfort t&eacute;rdv&eacute;d\u0151kkel.&nbsp;<\/strong><\/span><\/p>\n<p><span style=\"font-size:16px;\"><strong>Cs&iacute;p\u0151protektor r&eacute;sz&eacute;re kialak&iacute;tott gy&aacute;ri protektorzseb. (Cs&iacute;p\u0151protektor v&aacute;s&aacute;rolhat&oacute; &uuml;zlet&uuml;nkben)&nbsp;<\/strong><\/span><\/p>\n<p><span style=\"font-size:16px;\"><strong>DuPont&trade; KEVLAR&reg; bet&eacute;tek a jellemz\u0151 cs&uacute;sz&aacute;si pontokon. Mivel a nadr&aacute;g nem a teljes bels\u0151 r&eacute;szben tartalmaz kevl&aacute;r b&eacute;l&eacute;st, &iacute;gy t&ouml;k&eacute;letes szell\u0151z&eacute;st is biztos&iacute;t a k&aacute;nikulai napokon,&nbsp;&nbsp;a maxim&aacute;lis biztons&aacute;g &eacute;s k&eacute;nyelem mellett.&nbsp;<\/strong><\/span><\/p>\n<p><span style=\"font-size:16px;\"><strong>F&eacute;nyvisszaver\u0151 bet&eacute;t a nadr&aacute;g felhajthat&oacute; als&oacute;&nbsp;r&eacute;sz&eacute;n , ami szint&eacute;n fokozza a biztons&aacute;got. <\/strong><\/span><\/p>\n<p><span style=\"font-size:16px;\"><strong>M&eacute;retek: 34,36,38,40,42,44<\/strong><\/span><\/p>\n<p><span style=\"font-size:16px;\"><strong><span style=\"color:#FF0000;\">FIGYELEM! <\/span>A term&eacute;kb\u0151l az alacsony h&ouml;lgyek r&eacute;sz&eacute;re <span style=\"color:#FF0000;\">el&eacute;rhet\u0151 r&ouml;vid&iacute;tett fazon is<\/span>. A r&ouml;vid&iacute;tett m&eacute;retek el\u0151nye, hogy az alacsonyabb h&ouml;lgyeknek is azonnal t&ouml;k&eacute;letes helyen lesz a protektor.&nbsp;<\/strong><\/span><\/p>\n<p><span style=\"font-size:16px;\"><strong>R&ouml;vid&iacute;tett m&eacute;retek: 18,19,20,21,22,23,24,25<\/strong><\/span><\/p>\n<\/p>\n<p style=\"box-sizing: border-box; margin: 0px 0px 10px; font-family: Roboto, sans-serif; font-size: 16px;\">Tov&aacute;bbi term&eacute;ktulajdons&aacute;gok&eacute;rt l&aacute;togasd meg az anyaglexikon men&uuml;pontunkat !<\/p>\n<p style=\"box-sizing: border-box; margin: 0px 0px 10px; font-family: Roboto, sans-serif; font-size: 16px;\"><strong style=\"box-sizing: border-box; max-width: 100%;\">Haszn&aacute;lati &eacute;s kezel&eacute;si &uacute;tmutat&oacute; a term&eacute;khez&nbsp;el&eacute;rhet\u0151 ide kattintva:&nbsp;<a href=\"https:\/\/darazsgarazs.hu\/index.php\/termek\/hasznalati-utmutato.1155.html\">https:\/\/darazsgarazs.hu\/index.php\/termek\/hasznalati-utmutato.1155.html<\/a><\/strong><\/p><\/p>\n","protected":false},"excerpt":{"rendered":"<p>Motoros h&ouml;lgyek sz&aacute;m&aacute;ra&nbsp;k&eacute;nyelmes-ellasztikus komfort anyagb&oacute;l k&eacute;sz&uuml;lt, magas derek&uacute; kevl&aacute;ros motoros farmer. Az &aacute;tlag feletti k&eacute;nyelmet biztos&iacute;t&oacute; SAS-TEC komfort t&eacute;rdv&eacute;d\u0151kkel.&nbsp; Cs&iacute;p\u0151protektor [&hellip;]<\/p>\n","protected":false},"featured_media":0,"template":"","meta":{"site-sidebar-layout":"default","site-content-layout":"","ast-site-content-layout":"default","site-content-style":"default","site-sidebar-style":"default","ast-global-header-display":"","ast-banner-title-visibility":"","ast-main-header-display":"","ast-hfb-above-header-display":"","ast-hfb-below-header-display":"","ast-hfb-mobile-header-display":"","site-post-title":"","ast-breadcrumbs-content":"","ast-featured-img":"","footer-sml-layout":"","ast-disable-related-posts":"","theme-transparent-header-meta":"","adv-header-id-meta":"","stick-header-meta":"","header-above-stick-meta":"","header-main-stick-meta":"","header-below-stick-meta":"","astra-migrate-meta-layouts":"default","ast-page-background-enabled":"default","ast-page-background-meta":{"desktop":{"background-color":"var(--ast-global-color-5)","background-image":"","background-repeat":"repeat","background-position":"center center","background-size":"auto","background-attachment":"scroll","background-type":"","background-media":"","overlay-type":"","overlay-color":"","overlay-opacity":"","overlay-gradient":""},"tablet":{"background-color":"","background-image":"","background-repeat":"repeat","background-position":"center center","background-size":"auto","background-attachment":"scroll","background-type":"","background-media":"","overlay-type":"","overlay-color":"","overlay-opacity":"","overlay-gradient":""},"mobile":{"background-color":"","background-image":"","background-repeat":"repeat","background-position":"center center","background-size":"auto","background-attachment":"scroll","background-type":"","background-media":"","overlay-type":"","overlay-color":"","overlay-opacity":"","overlay-gradient":""}},"ast-content-background-meta":{"desktop":{"background-color":"var(--ast-global-color-4)","background-image":"","background-repeat":"repeat","background-position":"center center","background-size":"auto","background-attachment":"scroll","background-type":"","background-media":"","overlay-type":"","overlay-color":"","overlay-opacity":"","overlay-gradient":""},"tablet":{"background-color":"var(--ast-global-color-4)","background-image":"","background-repeat":"repeat","background-position":"center center","background-size":"auto","background-attachment":"scroll","background-type":"","background-media":"","overlay-type":"","overlay-color":"","overlay-opacity":"","overlay-gradient":""},"mobile":{"background-color":"var(--ast-global-color-4)","background-image":"","background-repeat":"repeat","background-position":"center center","background-size":"auto","background-attachment":"scroll","background-type":"","background-media":"","overlay-type":"","overlay-color":"","overlay-opacity":"","overlay-gradient":""}}},"product_brand":[],"product_cat":[139,138,145],"product_tag":[],"class_list":{"0":"post-110244","1":"product","2":"type-product","3":"status-publish","5":"product_cat-motoros-ruhazat","6":"product_cat-nadragok","7":"product_cat-varosi-stilusu-motoros-ruhazat","8":"desktop-align-left","9":"tablet-align-left","10":"mobile-align-left","12":"first","13":"instock","14":"shipping-taxable","15":"purchasable","16":"product-type-simple"},"jetpack_sharing_enabled":true,"_links":{"self":[{"href":"https:\/\/zatureczkimarcell.ddns.net\/wordpress\/wp-json\/wp\/v2\/product\/110244","targetHints":{"allow":["GET"]}}],"collection":[{"href":"https:\/\/zatureczkimarcell.ddns.net\/wordpress\/wp-json\/wp\/v2\/product"}],"about":[{"href":"https:\/\/zatureczkimarcell.ddns.net\/wordpress\/wp-json\/wp\/v2\/types\/product"}],"wp:attachment":[{"href":"https:\/\/zatureczkimarcell.ddns.net\/wordpress\/wp-json\/wp\/v2\/media?parent=110244"}],"wp:term":[{"taxonomy":"product_brand","embeddable":true,"href":"https:\/\/zatureczkimarcell.ddns.net\/wordpress\/wp-json\/wp\/v2\/product_brand?post=110244"},{"taxonomy":"product_cat","embeddable":true,"href":"https:\/\/zatureczkimarcell.ddns.net\/wordpress\/wp-json\/wp\/v2\/product_cat?post=110244"},{"taxonomy":"product_tag","embeddable":true,"href":"https:\/\/zatureczkimarcell.ddns.net\/wordpress\/wp-json\/wp\/v2\/product_tag?post=110244"}],"curies":[{"name":"wp","href":"https:\/\/api.w.org\/{rel}","templated":true}]}}