{"id":110243,"date":"2026-04-01T10:50:04","date_gmt":"2026-04-01T08:50:04","guid":{"rendered":"https:\/\/zatureczkimarcell.ddns.net\/wordpress\/?post_type=product&#038;p=110243"},"modified":"2026-04-01T10:50:19","modified_gmt":"2026-04-01T08:50:19","slug":"modeka-trohn-vizallo-motoros-kabat","status":"publish","type":"product","link":"https:\/\/zatureczkimarcell.ddns.net\/wordpress\/termek\/modeka-trohn-vizallo-motoros-kabat\/","title":{"rendered":"Modeka Trohn v\u00edz\u00e1ll\u00f3 motoros kab\u00e1t"},"content":{"rendered":"<div><span style=\"font-size:16px;\"><strong>Modern szab&aacute;s&uacute; k&eacute;t r&eacute;teg\u0171, v&iacute;z&aacute;ll&oacute; motoros kab&aacute;t rugalmas &eacute;s kiv&eacute;telesen k&ouml;nny\u0171 komfort anyagb&oacute;l.<\/strong><\/span><\/div>\n<div><\/div>\n<div><span style=\"font-size:16px;\"><strong>500 D Cordura&reg; er\u0151s&iacute;t&eacute;s ripstop az &uuml;tk&ouml;z&eacute;si z&oacute;n&aacute;kban .<\/strong><\/span><\/div>\n<div><span style=\"font-size:16px;\"><strong>V&aacute;ll &eacute;s k&ouml;ny&ouml;k protektorokkal.&nbsp;<\/strong><\/span><\/div>\n<div><span style=\"font-size:16px;\"><strong>Gerincprotektor r&eacute;sz&eacute;re kialak&iacute;tott gy&aacute;ri protektorzseb.&nbsp;<\/strong><\/span><\/div>\n<div><span style=\"font-size:16px;\"><strong>AirDraft: 2 nagym&eacute;ret\u0171 szell\u0151z\u0151ny&iacute;l&aacute;s robusztus Fidlock&reg; m&aacute;gneses z&aacute;rral<\/strong><\/span><\/div>\n<div><span style=\"font-size:16px;\"><strong>AirVent: szell\u0151z\u0151cipz&aacute;rak a kab&aacute;t t&ouml;bb pontj&aacute;n.&nbsp;<\/strong><\/span><\/div>\n<div><span style=\"font-size:16px;\"><strong>Kivehet\u0151 es\u0151 &eacute;s sz&eacute;l&aacute;ll&oacute; Humax&reg; membr&aacute;n (10.000 mm tud&aacute;s&uacute; memb&aacute;n)<\/strong><\/span><\/div>\n<div><span style=\"font-size:16px;\"><strong>Sz&aacute;raz &eacute;s szell\u0151s: A membr&aacute;nkab&aacute;t h&aacute;tul is viselhet\u0151.<\/strong><\/span><\/div>\n<div><span style=\"font-size:16px;\"><strong>F&eacute;nyvisszaver\u0151 3M&trade; Scotchlite&trade; anyag&nbsp;<\/strong><\/span><\/div>\n<div><span style=\"font-size:16px;\"><strong>V&eacute;szhelyzeti\/azonos&iacute;t&oacute; zseb a bal alkaron. Ez a zseb, bankk&aacute;rty&aacute;hoz is haszn&aacute;lhat&oacute;, &iacute;gy a fizet\u0151kapukn&aacute;l, k&ouml;nny\u0171 &eacute;rint&eacute;ses fizet&eacute;st tesz lehet\u0151v&eacute;.&nbsp;<\/strong><\/span><\/div>\n<div><span style=\"font-size:16px;\"><strong>A nyaki r&eacute;sz &aacute;ll&iacute;that&oacute;, kiakaszthat&oacute;.&nbsp;<\/strong><\/span><\/div>\n<div><span style=\"font-size:16px;\"><strong>Innovat&iacute;v, rugalmas mandzsetta, &iacute;gy a motoros keszty\u0171h&ouml;z k&ouml;nnyen &eacute;s k&eacute;nyelmesen illeszthet\u0151.&nbsp;<\/strong><\/span><\/div>\n<div><\/div>\n<div><span style=\"font-size:16px;\"><strong>M&eacute;retek: S, M, L, XL, 2XL, 3XL, 4XL, 5XL<\/strong><\/span><\/div>\n<div><\/div>\n<div><strong style=\"font-size: 16px;\">Haszn&aacute;lati &eacute;s kezel&eacute;si &uacute;tmutat&oacute; a term&eacute;khez el&eacute;rhet\u0151 ide kattintva:<\/strong><span style=\"font-size: 16px;\">&nbsp;<\/span><a href=\"https:\/\/darazsgarazs.hu\/index.php\/termek\/hasznalati-utmutato.1155.html\" style=\"font-size: 16px;\">https:\/\/darazsgarazs.hu\/index.php\/termek\/hasznalati-utmutato.1155.html<\/a><\/div>\n<div><\/div>\n<div>\n<p style=\"box-sizing: border-box; margin: 0px 0px 10px; max-width: 100%; font-family: Roboto, sans-serif; font-size: 16px;\">A term&eacute;k rendeltet&eacute;sszer\u0171 haszn&aacute;lat sor&aacute;n&nbsp;speci&aacute;lis mos&oacute;szerrel tiszt&iacute;that&oacute; !<\/p>\n<p style=\"box-sizing: border-box; margin: 0px 0px 10px; max-width: 100%; font-family: Roboto, sans-serif; font-size: 16px;\">A mos&oacute;szer speci&aacute;lisan technikai &ndash; motoros ruh&aacute;zathoz lett fejlesztve, haszn&aacute;lat&aacute;val a term&eacute;kek nem csak tiszt&aacute;n tarthat&oacute;ak, de v&aacute;rhat&oacute; haszn&aacute;lati idej&uuml;k is n&ouml;vekszik!<\/p>\n<p style=\"box-sizing: border-box; margin: 0px 0px 10px; max-width: 100%; font-family: Roboto, sans-serif; font-size: 16px;\">A Mos&oacute;szer &uuml;zlet&uuml;nkben megv&aacute;s&aacute;rolhat&oacute;.&nbsp;<\/p>\n<\/div>\n","protected":false},"excerpt":{"rendered":"<p>Modern szab&aacute;s&uacute; k&eacute;t r&eacute;teg\u0171, v&iacute;z&aacute;ll&oacute; motoros kab&aacute;t rugalmas &eacute;s kiv&eacute;telesen k&ouml;nny\u0171 komfort anyagb&oacute;l. 500 D Cordura&reg; er\u0151s&iacute;t&eacute;s ripstop az &uuml;tk&ouml;z&eacute;si [&hellip;]<\/p>\n","protected":false},"featured_media":0,"template":"","meta":{"site-sidebar-layout":"default","site-content-layout":"","ast-site-content-layout":"default","site-content-style":"default","site-sidebar-style":"default","ast-global-header-display":"","ast-banner-title-visibility":"","ast-main-header-display":"","ast-hfb-above-header-display":"","ast-hfb-below-header-display":"","ast-hfb-mobile-header-display":"","site-post-title":"","ast-breadcrumbs-content":"","ast-featured-img":"","footer-sml-layout":"","ast-disable-related-posts":"","theme-transparent-header-meta":"","adv-header-id-meta":"","stick-header-meta":"","header-above-stick-meta":"","header-main-stick-meta":"","header-below-stick-meta":"","astra-migrate-meta-layouts":"default","ast-page-background-enabled":"default","ast-page-background-meta":{"desktop":{"background-color":"var(--ast-global-color-5)","background-image":"","background-repeat":"repeat","background-position":"center center","background-size":"auto","background-attachment":"scroll","background-type":"","background-media":"","overlay-type":"","overlay-color":"","overlay-opacity":"","overlay-gradient":""},"tablet":{"background-color":"","background-image":"","background-repeat":"repeat","background-position":"center center","background-size":"auto","background-attachment":"scroll","background-type":"","background-media":"","overlay-type":"","overlay-color":"","overlay-opacity":"","overlay-gradient":""},"mobile":{"background-color":"","background-image":"","background-repeat":"repeat","background-position":"center center","background-size":"auto","background-attachment":"scroll","background-type":"","background-media":"","overlay-type":"","overlay-color":"","overlay-opacity":"","overlay-gradient":""}},"ast-content-background-meta":{"desktop":{"background-color":"var(--ast-global-color-4)","background-image":"","background-repeat":"repeat","background-position":"center center","background-size":"auto","background-attachment":"scroll","background-type":"","background-media":"","overlay-type":"","overlay-color":"","overlay-opacity":"","overlay-gradient":""},"tablet":{"background-color":"var(--ast-global-color-4)","background-image":"","background-repeat":"repeat","background-position":"center center","background-size":"auto","background-attachment":"scroll","background-type":"","background-media":"","overlay-type":"","overlay-color":"","overlay-opacity":"","overlay-gradient":""},"mobile":{"background-color":"var(--ast-global-color-4)","background-image":"","background-repeat":"repeat","background-position":"center center","background-size":"auto","background-attachment":"scroll","background-type":"","background-media":"","overlay-type":"","overlay-color":"","overlay-opacity":"","overlay-gradient":""}}},"product_brand":[],"product_cat":[147,139],"product_tag":[],"class_list":{"0":"post-110243","1":"product","2":"type-product","3":"status-publish","5":"product_cat-kabatok","6":"product_cat-motoros-ruhazat","7":"desktop-align-left","8":"tablet-align-left","9":"mobile-align-left","11":"first","12":"instock","13":"sale","14":"shipping-taxable","15":"purchasable","16":"product-type-simple"},"jetpack_sharing_enabled":true,"_links":{"self":[{"href":"https:\/\/zatureczkimarcell.ddns.net\/wordpress\/wp-json\/wp\/v2\/product\/110243","targetHints":{"allow":["GET"]}}],"collection":[{"href":"https:\/\/zatureczkimarcell.ddns.net\/wordpress\/wp-json\/wp\/v2\/product"}],"about":[{"href":"https:\/\/zatureczkimarcell.ddns.net\/wordpress\/wp-json\/wp\/v2\/types\/product"}],"wp:attachment":[{"href":"https:\/\/zatureczkimarcell.ddns.net\/wordpress\/wp-json\/wp\/v2\/media?parent=110243"}],"wp:term":[{"taxonomy":"product_brand","embeddable":true,"href":"https:\/\/zatureczkimarcell.ddns.net\/wordpress\/wp-json\/wp\/v2\/product_brand?post=110243"},{"taxonomy":"product_cat","embeddable":true,"href":"https:\/\/zatureczkimarcell.ddns.net\/wordpress\/wp-json\/wp\/v2\/product_cat?post=110243"},{"taxonomy":"product_tag","embeddable":true,"href":"https:\/\/zatureczkimarcell.ddns.net\/wordpress\/wp-json\/wp\/v2\/product_tag?post=110243"}],"curies":[{"name":"wp","href":"https:\/\/api.w.org\/{rel}","templated":true}]}}