{"id":110222,"date":"2026-04-01T10:49:25","date_gmt":"2026-04-01T08:49:25","guid":{"rendered":"https:\/\/zatureczkimarcell.ddns.net\/wordpress\/?post_type=product&#038;p=110222"},"modified":"2026-04-01T10:49:45","modified_gmt":"2026-04-01T08:49:45","slug":"fenyre-sotetedo-napszemuveg","status":"publish","type":"product","link":"https:\/\/zatureczkimarcell.ddns.net\/wordpress\/termek\/fenyre-sotetedo-napszemuveg\/","title":{"rendered":"F\u00e9nyre s\u00f6t\u00e9ted\u0151 napszem\u00fcveg"},"content":{"rendered":"<p><strong>Nagym&eacute;ret\u0171 fotokromatikus &#8211; <em>f&eacute;nyre automatikusan s&ouml;t&eacute;ted\u0151 <\/em>&#8211; lencs&eacute;j\u0171 napszem&uuml;veg, amely k&ouml;nnyed&eacute;n illeszthet\u0151 be a legt&ouml;bb buk&oacute;sisakba.&nbsp;<\/strong><\/p>\n<p><strong>Haszn&aacute;lat&aacute;val nem csak a napf&eacute;ny ellen v&eacute;dekezhet&uuml;nk, hanem a buk&oacute;sisak nyitott &aacute;llapot&aacute;ban&nbsp;a por, rep&uuml;l\u0151 rovarok &eacute;s m&aacute;s t&aacute;rgyak szembe ker&uuml;l&eacute;s&eacute;t is megakad&aacute;lyozhatjuk.&nbsp;<\/strong><\/p>\n<p><strong>A mell&eacute;kelt fot&oacute;n koll&eacute;g&aacute;nk pr&oacute;b&aacute;lta ki az egyik darabot. Csak r&ouml;vid id\u0151t t&ouml;lt&ouml;tt az &uuml;zlet el\u0151tt. A szem&uuml;veg dinamikusan-gyorsan s&ouml;t&eacute;tedik, majd vil&aacute;gosodik a f&eacute;nyviszonyoknak megfelel\u0151en.&nbsp;<\/strong><\/p><\/p>\n","protected":false},"excerpt":{"rendered":"<p>Nagym&eacute;ret\u0171 fotokromatikus &#8211; f&eacute;nyre automatikusan s&ouml;t&eacute;ted\u0151 &#8211; lencs&eacute;j\u0171 napszem&uuml;veg, amely k&ouml;nnyed&eacute;n illeszthet\u0151 be a legt&ouml;bb buk&oacute;sisakba.&nbsp; Haszn&aacute;lat&aacute;val nem csak a [&hellip;]<\/p>\n","protected":false},"featured_media":0,"template":"","meta":{"site-sidebar-layout":"default","site-content-layout":"","ast-site-content-layout":"default","site-content-style":"default","site-sidebar-style":"default","ast-global-header-display":"","ast-banner-title-visibility":"","ast-main-header-display":"","ast-hfb-above-header-display":"","ast-hfb-below-header-display":"","ast-hfb-mobile-header-display":"","site-post-title":"","ast-breadcrumbs-content":"","ast-featured-img":"","footer-sml-layout":"","ast-disable-related-posts":"","theme-transparent-header-meta":"","adv-header-id-meta":"","stick-header-meta":"","header-above-stick-meta":"","header-main-stick-meta":"","header-below-stick-meta":"","astra-migrate-meta-layouts":"default","ast-page-background-enabled":"default","ast-page-background-meta":{"desktop":{"background-color":"var(--ast-global-color-5)","background-image":"","background-repeat":"repeat","background-position":"center center","background-size":"auto","background-attachment":"scroll","background-type":"","background-media":"","overlay-type":"","overlay-color":"","overlay-opacity":"","overlay-gradient":""},"tablet":{"background-color":"","background-image":"","background-repeat":"repeat","background-position":"center center","background-size":"auto","background-attachment":"scroll","background-type":"","background-media":"","overlay-type":"","overlay-color":"","overlay-opacity":"","overlay-gradient":""},"mobile":{"background-color":"","background-image":"","background-repeat":"repeat","background-position":"center center","background-size":"auto","background-attachment":"scroll","background-type":"","background-media":"","overlay-type":"","overlay-color":"","overlay-opacity":"","overlay-gradient":""}},"ast-content-background-meta":{"desktop":{"background-color":"var(--ast-global-color-4)","background-image":"","background-repeat":"repeat","background-position":"center center","background-size":"auto","background-attachment":"scroll","background-type":"","background-media":"","overlay-type":"","overlay-color":"","overlay-opacity":"","overlay-gradient":""},"tablet":{"background-color":"var(--ast-global-color-4)","background-image":"","background-repeat":"repeat","background-position":"center center","background-size":"auto","background-attachment":"scroll","background-type":"","background-media":"","overlay-type":"","overlay-color":"","overlay-opacity":"","overlay-gradient":""},"mobile":{"background-color":"var(--ast-global-color-4)","background-image":"","background-repeat":"repeat","background-position":"center center","background-size":"auto","background-attachment":"scroll","background-type":"","background-media":"","overlay-type":"","overlay-color":"","overlay-opacity":"","overlay-gradient":""}}},"product_brand":[],"product_cat":[141,140,139,123,122,145],"product_tag":[],"class_list":{"0":"post-110222","1":"product","2":"type-product","3":"status-publish","5":"product_cat-bukosisak-kiegeszitok-alkatreszek","6":"product_cat-kiegeszitok","7":"product_cat-motoros-ruhazat","8":"product_cat-nyithato-bukosisakok","9":"product_cat-nyitott","10":"product_cat-varosi-stilusu-motoros-ruhazat","11":"desktop-align-left","12":"tablet-align-left","13":"mobile-align-left","15":"first","16":"instock","17":"shipping-taxable","18":"purchasable","19":"product-type-simple"},"jetpack_sharing_enabled":true,"_links":{"self":[{"href":"https:\/\/zatureczkimarcell.ddns.net\/wordpress\/wp-json\/wp\/v2\/product\/110222","targetHints":{"allow":["GET"]}}],"collection":[{"href":"https:\/\/zatureczkimarcell.ddns.net\/wordpress\/wp-json\/wp\/v2\/product"}],"about":[{"href":"https:\/\/zatureczkimarcell.ddns.net\/wordpress\/wp-json\/wp\/v2\/types\/product"}],"wp:attachment":[{"href":"https:\/\/zatureczkimarcell.ddns.net\/wordpress\/wp-json\/wp\/v2\/media?parent=110222"}],"wp:term":[{"taxonomy":"product_brand","embeddable":true,"href":"https:\/\/zatureczkimarcell.ddns.net\/wordpress\/wp-json\/wp\/v2\/product_brand?post=110222"},{"taxonomy":"product_cat","embeddable":true,"href":"https:\/\/zatureczkimarcell.ddns.net\/wordpress\/wp-json\/wp\/v2\/product_cat?post=110222"},{"taxonomy":"product_tag","embeddable":true,"href":"https:\/\/zatureczkimarcell.ddns.net\/wordpress\/wp-json\/wp\/v2\/product_tag?post=110222"}],"curies":[{"name":"wp","href":"https:\/\/api.w.org\/{rel}","templated":true}]}}