{"id":110218,"date":"2026-04-01T10:49:23","date_gmt":"2026-04-01T08:49:23","guid":{"rendered":"https:\/\/zatureczkimarcell.ddns.net\/wordpress\/?post_type=product&#038;p=110218"},"modified":"2026-04-01T10:49:44","modified_gmt":"2026-04-01T08:49:44","slug":"modeka-fenyvisszavero-motoros-kabat","status":"publish","type":"product","link":"https:\/\/zatureczkimarcell.ddns.net\/wordpress\/termek\/modeka-fenyvisszavero-motoros-kabat\/","title":{"rendered":"Modeka f\u00e9nyvisszaver\u0151 motoros kab\u00e1t"},"content":{"rendered":"<p><span style=\"font-size:16px;\"><strong>Ez a kab&aacute;tunk, t&ouml;k&eacute;letes l&aacute;that&oacute;s&aacute;got biztos&iacute;t minden helyzetben az &eacute;jszakai motoroz&aacute;s k&ouml;zben.&nbsp;<\/strong><\/span><\/p>\n<p><span style=\"font-size:16px;\"><strong>A teljes fel&uuml;lete f&eacute;nyvisszaver\u0151, &iacute;gy megvil&aacute;g&iacute;tva azonnal l&aacute;that&oacute;v&aacute; tesz a k&ouml;zleked&eacute;s t&ouml;bbi r&eacute;sztvev\u0151je sz&aacute;m&aacute;ra ami extra biztons&aacute;got k&iacute;n&aacute;l. T&ouml;k&eacute;letes f&eacute;nyvisszaver\u0151 hat&aacute;s.&nbsp;<\/strong><\/span><\/p>\n<p><span style=\"font-size:16px;\"><strong>Nagym&eacute;ret\u0171 szell\u0151z\u0151k<\/strong><\/span><\/p>\n<p><span style=\"font-size:16px;\"><strong>&Aacute;ll&iacute;that&oacute; k&eacute;nyelmi gall&eacute;r r&eacute;sz<\/strong><\/span><\/p>\n<p><span style=\"font-size:16px;\"><strong>V&eacute;szhelyzeti azonos&iacute;t&oacute; zseb a kab&aacute;t bal alkarj&aacute;n.&nbsp;<\/strong><\/span><\/p>\n<p><span style=\"font-size:16px;\"><strong>Kivehet\u0151 Humax v&iacute;z &eacute;s sz&eacute;l&aacute;ll&oacute; (10.000mm tud&aacute;s&uacute;) membr&aacute;n&nbsp;<\/strong><\/span><\/p>\n<p><span style=\"font-size:16px;\"><strong>A kab&aacute;t minden pontj&aacute;n testre szabhat&oacute;.&nbsp;<\/strong><\/span><\/p>\n<p><span style=\"font-size:16px;\"><strong>V&aacute;ll &eacute;s k&ouml;ny&ouml;k protektorokkal.<\/strong><\/span><\/p>\n<p><span style=\"font-size:16px;\"><strong>Gerincprotektor&nbsp; sz&aacute;m&aacute;ra kialak&iacute;tott gy&aacute;ri protektorzseb.&nbsp;<\/strong><\/span><\/p>\n<\/p>\n<p style=\"box-sizing: border-box; margin: 0px 0px 10px; max-width: 100%; font-family: Roboto, sans-serif; font-size: 16px;\"><strong style=\"box-sizing: border-box; max-width: 100%;\">Haszn&aacute;lati &eacute;s kezel&eacute;si &uacute;tmutat&oacute; a term&eacute;khez&nbsp;el&eacute;rhet\u0151 ide kattintva:&nbsp;<a href=\"https:\/\/darazsgarazs.hu\/index.php\/termek\/hasznalati-utmutato.1155.html\">https:\/\/darazsgarazs.hu\/index.php\/termek\/hasznalati-utmutato.1155.html<\/a><\/strong><\/p>\n<p style=\"box-sizing: border-box; margin: 0px 0px 10px; max-width: 100%; font-family: Roboto, sans-serif; font-size: 16px;\"><strong>Tov&aacute;bbi term&eacute;ktulajdons&aacute;gok&eacute;rt l&aacute;togasd meg az anyaglexikon men&uuml;pontunkat !<\/strong><\/p>\n<p style=\"box-sizing: border-box; margin: 0px 0px 10px; max-width: 100%; font-family: Roboto, sans-serif; font-size: 16px;\"><strong>A term&eacute;k rendeltet&eacute;sszer\u0171 haszn&aacute;lat sor&aacute;n&nbsp;speci&aacute;lis mos&oacute;szerrel tiszt&iacute;that&oacute; !<\/strong><\/p>\n<p style=\"box-sizing: border-box; margin: 0px 0px 10px; max-width: 100%; font-family: Roboto, sans-serif; font-size: 16px;\"><strong>A mos&oacute;szer speci&aacute;lisan technikai &ndash; motoros ruh&aacute;zathoz lett fejlesztve, haszn&aacute;lat&aacute;val a term&eacute;kek nem csak tiszt&aacute;n tarthat&oacute;ak, de v&aacute;rhat&oacute; haszn&aacute;lati idej&uuml;k is n&ouml;vekszik!<\/strong><\/p><\/p>\n","protected":false},"excerpt":{"rendered":"<p>Ez a kab&aacute;tunk, t&ouml;k&eacute;letes l&aacute;that&oacute;s&aacute;got biztos&iacute;t minden helyzetben az &eacute;jszakai motoroz&aacute;s k&ouml;zben.&nbsp; A teljes fel&uuml;lete f&eacute;nyvisszaver\u0151, &iacute;gy megvil&aacute;g&iacute;tva azonnal l&aacute;that&oacute;v&aacute; [&hellip;]<\/p>\n","protected":false},"featured_media":0,"template":"","meta":{"site-sidebar-layout":"default","site-content-layout":"","ast-site-content-layout":"default","site-content-style":"default","site-sidebar-style":"default","ast-global-header-display":"","ast-banner-title-visibility":"","ast-main-header-display":"","ast-hfb-above-header-display":"","ast-hfb-below-header-display":"","ast-hfb-mobile-header-display":"","site-post-title":"","ast-breadcrumbs-content":"","ast-featured-img":"","footer-sml-layout":"","ast-disable-related-posts":"","theme-transparent-header-meta":"","adv-header-id-meta":"","stick-header-meta":"","header-above-stick-meta":"","header-main-stick-meta":"","header-below-stick-meta":"","astra-migrate-meta-layouts":"default","ast-page-background-enabled":"default","ast-page-background-meta":{"desktop":{"background-color":"var(--ast-global-color-5)","background-image":"","background-repeat":"repeat","background-position":"center center","background-size":"auto","background-attachment":"scroll","background-type":"","background-media":"","overlay-type":"","overlay-color":"","overlay-opacity":"","overlay-gradient":""},"tablet":{"background-color":"","background-image":"","background-repeat":"repeat","background-position":"center center","background-size":"auto","background-attachment":"scroll","background-type":"","background-media":"","overlay-type":"","overlay-color":"","overlay-opacity":"","overlay-gradient":""},"mobile":{"background-color":"","background-image":"","background-repeat":"repeat","background-position":"center center","background-size":"auto","background-attachment":"scroll","background-type":"","background-media":"","overlay-type":"","overlay-color":"","overlay-opacity":"","overlay-gradient":""}},"ast-content-background-meta":{"desktop":{"background-color":"var(--ast-global-color-4)","background-image":"","background-repeat":"repeat","background-position":"center center","background-size":"auto","background-attachment":"scroll","background-type":"","background-media":"","overlay-type":"","overlay-color":"","overlay-opacity":"","overlay-gradient":""},"tablet":{"background-color":"var(--ast-global-color-4)","background-image":"","background-repeat":"repeat","background-position":"center center","background-size":"auto","background-attachment":"scroll","background-type":"","background-media":"","overlay-type":"","overlay-color":"","overlay-opacity":"","overlay-gradient":""},"mobile":{"background-color":"var(--ast-global-color-4)","background-image":"","background-repeat":"repeat","background-position":"center center","background-size":"auto","background-attachment":"scroll","background-type":"","background-media":"","overlay-type":"","overlay-color":"","overlay-opacity":"","overlay-gradient":""}}},"product_brand":[],"product_cat":[147,139],"product_tag":[],"class_list":{"0":"post-110218","1":"product","2":"type-product","3":"status-publish","5":"product_cat-kabatok","6":"product_cat-motoros-ruhazat","7":"desktop-align-left","8":"tablet-align-left","9":"mobile-align-left","11":"first","12":"instock","13":"shipping-taxable","14":"purchasable","15":"product-type-simple"},"jetpack_sharing_enabled":true,"_links":{"self":[{"href":"https:\/\/zatureczkimarcell.ddns.net\/wordpress\/wp-json\/wp\/v2\/product\/110218","targetHints":{"allow":["GET"]}}],"collection":[{"href":"https:\/\/zatureczkimarcell.ddns.net\/wordpress\/wp-json\/wp\/v2\/product"}],"about":[{"href":"https:\/\/zatureczkimarcell.ddns.net\/wordpress\/wp-json\/wp\/v2\/types\/product"}],"wp:attachment":[{"href":"https:\/\/zatureczkimarcell.ddns.net\/wordpress\/wp-json\/wp\/v2\/media?parent=110218"}],"wp:term":[{"taxonomy":"product_brand","embeddable":true,"href":"https:\/\/zatureczkimarcell.ddns.net\/wordpress\/wp-json\/wp\/v2\/product_brand?post=110218"},{"taxonomy":"product_cat","embeddable":true,"href":"https:\/\/zatureczkimarcell.ddns.net\/wordpress\/wp-json\/wp\/v2\/product_cat?post=110218"},{"taxonomy":"product_tag","embeddable":true,"href":"https:\/\/zatureczkimarcell.ddns.net\/wordpress\/wp-json\/wp\/v2\/product_tag?post=110218"}],"curies":[{"name":"wp","href":"https:\/\/api.w.org\/{rel}","templated":true}]}}