{"id":110201,"date":"2026-04-01T10:48:48","date_gmt":"2026-04-01T08:48:48","guid":{"rendered":"https:\/\/zatureczkimarcell.ddns.net\/wordpress\/?post_type=product&#038;p=110201"},"modified":"2026-04-01T10:49:34","modified_gmt":"2026-04-01T08:49:34","slug":"modeka-kevlaros-farmer-extra-nagy-meretekben-is","status":"publish","type":"product","link":"https:\/\/zatureczkimarcell.ddns.net\/wordpress\/termek\/modeka-kevlaros-farmer-extra-nagy-meretekben-is\/","title":{"rendered":"Modeka Kevl\u00e1ros farmer EXTRA NAGY M\u00c9RETEKBEN IS!"},"content":{"rendered":"<p><span style=\"font-size:16px;\"><strong>A Modeka kevl&aacute;ros farmer&uuml;nk &ouml;tv&ouml;zi a j&oacute; megjelen&eacute;st a funkcion&aacute;lis biztons&aacute;ggal.&nbsp;<\/strong><\/span><\/p>\n<p><span style=\"font-size:16px;\"><strong>Klasszikus, 5 zsebes motoros farmer, id\u0151tlen, norm&aacute;l szab&aacute;ssal. Rugalmass&aacute;g&aacute;nak k&ouml;sz&ouml;nhet\u0151en kiv&eacute;teles k&eacute;nyelmet &eacute;s mozg&aacute;sszabads&aacute;got biztos&iacute;t.<\/strong><\/span><\/p>\n<p><strong><span style=\"font-size:16px;\">-CE AA v&eacute;delmi oszt&aacute;ly!&nbsp;<\/span><\/strong><\/p>\n<p><strong><span style=\"font-size:16px;\">-Extra biztons&aacute;got ny&uacute;jt&oacute; DuPont&trade; KEVLAR&reg; anyag a&nbsp;cs&uacute;sz&aacute;si pontokon. Ennek a megold&aacute;snak az el\u0151nye, hogy ny&aacute;ron a j&oacute; id\u0151ben sem izzad bele visel\u0151je, ellent&eacute;tben azokkal a kevl&aacute;ros farmerekkel, amelyek a teljes b&eacute;l&eacute;s r&eacute;szen kevl&aacute;r bet&eacute;tet tartalmaznak, vagy anyagukban kevl&aacute;rral sz\u0151ttek.&nbsp;<\/span><\/strong><\/p>\n<p><span style=\"font-size:16px;\"><strong>&#8211;<span style=\"color:#FF0000;\">LEVEL 2-es<\/span><\/strong><span style=\"color:#FF0000;\"><em><strong> <\/strong>(jelenleg a LEVEL 2 a legmagasabb v&eacute;delmi szabv&aacute;ny) <\/em><strong>t&eacute;rdv&eacute;d\u0151 &eacute;s csip\u0151v&eacute;d\u0151 protektorok. Ha ilyen nadr&aacute;got v&aacute;lasztasz, a protektorok meger\u0151s&iacute;t&eacute;s&eacute;vel m&aacute;r nem kell foglalkoznod, hiszen a v&eacute;tel&aacute;rban m&aacute;ris a legbiztons&aacute;gosabb protektorokat kapod. Figyelem! R&aacute;ad&aacute;sul a t&eacute;rd &eacute;s a cs&iacute;p\u0151v&eacute;d\u0151 protektorok a leg&uacute;jabb fejleszt&eacute;s\u0171,&nbsp;kiv&aacute;l&oacute;an szell\u0151z\u0151&nbsp;FLYING BATS&reg; rendszer\u0171ek.&nbsp;<\/strong><\/span><\/span><\/p>\n<p><span style=\"font-size:16px;\"><strong>A komfort&eacute;rzetet fokozza hogy a t&eacute;rdv&eacute;d\u0151k helyzete, minden ir&aacute;nyban &aacute;ll&iacute;that&oacute;. Teh&aacute;t nem csak hossz&aacute;ban &aacute;ll&iacute;that&oacute;, hanem oldalir&aacute;nyban is, &iacute;gy mindenki sz&aacute;m&aacute;ra azonnal t&ouml;k&eacute;letes helyen lesz a t&eacute;rdv&eacute;d\u0151.&nbsp;<\/strong><\/span><\/p>\n<p><span style=\"font-size:16px;\"><strong>A biztons&aacute;got fokozza a nadr&aacute;g alj&aacute;n elhelyezett f&eacute;nyvisszaver\u0151 bet&eacute;t.&nbsp;<\/strong><\/span><\/p>\n<p><span style=\"font-size:16px;\"><strong>Norm&aacute;l m&eacute;retek: 28,29,30, 31,32, 33,34,36,38,40<\/strong><\/span><\/p>\n<p><span style=\"font-size:16px;\"><strong>Hossz&iacute;tott m&eacute;retek: 32L, 33L, 34L, 36L&nbsp;<\/strong><\/span><\/p>\n<p><span style=\"font-size:16px;\"><strong>R&ouml;vid&iacute;tett m&eacute;retek: 32K, 33K, 34K, 36K, 38K, 40K, 42K, 44K<\/strong><\/span><\/p>\n<p><span style=\"font-size:16px;\"><strong>EXTRA NAGY M&Eacute;RETEK: 46K, 48K, 50K <em>(Figyelem! Az extra nagy m&eacute;retek &aacute;ra: 74.990Ft)&nbsp;<\/em><\/strong><\/span><\/p>\n<\/p>\n<p style=\"box-sizing: border-box; margin: 0px 0px 10px; font-family: Roboto, sans-serif; font-size: 16px;\">Tov&aacute;bbi term&eacute;ktulajdons&aacute;gok&eacute;rt l&aacute;togasd meg az anyaglexikon men&uuml;pontunkat !<\/p>\n<p style=\"box-sizing: border-box; margin: 0px 0px 10px; font-family: Roboto, sans-serif; font-size: 16px;\"><strong style=\"box-sizing: border-box; max-width: 100%;\">Haszn&aacute;lati &eacute;s kezel&eacute;si &uacute;tmutat&oacute; a term&eacute;khez&nbsp;el&eacute;rhet\u0151 ide kattintva:&nbsp;<a href=\"https:\/\/darazsgarazs.hu\/index.php\/termek\/hasznalati-utmutato.1155.html\">https:\/\/darazsgarazs.hu\/index.php\/termek\/hasznalati-utmutato.1155.html<\/a><\/strong><\/p>\n<\/p><\/p>\n","protected":false},"excerpt":{"rendered":"<p>A Modeka kevl&aacute;ros farmer&uuml;nk &ouml;tv&ouml;zi a j&oacute; megjelen&eacute;st a funkcion&aacute;lis biztons&aacute;ggal.&nbsp; Klasszikus, 5 zsebes motoros farmer, id\u0151tlen, norm&aacute;l szab&aacute;ssal. Rugalmass&aacute;g&aacute;nak [&hellip;]<\/p>\n","protected":false},"featured_media":103196,"template":"","meta":{"site-sidebar-layout":"default","site-content-layout":"","ast-site-content-layout":"default","site-content-style":"default","site-sidebar-style":"default","ast-global-header-display":"","ast-banner-title-visibility":"","ast-main-header-display":"","ast-hfb-above-header-display":"","ast-hfb-below-header-display":"","ast-hfb-mobile-header-display":"","site-post-title":"","ast-breadcrumbs-content":"","ast-featured-img":"","footer-sml-layout":"","ast-disable-related-posts":"","theme-transparent-header-meta":"","adv-header-id-meta":"","stick-header-meta":"","header-above-stick-meta":"","header-main-stick-meta":"","header-below-stick-meta":"","astra-migrate-meta-layouts":"default","ast-page-background-enabled":"default","ast-page-background-meta":{"desktop":{"background-color":"var(--ast-global-color-5)","background-image":"","background-repeat":"repeat","background-position":"center center","background-size":"auto","background-attachment":"scroll","background-type":"","background-media":"","overlay-type":"","overlay-color":"","overlay-opacity":"","overlay-gradient":""},"tablet":{"background-color":"","background-image":"","background-repeat":"repeat","background-position":"center center","background-size":"auto","background-attachment":"scroll","background-type":"","background-media":"","overlay-type":"","overlay-color":"","overlay-opacity":"","overlay-gradient":""},"mobile":{"background-color":"","background-image":"","background-repeat":"repeat","background-position":"center center","background-size":"auto","background-attachment":"scroll","background-type":"","background-media":"","overlay-type":"","overlay-color":"","overlay-opacity":"","overlay-gradient":""}},"ast-content-background-meta":{"desktop":{"background-color":"var(--ast-global-color-4)","background-image":"","background-repeat":"repeat","background-position":"center center","background-size":"auto","background-attachment":"scroll","background-type":"","background-media":"","overlay-type":"","overlay-color":"","overlay-opacity":"","overlay-gradient":""},"tablet":{"background-color":"var(--ast-global-color-4)","background-image":"","background-repeat":"repeat","background-position":"center center","background-size":"auto","background-attachment":"scroll","background-type":"","background-media":"","overlay-type":"","overlay-color":"","overlay-opacity":"","overlay-gradient":""},"mobile":{"background-color":"var(--ast-global-color-4)","background-image":"","background-repeat":"repeat","background-position":"center center","background-size":"auto","background-attachment":"scroll","background-type":"","background-media":"","overlay-type":"","overlay-color":"","overlay-opacity":"","overlay-gradient":""}}},"product_brand":[],"product_cat":[139,138,146],"product_tag":[],"class_list":{"0":"post-110201","1":"product","2":"type-product","3":"status-publish","4":"has-post-thumbnail","6":"product_cat-motoros-ruhazat","7":"product_cat-nadragok","8":"product_cat-orias-meretu-motoros-ruhazat","9":"desktop-align-left","10":"tablet-align-left","11":"mobile-align-left","13":"first","14":"instock","15":"shipping-taxable","16":"purchasable","17":"product-type-simple"},"jetpack_sharing_enabled":true,"_links":{"self":[{"href":"https:\/\/zatureczkimarcell.ddns.net\/wordpress\/wp-json\/wp\/v2\/product\/110201","targetHints":{"allow":["GET"]}}],"collection":[{"href":"https:\/\/zatureczkimarcell.ddns.net\/wordpress\/wp-json\/wp\/v2\/product"}],"about":[{"href":"https:\/\/zatureczkimarcell.ddns.net\/wordpress\/wp-json\/wp\/v2\/types\/product"}],"wp:featuredmedia":[{"embeddable":true,"href":"https:\/\/zatureczkimarcell.ddns.net\/wordpress\/wp-json\/wp\/v2\/media\/103196"}],"wp:attachment":[{"href":"https:\/\/zatureczkimarcell.ddns.net\/wordpress\/wp-json\/wp\/v2\/media?parent=110201"}],"wp:term":[{"taxonomy":"product_brand","embeddable":true,"href":"https:\/\/zatureczkimarcell.ddns.net\/wordpress\/wp-json\/wp\/v2\/product_brand?post=110201"},{"taxonomy":"product_cat","embeddable":true,"href":"https:\/\/zatureczkimarcell.ddns.net\/wordpress\/wp-json\/wp\/v2\/product_cat?post=110201"},{"taxonomy":"product_tag","embeddable":true,"href":"https:\/\/zatureczkimarcell.ddns.net\/wordpress\/wp-json\/wp\/v2\/product_tag?post=110201"}],"curies":[{"name":"wp","href":"https:\/\/api.w.org\/{rel}","templated":true}]}}