{"id":110174,"date":"2026-04-01T10:48:06","date_gmt":"2026-04-01T08:48:06","guid":{"rendered":"https:\/\/zatureczkimarcell.ddns.net\/wordpress\/?post_type=product&#038;p=110174"},"modified":"2026-04-01T10:48:30","modified_gmt":"2026-04-01T08:48:30","slug":"marushin-rsmx-napszemuveges-enduro-sisak-bevezeto-ar-akcio","status":"publish","type":"product","link":"https:\/\/zatureczkimarcell.ddns.net\/wordpress\/termek\/marushin-rsmx-napszemuveges-enduro-sisak-bevezeto-ar-akcio\/","title":{"rendered":"Marushin RSMX napszem\u00fcveges enduro sisak &#8211; Bevezet\u0151 \u00e1r AKCI\u00d3!"},"content":{"rendered":"<p><strong><span style=\"font-size:16px;\"><span style=\"color:#FF0000;\">Extra nagy l&aacute;t&oacute;ter\u0171<\/span> enduro buk&oacute;sisak, <span style=\"color:#FF0000;\">t&ouml;bb fokozatban &aacute;ll&iacute;that&oacute; plexivel<\/span> &eacute;s <span style=\"color:#FF0000;\">be&eacute;p&iacute;tett napszem&uuml;veggel<\/span>.&nbsp;&nbsp;<\/span><\/strong><\/p>\n<p><strong><span style=\"font-size:16px;\">&Uacute;j fejleszt&eacute;s\u0171 komfortos l&eacute;g&aacute;tereszt\u0151, kivehet\u0151-moshat&oacute; antibakteri&aacute;lis&nbsp;b&eacute;l&eacute;s, amely sisakbesz&eacute;l\u0151 rendszerek befogad&aacute;s&aacute;ra el\u0151k&eacute;sz&iacute;tett.&nbsp;<\/span><\/strong><\/p>\n<p><span style=\"font-size:16px;\"><strong>Az &uacute;j fejleszt&eacute;s\u0171 arcp&aacute;rn&aacute;k t&ouml;k&eacute;letes illeszked&eacute;st &eacute;s magasszint\u0171 k&eacute;nyelmet k&iacute;n&aacute;lnak.&nbsp;<\/strong><\/span><\/p>\n<p><span style=\"font-size:16px;\"><strong>A fejtet\u0151n &eacute;s az &aacute;llr&eacute;szen szell\u0151z\u0151rendszer.&nbsp;<\/strong><\/span><\/p>\n<p><span style=\"font-size: 16px;\"><b>Racsnis gyorsz&aacute;ras csattrendszer&nbsp;<\/b><\/span><\/p>\n<p><span style=\"font-size: 16px;\"><b>Karcmentes, UV v&eacute;dett, szersz&aacute;m n&eacute;lk&uuml;l egyszer\u0171en cser&eacute;lhet\u0151&nbsp;plexi.&nbsp;<\/b><\/span><\/p>\n<p><span style=\"font-size: 16px;\"><b>M&eacute;retek: XS, S, M, L, XL, XXL&nbsp;<\/b><\/span><\/p>\n<\/p>\n<p><strong style=\"font-family: Roboto, sans-serif; font-size: 16px; box-sizing: border-box; max-width: 100%;\">Haszn&aacute;lati &eacute;s kezel&eacute;si &uacute;tmutat&oacute; a term&eacute;khez el&eacute;rhet\u0151 ide kattintva:&nbsp;<a href=\"https:\/\/darazsgarazs.hu\/index.php\/termek\/bukosisak-hasznalati-kezelesi-utmutato.1408.html\" style=\"color: rgb(35, 82, 124); box-sizing: border-box; background-color: transparent; outline: -webkit-focus-ring-color auto 5px; outline-offset: -2px; max-width: 100%;\">https:\/\/darazsgarazs.hu\/index.php\/termek\/bukosisak-hasznalati-kezelesi-utmutato.1408.html<\/a><\/strong><\/p><\/p>\n","protected":false},"excerpt":{"rendered":"<p>Extra nagy l&aacute;t&oacute;ter\u0171 enduro buk&oacute;sisak, t&ouml;bb fokozatban &aacute;ll&iacute;that&oacute; plexivel &eacute;s be&eacute;p&iacute;tett napszem&uuml;veggel.&nbsp;&nbsp; &Uacute;j fejleszt&eacute;s\u0171 komfortos l&eacute;g&aacute;tereszt\u0151, kivehet\u0151-moshat&oacute; antibakteri&aacute;lis&nbsp;b&eacute;l&eacute;s, amely sisakbesz&eacute;l\u0151 [&hellip;]<\/p>\n","protected":false},"featured_media":106945,"template":"","meta":{"site-sidebar-layout":"default","site-content-layout":"","ast-site-content-layout":"default","site-content-style":"default","site-sidebar-style":"default","ast-global-header-display":"","ast-banner-title-visibility":"","ast-main-header-display":"","ast-hfb-above-header-display":"","ast-hfb-below-header-display":"","ast-hfb-mobile-header-display":"","site-post-title":"","ast-breadcrumbs-content":"","ast-featured-img":"","footer-sml-layout":"","ast-disable-related-posts":"","theme-transparent-header-meta":"","adv-header-id-meta":"","stick-header-meta":"","header-above-stick-meta":"","header-main-stick-meta":"","header-below-stick-meta":"","astra-migrate-meta-layouts":"default","ast-page-background-enabled":"default","ast-page-background-meta":{"desktop":{"background-color":"var(--ast-global-color-5)","background-image":"","background-repeat":"repeat","background-position":"center center","background-size":"auto","background-attachment":"scroll","background-type":"","background-media":"","overlay-type":"","overlay-color":"","overlay-opacity":"","overlay-gradient":""},"tablet":{"background-color":"","background-image":"","background-repeat":"repeat","background-position":"center center","background-size":"auto","background-attachment":"scroll","background-type":"","background-media":"","overlay-type":"","overlay-color":"","overlay-opacity":"","overlay-gradient":""},"mobile":{"background-color":"","background-image":"","background-repeat":"repeat","background-position":"center center","background-size":"auto","background-attachment":"scroll","background-type":"","background-media":"","overlay-type":"","overlay-color":"","overlay-opacity":"","overlay-gradient":""}},"ast-content-background-meta":{"desktop":{"background-color":"var(--ast-global-color-4)","background-image":"","background-repeat":"repeat","background-position":"center center","background-size":"auto","background-attachment":"scroll","background-type":"","background-media":"","overlay-type":"","overlay-color":"","overlay-opacity":"","overlay-gradient":""},"tablet":{"background-color":"var(--ast-global-color-4)","background-image":"","background-repeat":"repeat","background-position":"center center","background-size":"auto","background-attachment":"scroll","background-type":"","background-media":"","overlay-type":"","overlay-color":"","overlay-opacity":"","overlay-gradient":""},"mobile":{"background-color":"var(--ast-global-color-4)","background-image":"","background-repeat":"repeat","background-position":"center center","background-size":"auto","background-attachment":"scroll","background-type":"","background-media":"","overlay-type":"","overlay-color":"","overlay-opacity":"","overlay-gradient":""}}},"product_brand":[],"product_cat":[121,150],"product_tag":[],"class_list":{"0":"post-110174","1":"product","2":"type-product","3":"status-publish","4":"has-post-thumbnail","6":"product_cat-bukosisakok","7":"product_cat-zart-bukosisakok","8":"desktop-align-left","9":"tablet-align-left","10":"mobile-align-left","12":"first","13":"instock","14":"sale","15":"shipping-taxable","16":"purchasable","17":"product-type-simple"},"jetpack_sharing_enabled":true,"_links":{"self":[{"href":"https:\/\/zatureczkimarcell.ddns.net\/wordpress\/wp-json\/wp\/v2\/product\/110174","targetHints":{"allow":["GET"]}}],"collection":[{"href":"https:\/\/zatureczkimarcell.ddns.net\/wordpress\/wp-json\/wp\/v2\/product"}],"about":[{"href":"https:\/\/zatureczkimarcell.ddns.net\/wordpress\/wp-json\/wp\/v2\/types\/product"}],"wp:featuredmedia":[{"embeddable":true,"href":"https:\/\/zatureczkimarcell.ddns.net\/wordpress\/wp-json\/wp\/v2\/media\/106945"}],"wp:attachment":[{"href":"https:\/\/zatureczkimarcell.ddns.net\/wordpress\/wp-json\/wp\/v2\/media?parent=110174"}],"wp:term":[{"taxonomy":"product_brand","embeddable":true,"href":"https:\/\/zatureczkimarcell.ddns.net\/wordpress\/wp-json\/wp\/v2\/product_brand?post=110174"},{"taxonomy":"product_cat","embeddable":true,"href":"https:\/\/zatureczkimarcell.ddns.net\/wordpress\/wp-json\/wp\/v2\/product_cat?post=110174"},{"taxonomy":"product_tag","embeddable":true,"href":"https:\/\/zatureczkimarcell.ddns.net\/wordpress\/wp-json\/wp\/v2\/product_tag?post=110174"}],"curies":[{"name":"wp","href":"https:\/\/api.w.org\/{rel}","templated":true}]}}