{"id":110161,"date":"2026-04-01T10:47:55","date_gmt":"2026-04-01T08:47:55","guid":{"rendered":"https:\/\/zatureczkimarcell.ddns.net\/wordpress\/?post_type=product&#038;p=110161"},"modified":"2026-04-01T10:48:19","modified_gmt":"2026-04-01T08:48:19","slug":"hasznalati-kezelesi-utmutato-biztonsagi-termekekhez","status":"publish","type":"product","link":"https:\/\/zatureczkimarcell.ddns.net\/wordpress\/termek\/hasznalati-kezelesi-utmutato-biztonsagi-termekekhez\/","title":{"rendered":"Haszn\u00e1lati kezel\u00e9si \u00fatmutat\u00f3 biztons\u00e1gi term\u00e9kekhez"},"content":{"rendered":"<p><strong>-Lez&aacute;r&oacute; l&aacute;nc, t&aacute;rcsaf&eacute;kz&aacute;r, vagy m&aacute;s biztons&aacute;gi felszerel&eacute;s&nbsp;haszn&aacute;lata sor&aacute;n mindig gy\u0151z\u0151dj meg r&oacute;la, hogy a motorker&eacute;kp&aacute;rt biztons&aacute;gosan r&ouml;gz&iacute;tetted.&nbsp;<\/strong><\/p>\n<p><strong>-A term&eacute;kek t&ouml;bb gy&aacute;ri kulccsal ker&uuml;lnek forgalomba. Ne t&aacute;rold egy helyen a kulcsokat. Egy esetleges elveszt&eacute;s sor&aacute;n &iacute;gy rendelkez&eacute;sre &aacute;ll a p&oacute;tkulcs.&nbsp;<\/strong><\/p>\n<p><strong>-Lez&aacute;r&aacute;s el\u0151tt mindig ellen\u0151r&iacute;zd hogy n&aacute;lad van e a nyit&aacute;shoz sz&uuml;ks&eacute;ges kulcs.&nbsp;<\/strong><\/p>\n<p><strong>-A motorker&eacute;kp&aacute;rral val&oacute; elindul&aacute;st megel\u0151z\u0151en, minden esetben bizonyosodj meg r&oacute;la, hogy a motorker&eacute;kp&aacute;r nincs r&ouml;gz&iacute;tve semmif&eacute;le biztons&aacute;gi felszerel&eacute;ssel, elker&uuml;lve ezzel&nbsp;hogy elindul&aacute;skor balesetet szenvedj.&nbsp;<\/strong><\/p>\n<p><strong>-A lez&aacute;r&oacute; l&aacute;ncot &eacute;s m&aacute;s v&eacute;delmi felszerel&eacute;st, haszn&aacute;laton k&iacute;v&uuml;l&nbsp;a motorker&eacute;kp&aacute;ron z&aacute;rt dobozban, t&aacute;sk&aacute;ban, vagy &uuml;l&eacute;s alatti sisaktart&oacute;ban szabad sz&aacute;ll&iacute;tani. Ne sz&aacute;ll&iacute;tsd olyan helyen , ahol a motorr&oacute;l leeshet, &eacute;s ezzel vesz&eacute;lyeztethet t&eacute;ged, vagy m&aacute;sokat.&nbsp;<\/strong><\/p><\/p>\n","protected":false},"excerpt":{"rendered":"<p>-Lez&aacute;r&oacute; l&aacute;nc, t&aacute;rcsaf&eacute;kz&aacute;r, vagy m&aacute;s biztons&aacute;gi felszerel&eacute;s&nbsp;haszn&aacute;lata sor&aacute;n mindig gy\u0151z\u0151dj meg r&oacute;la, hogy a motorker&eacute;kp&aacute;rt biztons&aacute;gosan r&ouml;gz&iacute;tetted.&nbsp; -A term&eacute;kek t&ouml;bb [&hellip;]<\/p>\n","protected":false},"featured_media":103148,"template":"","meta":{"site-sidebar-layout":"default","site-content-layout":"","ast-site-content-layout":"default","site-content-style":"default","site-sidebar-style":"default","ast-global-header-display":"","ast-banner-title-visibility":"","ast-main-header-display":"","ast-hfb-above-header-display":"","ast-hfb-below-header-display":"","ast-hfb-mobile-header-display":"","site-post-title":"","ast-breadcrumbs-content":"","ast-featured-img":"","footer-sml-layout":"","ast-disable-related-posts":"","theme-transparent-header-meta":"","adv-header-id-meta":"","stick-header-meta":"","header-above-stick-meta":"","header-main-stick-meta":"","header-below-stick-meta":"","astra-migrate-meta-layouts":"default","ast-page-background-enabled":"default","ast-page-background-meta":{"desktop":{"background-color":"var(--ast-global-color-5)","background-image":"","background-repeat":"repeat","background-position":"center center","background-size":"auto","background-attachment":"scroll","background-type":"","background-media":"","overlay-type":"","overlay-color":"","overlay-opacity":"","overlay-gradient":""},"tablet":{"background-color":"","background-image":"","background-repeat":"repeat","background-position":"center center","background-size":"auto","background-attachment":"scroll","background-type":"","background-media":"","overlay-type":"","overlay-color":"","overlay-opacity":"","overlay-gradient":""},"mobile":{"background-color":"","background-image":"","background-repeat":"repeat","background-position":"center center","background-size":"auto","background-attachment":"scroll","background-type":"","background-media":"","overlay-type":"","overlay-color":"","overlay-opacity":"","overlay-gradient":""}},"ast-content-background-meta":{"desktop":{"background-color":"var(--ast-global-color-4)","background-image":"","background-repeat":"repeat","background-position":"center center","background-size":"auto","background-attachment":"scroll","background-type":"","background-media":"","overlay-type":"","overlay-color":"","overlay-opacity":"","overlay-gradient":""},"tablet":{"background-color":"var(--ast-global-color-4)","background-image":"","background-repeat":"repeat","background-position":"center center","background-size":"auto","background-attachment":"scroll","background-type":"","background-media":"","overlay-type":"","overlay-color":"","overlay-opacity":"","overlay-gradient":""},"mobile":{"background-color":"var(--ast-global-color-4)","background-image":"","background-repeat":"repeat","background-position":"center center","background-size":"auto","background-attachment":"scroll","background-type":"","background-media":"","overlay-type":"","overlay-color":"","overlay-opacity":"","overlay-gradient":""}}},"product_brand":[],"product_cat":[132,131],"product_tag":[],"class_list":{"0":"post-110161","1":"product","2":"type-product","3":"status-publish","4":"has-post-thumbnail","6":"product_cat-biztonsag","7":"product_cat-zarak","8":"desktop-align-left","9":"tablet-align-left","10":"mobile-align-left","12":"first","13":"instock","14":"shipping-taxable","15":"product-type-simple"},"jetpack_sharing_enabled":true,"_links":{"self":[{"href":"https:\/\/zatureczkimarcell.ddns.net\/wordpress\/wp-json\/wp\/v2\/product\/110161","targetHints":{"allow":["GET"]}}],"collection":[{"href":"https:\/\/zatureczkimarcell.ddns.net\/wordpress\/wp-json\/wp\/v2\/product"}],"about":[{"href":"https:\/\/zatureczkimarcell.ddns.net\/wordpress\/wp-json\/wp\/v2\/types\/product"}],"wp:featuredmedia":[{"embeddable":true,"href":"https:\/\/zatureczkimarcell.ddns.net\/wordpress\/wp-json\/wp\/v2\/media\/103148"}],"wp:attachment":[{"href":"https:\/\/zatureczkimarcell.ddns.net\/wordpress\/wp-json\/wp\/v2\/media?parent=110161"}],"wp:term":[{"taxonomy":"product_brand","embeddable":true,"href":"https:\/\/zatureczkimarcell.ddns.net\/wordpress\/wp-json\/wp\/v2\/product_brand?post=110161"},{"taxonomy":"product_cat","embeddable":true,"href":"https:\/\/zatureczkimarcell.ddns.net\/wordpress\/wp-json\/wp\/v2\/product_cat?post=110161"},{"taxonomy":"product_tag","embeddable":true,"href":"https:\/\/zatureczkimarcell.ddns.net\/wordpress\/wp-json\/wp\/v2\/product_tag?post=110161"}],"curies":[{"name":"wp","href":"https:\/\/api.w.org\/{rel}","templated":true}]}}