{"id":110155,"date":"2026-04-01T10:47:31","date_gmt":"2026-04-01T08:47:31","guid":{"rendered":"https:\/\/zatureczkimarcell.ddns.net\/wordpress\/?post_type=product&#038;p=110155"},"modified":"2026-04-01T10:48:16","modified_gmt":"2026-04-01T08:48:16","slug":"sas-tec-scl2-univerzalis-tepozaras-protektor-par-level-2-legmagasabb-vedelmi-szint","status":"publish","type":"product","link":"https:\/\/zatureczkimarcell.ddns.net\/wordpress\/termek\/sas-tec-scl2-univerzalis-tepozaras-protektor-par-level-2-legmagasabb-vedelmi-szint\/","title":{"rendered":"SAS-TEC\u00ae SCL2 Univerz\u00e1lis t\u00e9p\u0151z\u00e1ras protektor p\u00e1r LEVEL 2 &#8211; Legmagasabb v\u00e9delmi szint!"},"content":{"rendered":"<div class=\"col-sm-14\" style=\"box-sizing: border-box; position: relative; min-height: 1px; padding-left: 8px; padding-right: 7px; float: left; width: 647.5px; font-family: Roboto, sans-serif; font-size: 14px;\">\n<div class=\"row\" style=\"box-sizing: border-box; margin-left: -7px; margin-right: -8px;\">\n<div class=\"col-xs-24\" style=\"box-sizing: border-box; position: relative; min-height: 1px; padding-left: 8px; padding-right: 7px; float: left; width: 647.5px;\">\n<div class=\"product-description\" style=\"box-sizing: border-box; font-size: 16px;\">\n<p style=\"box-sizing: border-box; margin: 0px 0px 10px;\"><span style=\"color: rgb(255, 0, 0);\"><span style=\"box-sizing: border-box;\"><strong style=\"box-sizing: border-box;\">Professzion&aacute;lis protektor&nbsp;<\/strong><\/span><\/span><span style=\"box-sizing: border-box; color: rgb(0, 0, 0);\"><strong style=\"box-sizing: border-box;\">amely V&aacute;ll, t&eacute;rd ,illetve k&ouml;ny&ouml;k v&eacute;d\u0151k&eacute;nt illeszthet\u0151 motoros ruh&aacute;zatba . <\/strong><\/span><span style=\"color:#FF0000;\"><span style=\"box-sizing: border-box;\"><strong style=\"box-sizing: border-box;\">FIGYELEM! EZ A TERM&Eacute;K&Uuml;NK OLYAN MOTOROS RUH&Aacute;BA IS T&Ouml;K&Eacute;LETESEN BEILLESZTHET\u0150, AHOL A PROTEKTOROK T&Eacute;P\u0150Z&Aacute;RAS R&Ouml;GZ&Iacute;T&Eacute;SSEL HELYEZHET\u0150EK EL.&nbsp;<\/strong><\/span><\/span><br style=\"box-sizing: border-box;\" \/><br \/>\n<span style=\"box-sizing: border-box; color: rgb(0, 0, 0);\"><strong style=\"box-sizing: border-box;\">Val&oacute;di 3 Dimenzi&oacute;s mozg&aacute;st lehet\u0151v&eacute; t&eacute;v\u0151&nbsp;elasztikus l&aacute;gy&nbsp;<\/strong><\/span><span style=\"color: rgb(255, 0, 0);\"><span style=\"box-sizing: border-box;\"><strong style=\"box-sizing: border-box;\">&uuml;t&eacute;selnyel\u0151<\/strong><\/span><\/span><span style=\"box-sizing: border-box; color: rgb(0, 0, 0);\"><strong style=\"box-sizing: border-box;\">&nbsp;protektor<\/strong><\/span><\/p>\n<p style=\"box-sizing: border-box; margin: 0px 0px 10px;\"><span style=\"box-sizing: border-box; color: rgb(255, 0, 0);\"><strong style=\"box-sizing: border-box;\">Level 2-es (Legmagasabb szint\u0171 v&eacute;delem)<\/strong><\/span><br style=\"box-sizing: border-box;\" \/><br \/>\n<span style=\"box-sizing: border-box; color: rgb(0, 0, 0);\"><strong style=\"box-sizing: border-box;\">Anat&oacute;miailag t&ouml;k&eacute;letesen illeszked\u0151, visel&eacute;s k&ouml;zben alig &eacute;szrevehet\u0151.&nbsp;<\/strong><\/span><\/p>\n<p style=\"box-sizing: border-box; margin: 0px 0px 10px;\"><span style=\"box-sizing: border-box; color: rgb(0, 0, 0);\"><strong style=\"box-sizing: border-box;\">Jellemz\u0151i:<\/strong><br style=\"box-sizing: border-box;\" \/><br \/>\n<strong style=\"box-sizing: border-box;\">Egy esetleges behat&aacute;st k&ouml;vet\u0151en a protektor tov&aacute;bb haszn&aacute;lhat&oacute;<\/strong><\/span><\/p>\n<p style=\"box-sizing: border-box; margin: 0px 0px 10px;\"><span style=\"box-sizing: border-box; color: rgb(0, 0, 0);\"><strong style=\"box-sizing: border-box;\">Tiszt&iacute;t&aacute;sa nedves ronggyal&nbsp;<\/strong><\/span><\/p>\n<p style=\"box-sizing: border-box; margin: 0px 0px 10px;\"><strong style=\"box-sizing: border-box;\">A megjel&ouml;lt &aacute;r a p&aacute;rra vonatkozik&nbsp;!<\/strong><\/p>\n<p style=\"box-sizing: border-box; margin: 0px 0px 10px;\"><strong style=\"box-sizing: border-box; color: rgb(0, 0, 0); font-family: Arial, Helvetica, sans-serif;\">Koll&eacute;g&aacute;ink is a SAS-TEC protektorokat haszn&aacute;lj&aacute;k! V&eacute;lem&eacute;ny&uuml;ket a saj&aacute;t tesztel&eacute;s\u0171 term&eacute;kek men\u0171pont alatt olvashatod az al&aacute;bbi linkre kattintva :<a href=\"https:\/\/darazsgarazs.hu\/termek\/sas-tec-protektor.825.html\" style=\"color: rgb(51, 122, 183); box-sizing: border-box; background-color: transparent; text-decoration-line: none;\">https:\/\/darazsgarazs.hu\/termek\/sas-tec-protektor.825.html<\/a><\/strong><\/p>\n<p style=\"box-sizing: border-box; margin: 0px 0px 10px;\">\n<p style=\"box-sizing: border-box; margin: 0px 0px 10px;\"><strong style=\"font-family: Roboto, sans-serif; font-size: 16px; box-sizing: border-box; max-width: 100%;\">Haszn&aacute;lati &eacute;s kezel&eacute;si &uacute;tmutat&oacute; a term&eacute;khez&nbsp;el&eacute;rhet\u0151 ide kattintva:&nbsp;<a href=\"https:\/\/darazsgarazs.hu\/index.php\/termek\/hasznalati-utmutato-protektorokhoz.1411.html\">https:\/\/darazsgarazs.hu\/index.php\/termek\/hasznalati-utmutato-protektorokhoz.1411.html<\/a><\/strong><\/p>\n<\/div>\n<\/div>\n<\/div>\n<\/div>\n<div class=\"col-sm-24\" style=\"box-sizing: border-box; position: relative; min-height: 1px; padding-left: 8px; padding-right: 7px; float: left; width: 1110px; font-family: Roboto, sans-serif; font-size: 14px;\">\n<div class=\"product-recommended\" style=\"box-sizing: border-box; padding: 15px;\">\n<div class=\"row\" style=\"box-sizing: border-box; margin-left: -7px; margin-right: -8px;\">\n<div class=\"col-sm-3 col-xs-24\" style=\"box-sizing: border-box; position: relative; min-height: 1px; padding-left: 8px; padding-right: 7px; float: left; width: 135px; vertical-align: middle;\"><\/div>\n<\/div>\n<\/div>\n<\/div>\n","protected":false},"excerpt":{"rendered":"<p>Professzion&aacute;lis protektor&nbsp;amely V&aacute;ll, t&eacute;rd ,illetve k&ouml;ny&ouml;k v&eacute;d\u0151k&eacute;nt illeszthet\u0151 motoros ruh&aacute;zatba . FIGYELEM! EZ A TERM&Eacute;K&Uuml;NK OLYAN MOTOROS RUH&Aacute;BA IS T&Ouml;K&Eacute;LETESEN [&hellip;]<\/p>\n","protected":false},"featured_media":103174,"template":"","meta":{"site-sidebar-layout":"default","site-content-layout":"","ast-site-content-layout":"default","site-content-style":"default","site-sidebar-style":"default","ast-global-header-display":"","ast-banner-title-visibility":"","ast-main-header-display":"","ast-hfb-above-header-display":"","ast-hfb-below-header-display":"","ast-hfb-mobile-header-display":"","site-post-title":"","ast-breadcrumbs-content":"","ast-featured-img":"","footer-sml-layout":"","ast-disable-related-posts":"","theme-transparent-header-meta":"","adv-header-id-meta":"","stick-header-meta":"","header-above-stick-meta":"","header-main-stick-meta":"","header-below-stick-meta":"","astra-migrate-meta-layouts":"default","ast-page-background-enabled":"default","ast-page-background-meta":{"desktop":{"background-color":"var(--ast-global-color-5)","background-image":"","background-repeat":"repeat","background-position":"center center","background-size":"auto","background-attachment":"scroll","background-type":"","background-media":"","overlay-type":"","overlay-color":"","overlay-opacity":"","overlay-gradient":""},"tablet":{"background-color":"","background-image":"","background-repeat":"repeat","background-position":"center center","background-size":"auto","background-attachment":"scroll","background-type":"","background-media":"","overlay-type":"","overlay-color":"","overlay-opacity":"","overlay-gradient":""},"mobile":{"background-color":"","background-image":"","background-repeat":"repeat","background-position":"center center","background-size":"auto","background-attachment":"scroll","background-type":"","background-media":"","overlay-type":"","overlay-color":"","overlay-opacity":"","overlay-gradient":""}},"ast-content-background-meta":{"desktop":{"background-color":"var(--ast-global-color-4)","background-image":"","background-repeat":"repeat","background-position":"center center","background-size":"auto","background-attachment":"scroll","background-type":"","background-media":"","overlay-type":"","overlay-color":"","overlay-opacity":"","overlay-gradient":""},"tablet":{"background-color":"var(--ast-global-color-4)","background-image":"","background-repeat":"repeat","background-position":"center center","background-size":"auto","background-attachment":"scroll","background-type":"","background-media":"","overlay-type":"","overlay-color":"","overlay-opacity":"","overlay-gradient":""},"mobile":{"background-color":"var(--ast-global-color-4)","background-image":"","background-repeat":"repeat","background-position":"center center","background-size":"auto","background-attachment":"scroll","background-type":"","background-media":"","overlay-type":"","overlay-color":"","overlay-opacity":"","overlay-gradient":""}}},"product_brand":[],"product_cat":[130],"product_tag":[],"class_list":{"0":"post-110155","1":"product","2":"type-product","3":"status-publish","4":"has-post-thumbnail","6":"product_cat-protektorok","7":"desktop-align-left","8":"tablet-align-left","9":"mobile-align-left","11":"first","12":"instock","13":"shipping-taxable","14":"purchasable","15":"product-type-simple"},"jetpack_sharing_enabled":true,"_links":{"self":[{"href":"https:\/\/zatureczkimarcell.ddns.net\/wordpress\/wp-json\/wp\/v2\/product\/110155","targetHints":{"allow":["GET"]}}],"collection":[{"href":"https:\/\/zatureczkimarcell.ddns.net\/wordpress\/wp-json\/wp\/v2\/product"}],"about":[{"href":"https:\/\/zatureczkimarcell.ddns.net\/wordpress\/wp-json\/wp\/v2\/types\/product"}],"wp:featuredmedia":[{"embeddable":true,"href":"https:\/\/zatureczkimarcell.ddns.net\/wordpress\/wp-json\/wp\/v2\/media\/103174"}],"wp:attachment":[{"href":"https:\/\/zatureczkimarcell.ddns.net\/wordpress\/wp-json\/wp\/v2\/media?parent=110155"}],"wp:term":[{"taxonomy":"product_brand","embeddable":true,"href":"https:\/\/zatureczkimarcell.ddns.net\/wordpress\/wp-json\/wp\/v2\/product_brand?post=110155"},{"taxonomy":"product_cat","embeddable":true,"href":"https:\/\/zatureczkimarcell.ddns.net\/wordpress\/wp-json\/wp\/v2\/product_cat?post=110155"},{"taxonomy":"product_tag","embeddable":true,"href":"https:\/\/zatureczkimarcell.ddns.net\/wordpress\/wp-json\/wp\/v2\/product_tag?post=110155"}],"curies":[{"name":"wp","href":"https:\/\/api.w.org\/{rel}","templated":true}]}}