{"id":110142,"date":"2026-04-01T10:47:22","date_gmt":"2026-04-01T08:47:22","guid":{"rendered":"https:\/\/zatureczkimarcell.ddns.net\/wordpress\/?post_type=product&#038;p=110142"},"modified":"2026-04-01T10:47:47","modified_gmt":"2026-04-01T08:47:47","slug":"modeka-hydron-vizallo-motoros-kabat-bemutato-videoval","status":"publish","type":"product","link":"https:\/\/zatureczkimarcell.ddns.net\/wordpress\/termek\/modeka-hydron-vizallo-motoros-kabat-bemutato-videoval\/","title":{"rendered":"Modeka Hydron v\u00edz\u00e1ll\u00f3 motoros kab\u00e1t -Bemutat\u00f3 vide\u00f3val"},"content":{"rendered":"<div><span style=\"font-size:16px;\"><strong>Modeka Hydron v&iacute;z&aacute;ll&oacute; motoros textilkab&aacute;t<\/strong><\/span><\/div>\n<div><\/div>\n<div><span style=\"font-size:16px;\"><strong>Forradalmi multifunkcionalit&aacute;s. A Hydron kab&aacute;t belsej&eacute;ben van valami k&uuml;l&ouml;nleges: az elasztikus Hydroflex membr&aacute;nr&eacute;tegnek k&ouml;sz&ouml;nhet\u0151en z&ouml;kken\u0151mentesen alkalmazkodhat a v&aacute;ltoz&oacute; id\u0151j&aacute;r&aacute;si viszonyokhoz, a kab&aacute;ton bel&uuml;l, k&iacute;v&uuml;l vagy&nbsp;&ouml;nmag&aacute;ban viselve a membr&aacute;nt. A vide&oacute;s bemutat&aacute;sban j&oacute;l l&aacute;that&oacute;, mennyire k&eacute;nyelmes &eacute;s sokoldal&uacute; ez a motoros kab&aacute;tunk&nbsp;Javasolt h\u0151m&eacute;rs&eacute;klet: 10&deg;C &#8211; 35&deg;C.<\/strong><\/span><\/div>\n<div><\/div>\n<div><strong><span style=\"font-size:16px;\">Jellemz\u0151k:<\/span><\/strong><\/div>\n<div><strong><span style=\"font-size:16px;\">Levehet\u0151, v&iacute;z&aacute;ll&oacute; h&aacute;ts&oacute; zseb, amely a kab&aacute;tr&oacute;l lev&eacute;ve k&uuml;l&ouml;n&nbsp;&ouml;vt&aacute;skak&eacute;nt is&nbsp;haszn&aacute;lhat&oacute;<\/span><\/strong><\/div>\n<div><strong><span style=\"font-size:16px;\">K&eacute;nyelmes csukl&oacute;r&eacute;sz&nbsp;sztreccs anyagb&oacute;l<\/span><\/strong><\/div>\n<div><strong><span style=\"font-size:16px;\">Sz&aacute;mos &aacute;ll&iacute;t&aacute;si lehet\u0151s&eacute;g, a&nbsp;k&eacute;nyelem &eacute;s a protektorok&nbsp;pontos illeszked&eacute;se &eacute;rdek&eacute;ben<\/span><\/strong><\/div>\n<div><span style=\"font-size:16px;\"><strong>Kivehet\u0151&nbsp;HydroFlex&reg;&nbsp; es\u0151 &eacute;s sz&eacute;lz&aacute;r&oacute; membr&aacute;n (A membr&aacute;n 10 000 mm-es v&iacute;zoszlop nyom&aacute;s&aacute;nak &aacute;ll ellen 24 &oacute;r&aacute;n kereszt\u0171l).<\/strong><\/span><\/div>\n<div><span style=\"font-size:16px;\"><strong>A HydroFlex&reg;&nbsp; es\u0151 &eacute;s sz&eacute;lz&aacute;r&oacute; membr&aacute;n viselhet\u0151 a&nbsp;kab&aacute;tban, vagy a kab&aacute;tra k&iacute;v&uuml;lr\u0151l felv&eacute;ve, ahogyan az a bemutat&oacute; vide&oacute;ban is l&aacute;tszik.&nbsp;<\/strong><\/span><\/div>\n<div><span style=\"font-size:16px;\"><strong>AirBoost: nagy m&eacute;ret\u0171 nyithat&oacute; szell\u0151z\u0151k&nbsp;a mellkason<\/strong><\/span><\/div>\n<div><span style=\"font-size:16px;\"><strong>AirVent: szell\u0151z\u0151 cipz&aacute;rak a karon &eacute;s h&aacute;tr&eacute;szen.&nbsp;<\/strong><\/span><\/div>\n<div><span style=\"font-size:16px;\"><strong>Kiv&aacute;l&oacute; l&aacute;that&oacute;s&aacute;got biztos&iacute;t&oacute; f&eacute;nyvisszaver\u0151 bet&eacute;tek.&nbsp;<\/strong><\/span><\/div>\n<div><strong style=\"font-family: Roboto, sans-serif; font-size: 16px; box-sizing: border-box; max-width: 100%;\">Haszn&aacute;lati &eacute;s kezel&eacute;si &uacute;tmutat&oacute; a term&eacute;khez&nbsp;el&eacute;rhet\u0151 ide kattintva:&nbsp;<a href=\"https:\/\/darazsgarazs.hu\/index.php\/termek\/hasznalati-utmutato.1155.html\">https:\/\/darazsgarazs.hu\/index.php\/termek\/hasznalati-utmutato.1155.html<\/a><\/strong><\/div>\n<div><\/div>\n<div><strong style=\"font-size: 16px;\">A Modeka Hydron kab&aacute;thoz&nbsp;tartoz&oacute; nadr&aacute;g&nbsp;el&eacute;rhet\u0151 honlapunkon ide kattintva :&nbsp;<a href=\"https:\/\/darazsgarazs.hu\/index.php\/termek\/modeka-hydron.1354.html\">https:\/\/darazsgarazs.hu\/index.php\/termek\/modeka-hydron.1354.html<\/a><\/strong><\/div>\n<div><\/div>\n<div>\n<div style=\"position:relative;padding-bottom:56.25%;padding-top:30px;height:0;overflow:hidden;\"><iframe loading=\"lazy\" allowfullscreen=\"\" frameborder=\"0\" height=\"360\" src=\"\/\/www.youtube.com\/embed\/OquH6_LLSTU?rel=0\" style=\"position: absolute;top: 0;left: 0;width: 100%;height: 100%;\" width=\"640\"><\/iframe><\/div>\n<\/div>\n<div><\/div>\n<div><\/div>\n","protected":false},"excerpt":{"rendered":"<p>Modeka Hydron v&iacute;z&aacute;ll&oacute; motoros textilkab&aacute;t Forradalmi multifunkcionalit&aacute;s. A Hydron kab&aacute;t belsej&eacute;ben van valami k&uuml;l&ouml;nleges: az elasztikus Hydroflex membr&aacute;nr&eacute;tegnek k&ouml;sz&ouml;nhet\u0151en z&ouml;kken\u0151mentesen [&hellip;]<\/p>\n","protected":false},"featured_media":105993,"template":"","meta":{"site-sidebar-layout":"default","site-content-layout":"","ast-site-content-layout":"default","site-content-style":"default","site-sidebar-style":"default","ast-global-header-display":"","ast-banner-title-visibility":"","ast-main-header-display":"","ast-hfb-above-header-display":"","ast-hfb-below-header-display":"","ast-hfb-mobile-header-display":"","site-post-title":"","ast-breadcrumbs-content":"","ast-featured-img":"","footer-sml-layout":"","ast-disable-related-posts":"","theme-transparent-header-meta":"","adv-header-id-meta":"","stick-header-meta":"","header-above-stick-meta":"","header-main-stick-meta":"","header-below-stick-meta":"","astra-migrate-meta-layouts":"default","ast-page-background-enabled":"default","ast-page-background-meta":{"desktop":{"background-color":"var(--ast-global-color-5)","background-image":"","background-repeat":"repeat","background-position":"center center","background-size":"auto","background-attachment":"scroll","background-type":"","background-media":"","overlay-type":"","overlay-color":"","overlay-opacity":"","overlay-gradient":""},"tablet":{"background-color":"","background-image":"","background-repeat":"repeat","background-position":"center center","background-size":"auto","background-attachment":"scroll","background-type":"","background-media":"","overlay-type":"","overlay-color":"","overlay-opacity":"","overlay-gradient":""},"mobile":{"background-color":"","background-image":"","background-repeat":"repeat","background-position":"center center","background-size":"auto","background-attachment":"scroll","background-type":"","background-media":"","overlay-type":"","overlay-color":"","overlay-opacity":"","overlay-gradient":""}},"ast-content-background-meta":{"desktop":{"background-color":"var(--ast-global-color-4)","background-image":"","background-repeat":"repeat","background-position":"center center","background-size":"auto","background-attachment":"scroll","background-type":"","background-media":"","overlay-type":"","overlay-color":"","overlay-opacity":"","overlay-gradient":""},"tablet":{"background-color":"var(--ast-global-color-4)","background-image":"","background-repeat":"repeat","background-position":"center center","background-size":"auto","background-attachment":"scroll","background-type":"","background-media":"","overlay-type":"","overlay-color":"","overlay-opacity":"","overlay-gradient":""},"mobile":{"background-color":"var(--ast-global-color-4)","background-image":"","background-repeat":"repeat","background-position":"center center","background-size":"auto","background-attachment":"scroll","background-type":"","background-media":"","overlay-type":"","overlay-color":"","overlay-opacity":"","overlay-gradient":""}}},"product_brand":[],"product_cat":[147,139],"product_tag":[],"class_list":{"0":"post-110142","1":"product","2":"type-product","3":"status-publish","4":"has-post-thumbnail","6":"product_cat-kabatok","7":"product_cat-motoros-ruhazat","8":"desktop-align-left","9":"tablet-align-left","10":"mobile-align-left","12":"first","13":"instock","14":"shipping-taxable","15":"purchasable","16":"product-type-simple"},"jetpack_sharing_enabled":true,"_links":{"self":[{"href":"https:\/\/zatureczkimarcell.ddns.net\/wordpress\/wp-json\/wp\/v2\/product\/110142","targetHints":{"allow":["GET"]}}],"collection":[{"href":"https:\/\/zatureczkimarcell.ddns.net\/wordpress\/wp-json\/wp\/v2\/product"}],"about":[{"href":"https:\/\/zatureczkimarcell.ddns.net\/wordpress\/wp-json\/wp\/v2\/types\/product"}],"wp:featuredmedia":[{"embeddable":true,"href":"https:\/\/zatureczkimarcell.ddns.net\/wordpress\/wp-json\/wp\/v2\/media\/105993"}],"wp:attachment":[{"href":"https:\/\/zatureczkimarcell.ddns.net\/wordpress\/wp-json\/wp\/v2\/media?parent=110142"}],"wp:term":[{"taxonomy":"product_brand","embeddable":true,"href":"https:\/\/zatureczkimarcell.ddns.net\/wordpress\/wp-json\/wp\/v2\/product_brand?post=110142"},{"taxonomy":"product_cat","embeddable":true,"href":"https:\/\/zatureczkimarcell.ddns.net\/wordpress\/wp-json\/wp\/v2\/product_cat?post=110142"},{"taxonomy":"product_tag","embeddable":true,"href":"https:\/\/zatureczkimarcell.ddns.net\/wordpress\/wp-json\/wp\/v2\/product_tag?post=110142"}],"curies":[{"name":"wp","href":"https:\/\/api.w.org\/{rel}","templated":true}]}}