{"id":110137,"date":"2026-04-01T10:47:19","date_gmt":"2026-04-01T08:47:19","guid":{"rendered":"https:\/\/zatureczkimarcell.ddns.net\/wordpress\/?post_type=product&#038;p=110137"},"modified":"2026-04-01T10:47:41","modified_gmt":"2026-04-01T08:47:41","slug":"mt-cosmo-napszemuveges-nyitott-bukosisak","status":"publish","type":"product","link":"https:\/\/zatureczkimarcell.ddns.net\/wordpress\/termek\/mt-cosmo-napszemuveges-nyitott-bukosisak\/","title":{"rendered":"MT Cosmo napszem\u00fcveges nyitott buk\u00f3sisak"},"content":{"rendered":"<h2 style=\"box-sizing: border-box; margin: 0px 0px 20px; font-size: 20px; color: rgb(33, 33, 33); font-family: Roboto, sans-serif;\">Kiv&aacute;l&oacute; min\u0151s&eacute;g\u0171 &eacute;s biztons&aacute;gos nyitott motoros buk&oacute;sisak&nbsp;<\/h2>\n<p style=\"box-sizing: border-box; margin-top: 0px; margin-bottom: 0px; font-size: 14px; color: rgb(33, 33, 33); line-height: 1.3; font-family: Roboto, sans-serif;\"><strong><span style=\"font-size:16px;\"><span style=\"box-sizing: border-box; font-weight: bolder;\">F\u0151bb jellemz\u0151k &eacute;s specifik&aacute;ci&oacute;k:&nbsp;<\/span><br style=\"box-sizing: border-box;\" \/><br \/>\n<br style=\"box-sizing: border-box;\" \/><br \/>\nAnyaga &#8211; HIRP (High Impact Resistant Polymer &#8211; polimer nagy &uuml;t&eacute;s&aacute;ll&oacute;s&aacute;g&uacute; anyag).<br style=\"box-sizing: border-box;\" \/><br \/>\nKivehet\u0151, moshat&oacute; &eacute;s antibakteri&aacute;lis kezel&eacute;ssel ell&aacute;tott b&eacute;l&eacute;s.<br style=\"box-sizing: border-box;\" \/><br \/>\nHat&eacute;kony nedvess&eacute;gelvezet&eacute;s a sisak belsej&eacute;ben.<br style=\"box-sizing: border-box;\" \/><br \/>\nEl\u0151k&eacute;sz&iacute;t&eacute;s a sisakbesz&eacute;l\u0151 rendszer be&eacute;p&iacute;t&eacute;s&eacute;hez<\/span><\/strong><br style=\"box-sizing: border-box;\" \/><br \/>\n<strong style=\"color: rgb(33, 33, 33); font-family: Roboto, sans-serif; font-size: 14px;\"><span style=\"font-size: 16px;\">Egyszer\u0171, k&ouml;nnyen kezelhet\u0151&nbsp;<\/span><\/strong><strong><span style=\"font-size:16px;\">mikrometrikus csattrendszer,&nbsp;optimaliz&aacute;lt MT-Micrometric+ .&nbsp;<br style=\"box-sizing: border-box;\" \/><br \/>\nFels\u0151 l&eacute;gbe&ouml;ml\u0151 ny&iacute;l&aacute;s, keszty\u0171ben is k&ouml;nnyen kezelhet\u0151 nyit&oacute;- &eacute;s z&aacute;r&oacute;rendszerrel.<br style=\"box-sizing: border-box;\" \/><br \/>\nFluiddinamikai elemz&eacute;ssel tervezett l&eacute;gcsatorn&aacute;k .<br style=\"box-sizing: border-box;\" \/><br \/>\nAz extra sz&eacute;les, nagy l&aacute;t&oacute;mez\u0151t biztos&iacute;t&oacute; plexi szersz&aacute;m n&eacute;lk&uuml;l elt&aacute;vol&iacute;that&oacute;.<\/span><\/strong><\/p>\n<p style=\"box-sizing: border-box; margin-top: 0px; margin-bottom: 0px; font-size: 14px; color: rgb(33, 33, 33); line-height: 1.3; font-family: Roboto, sans-serif;\"><strong><span style=\"font-size:16px;\">M&eacute;retek: XS, S, M, L, XL.<\/span><\/strong><\/p>\n<p style=\"box-sizing: border-box; margin-top: 0px; margin-bottom: 0px; font-size: 14px; color: rgb(33, 33, 33); line-height: 1.3; font-family: Roboto, sans-serif;\">\n<p style=\"box-sizing: border-box; margin-top: 0px; margin-bottom: 0px; font-size: 14px; color: rgb(33, 33, 33); line-height: 1.3; font-family: Roboto, sans-serif;\"><strong>Haszn&aacute;lati &eacute;s kezel&eacute;si &uacute;tmutat&oacute; a term&eacute;khez el&eacute;rhet\u0151 ide kattintva:&nbsp;<a href=\"https:\/\/darazsgarazs.hu\/index.php\/termek\/bukosisak-hasznalati-kezelesi-utmutato.1408.html\">https:\/\/darazsgarazs.hu\/index.php\/termek\/bukosisak-hasznalati-kezelesi-utmutato.1408.html<\/a><\/strong><\/p>\n","protected":false},"excerpt":{"rendered":"<p>Kiv&aacute;l&oacute; min\u0151s&eacute;g\u0171 &eacute;s biztons&aacute;gos nyitott motoros buk&oacute;sisak&nbsp; F\u0151bb jellemz\u0151k &eacute;s specifik&aacute;ci&oacute;k:&nbsp; Anyaga &#8211; HIRP (High Impact Resistant Polymer &#8211; polimer [&hellip;]<\/p>\n","protected":false},"featured_media":105246,"template":"","meta":{"site-sidebar-layout":"default","site-content-layout":"","ast-site-content-layout":"default","site-content-style":"default","site-sidebar-style":"default","ast-global-header-display":"","ast-banner-title-visibility":"","ast-main-header-display":"","ast-hfb-above-header-display":"","ast-hfb-below-header-display":"","ast-hfb-mobile-header-display":"","site-post-title":"","ast-breadcrumbs-content":"","ast-featured-img":"","footer-sml-layout":"","ast-disable-related-posts":"","theme-transparent-header-meta":"","adv-header-id-meta":"","stick-header-meta":"","header-above-stick-meta":"","header-main-stick-meta":"","header-below-stick-meta":"","astra-migrate-meta-layouts":"default","ast-page-background-enabled":"default","ast-page-background-meta":{"desktop":{"background-color":"var(--ast-global-color-5)","background-image":"","background-repeat":"repeat","background-position":"center center","background-size":"auto","background-attachment":"scroll","background-type":"","background-media":"","overlay-type":"","overlay-color":"","overlay-opacity":"","overlay-gradient":""},"tablet":{"background-color":"","background-image":"","background-repeat":"repeat","background-position":"center center","background-size":"auto","background-attachment":"scroll","background-type":"","background-media":"","overlay-type":"","overlay-color":"","overlay-opacity":"","overlay-gradient":""},"mobile":{"background-color":"","background-image":"","background-repeat":"repeat","background-position":"center center","background-size":"auto","background-attachment":"scroll","background-type":"","background-media":"","overlay-type":"","overlay-color":"","overlay-opacity":"","overlay-gradient":""}},"ast-content-background-meta":{"desktop":{"background-color":"var(--ast-global-color-4)","background-image":"","background-repeat":"repeat","background-position":"center center","background-size":"auto","background-attachment":"scroll","background-type":"","background-media":"","overlay-type":"","overlay-color":"","overlay-opacity":"","overlay-gradient":""},"tablet":{"background-color":"var(--ast-global-color-4)","background-image":"","background-repeat":"repeat","background-position":"center center","background-size":"auto","background-attachment":"scroll","background-type":"","background-media":"","overlay-type":"","overlay-color":"","overlay-opacity":"","overlay-gradient":""},"mobile":{"background-color":"var(--ast-global-color-4)","background-image":"","background-repeat":"repeat","background-position":"center center","background-size":"auto","background-attachment":"scroll","background-type":"","background-media":"","overlay-type":"","overlay-color":"","overlay-opacity":"","overlay-gradient":""}}},"product_brand":[],"product_cat":[121,123,122],"product_tag":[],"class_list":{"0":"post-110137","1":"product","2":"type-product","3":"status-publish","4":"has-post-thumbnail","6":"product_cat-bukosisakok","7":"product_cat-nyithato-bukosisakok","8":"product_cat-nyitott","9":"desktop-align-left","10":"tablet-align-left","11":"mobile-align-left","13":"first","14":"instock","15":"shipping-taxable","16":"purchasable","17":"product-type-simple"},"jetpack_sharing_enabled":true,"_links":{"self":[{"href":"https:\/\/zatureczkimarcell.ddns.net\/wordpress\/wp-json\/wp\/v2\/product\/110137","targetHints":{"allow":["GET"]}}],"collection":[{"href":"https:\/\/zatureczkimarcell.ddns.net\/wordpress\/wp-json\/wp\/v2\/product"}],"about":[{"href":"https:\/\/zatureczkimarcell.ddns.net\/wordpress\/wp-json\/wp\/v2\/types\/product"}],"wp:featuredmedia":[{"embeddable":true,"href":"https:\/\/zatureczkimarcell.ddns.net\/wordpress\/wp-json\/wp\/v2\/media\/105246"}],"wp:attachment":[{"href":"https:\/\/zatureczkimarcell.ddns.net\/wordpress\/wp-json\/wp\/v2\/media?parent=110137"}],"wp:term":[{"taxonomy":"product_brand","embeddable":true,"href":"https:\/\/zatureczkimarcell.ddns.net\/wordpress\/wp-json\/wp\/v2\/product_brand?post=110137"},{"taxonomy":"product_cat","embeddable":true,"href":"https:\/\/zatureczkimarcell.ddns.net\/wordpress\/wp-json\/wp\/v2\/product_cat?post=110137"},{"taxonomy":"product_tag","embeddable":true,"href":"https:\/\/zatureczkimarcell.ddns.net\/wordpress\/wp-json\/wp\/v2\/product_tag?post=110137"}],"curies":[{"name":"wp","href":"https:\/\/api.w.org\/{rel}","templated":true}]}}