{"id":110083,"date":"2026-04-01T10:45:36","date_gmt":"2026-04-01T08:45:36","guid":{"rendered":"https:\/\/zatureczkimarcell.ddns.net\/wordpress\/?post_type=product&#038;p=110083"},"modified":"2026-04-01T10:46:19","modified_gmt":"2026-04-01T08:46:19","slug":"modeka-black-ridge-vizallo-motoros-kesztyu-videos-teszt","status":"publish","type":"product","link":"https:\/\/zatureczkimarcell.ddns.net\/wordpress\/termek\/modeka-black-ridge-vizallo-motoros-kesztyu-videos-teszt\/","title":{"rendered":"Modeka Black Ridge v\u00edz\u00e1ll\u00f3 motoros keszty\u0171-Vide\u00f3s teszt!"},"content":{"rendered":"<p><span style=\"font-size: 16px;\"><strong>Modeka Black Ridge v&iacute;z&aacute;ll&oacute; motoros keszty\u0171 , <span style=\"color:#FF0000;\">a vil&aacute;gon jelenlegi legmagasabb tud&aacute;s&uacute; Sympatex es\u0151 &eacute;s sz&eacute;l&aacute;ll&oacute;&nbsp;(45.000mm-es)&nbsp;&nbsp;membr&aacute;nnal<\/span>.&nbsp;<\/strong><\/span><\/p>\n<p><span style=\"font-size: 16px;\"><strong>A Sympatex membr&aacute;nr&oacute;l r&eacute;szletesen az anyaglexikon men&uuml;pontunkban olvashatsz.&nbsp;<\/strong><\/span><\/p>\n<p><span style=\"font-size: 16px;\"><strong><span style=\"color:#FF0000;\">Be&eacute;p&iacute;tett plexi t&ouml;rl\u0151 bet&eacute;t<\/span>, hogy az es\u0151s napokon, a buk&oacute;sisak plexij&eacute;t egy mozdulattal lehessen let&ouml;r&ouml;lni.&nbsp;<\/strong><\/span><\/p>\n<p><span style=\"font-size: 16px;\"><strong>A keszty\u0171ben mobiltelefon, gps, vagy m&aacute;s okoseszk&ouml;z kezelhet\u0151.&nbsp;<\/strong><\/span><\/p>\n<p><span style=\"font-size: 16px;\"><strong>M&eacute;retek: 8,9,10,11,12<\/strong><\/span><\/p>\n<p><span style=\"font-size: 16px;\"><strong>N\u0151i m&eacute;retek: DXS, DS, DM, DL&nbsp;<\/strong><\/span><\/p>\n<p><strong style=\"font-family: Roboto, sans-serif; font-size: 16px; box-sizing: border-box; max-width: 100%;\">Haszn&aacute;lati &eacute;s kezel&eacute;si &uacute;tmutat&oacute; a term&eacute;khez&nbsp;el&eacute;rhet\u0151 ide kattintva:&nbsp;<a href=\"https:\/\/darazsgarazs.hu\/index.php\/termek\/hasznalati-utmutato.1155.html\">https:\/\/darazsgarazs.hu\/index.php\/termek\/hasznalati-utmutato.1155.html<\/a><\/strong><\/p>\n<p><span style=\"color:#FF0000;\"><span style=\"font-size: 16px;\"><strong>Figyelem ! Koll&eacute;g&aacute;nk haszn&aacute;lja &eacute;s teszteli ezt a term&eacute;k&uuml;nket. Toszk&aacute;nai motoroz&aacute;s ut&aacute;n, a term&eacute;k v&iacute;z&aacute;ll&oacute;s&aacute;g&aacute;t egy extr&eacute;m vide&oacute;s tesztben tett&uuml;k pr&oacute;b&aacute;ra. N&eacute;zd meg a vide&oacute;nkat:&nbsp;<\/strong><\/span><\/span><\/p>\n<div style=\"position:relative;padding-bottom:56.25%;padding-top:30px;height:0;overflow:hidden;\"><iframe loading=\"lazy\" allowfullscreen=\"\" frameborder=\"0\" height=\"360\" src=\"\/\/www.youtube.com\/embed\/A2Fb4n1AS_4?rel=0\" style=\"position: absolute;top: 0;left: 0;width: 100%;height: 100%;\" width=\"640\"><\/iframe><\/div><\/p>\n","protected":false},"excerpt":{"rendered":"<p>Modeka Black Ridge v&iacute;z&aacute;ll&oacute; motoros keszty\u0171 , a vil&aacute;gon jelenlegi legmagasabb tud&aacute;s&uacute; Sympatex es\u0151 &eacute;s sz&eacute;l&aacute;ll&oacute;&nbsp;(45.000mm-es)&nbsp;&nbsp;membr&aacute;nnal.&nbsp; A Sympatex membr&aacute;nr&oacute;l r&eacute;szletesen [&hellip;]<\/p>\n","protected":false},"featured_media":106530,"template":"","meta":{"site-sidebar-layout":"default","site-content-layout":"","ast-site-content-layout":"default","site-content-style":"default","site-sidebar-style":"default","ast-global-header-display":"","ast-banner-title-visibility":"","ast-main-header-display":"","ast-hfb-above-header-display":"","ast-hfb-below-header-display":"","ast-hfb-mobile-header-display":"","site-post-title":"","ast-breadcrumbs-content":"","ast-featured-img":"","footer-sml-layout":"","ast-disable-related-posts":"","theme-transparent-header-meta":"","adv-header-id-meta":"","stick-header-meta":"","header-above-stick-meta":"","header-main-stick-meta":"","header-below-stick-meta":"","astra-migrate-meta-layouts":"default","ast-page-background-enabled":"default","ast-page-background-meta":{"desktop":{"background-color":"var(--ast-global-color-5)","background-image":"","background-repeat":"repeat","background-position":"center center","background-size":"auto","background-attachment":"scroll","background-type":"","background-media":"","overlay-type":"","overlay-color":"","overlay-opacity":"","overlay-gradient":""},"tablet":{"background-color":"","background-image":"","background-repeat":"repeat","background-position":"center center","background-size":"auto","background-attachment":"scroll","background-type":"","background-media":"","overlay-type":"","overlay-color":"","overlay-opacity":"","overlay-gradient":""},"mobile":{"background-color":"","background-image":"","background-repeat":"repeat","background-position":"center center","background-size":"auto","background-attachment":"scroll","background-type":"","background-media":"","overlay-type":"","overlay-color":"","overlay-opacity":"","overlay-gradient":""}},"ast-content-background-meta":{"desktop":{"background-color":"var(--ast-global-color-4)","background-image":"","background-repeat":"repeat","background-position":"center center","background-size":"auto","background-attachment":"scroll","background-type":"","background-media":"","overlay-type":"","overlay-color":"","overlay-opacity":"","overlay-gradient":""},"tablet":{"background-color":"var(--ast-global-color-4)","background-image":"","background-repeat":"repeat","background-position":"center center","background-size":"auto","background-attachment":"scroll","background-type":"","background-media":"","overlay-type":"","overlay-color":"","overlay-opacity":"","overlay-gradient":""},"mobile":{"background-color":"var(--ast-global-color-4)","background-image":"","background-repeat":"repeat","background-position":"center center","background-size":"auto","background-attachment":"scroll","background-type":"","background-media":"","overlay-type":"","overlay-color":"","overlay-opacity":"","overlay-gradient":""}}},"product_brand":[],"product_cat":[143,139],"product_tag":[],"class_list":{"0":"post-110083","1":"product","2":"type-product","3":"status-publish","4":"has-post-thumbnail","6":"product_cat-kesztyuk","7":"product_cat-motoros-ruhazat","8":"desktop-align-left","9":"tablet-align-left","10":"mobile-align-left","12":"first","13":"instock","14":"shipping-taxable","15":"purchasable","16":"product-type-simple"},"jetpack_sharing_enabled":true,"_links":{"self":[{"href":"https:\/\/zatureczkimarcell.ddns.net\/wordpress\/wp-json\/wp\/v2\/product\/110083","targetHints":{"allow":["GET"]}}],"collection":[{"href":"https:\/\/zatureczkimarcell.ddns.net\/wordpress\/wp-json\/wp\/v2\/product"}],"about":[{"href":"https:\/\/zatureczkimarcell.ddns.net\/wordpress\/wp-json\/wp\/v2\/types\/product"}],"wp:featuredmedia":[{"embeddable":true,"href":"https:\/\/zatureczkimarcell.ddns.net\/wordpress\/wp-json\/wp\/v2\/media\/106530"}],"wp:attachment":[{"href":"https:\/\/zatureczkimarcell.ddns.net\/wordpress\/wp-json\/wp\/v2\/media?parent=110083"}],"wp:term":[{"taxonomy":"product_brand","embeddable":true,"href":"https:\/\/zatureczkimarcell.ddns.net\/wordpress\/wp-json\/wp\/v2\/product_brand?post=110083"},{"taxonomy":"product_cat","embeddable":true,"href":"https:\/\/zatureczkimarcell.ddns.net\/wordpress\/wp-json\/wp\/v2\/product_cat?post=110083"},{"taxonomy":"product_tag","embeddable":true,"href":"https:\/\/zatureczkimarcell.ddns.net\/wordpress\/wp-json\/wp\/v2\/product_tag?post=110083"}],"curies":[{"name":"wp","href":"https:\/\/api.w.org\/{rel}","templated":true}]}}