{"id":110081,"date":"2026-04-01T10:45:35","date_gmt":"2026-04-01T08:45:35","guid":{"rendered":"https:\/\/zatureczkimarcell.ddns.net\/wordpress\/?post_type=product&#038;p=110081"},"modified":"2026-04-01T10:46:17","modified_gmt":"2026-04-01T08:46:17","slug":"mt-genesis-felnyithato-napszemuveges-bukosisak-2","status":"publish","type":"product","link":"https:\/\/zatureczkimarcell.ddns.net\/wordpress\/termek\/mt-genesis-felnyithato-napszemuveges-bukosisak-2\/","title":{"rendered":"MT Genesis felnyithat\u00f3, napszem\u00fcveges buk\u00f3sisak"},"content":{"rendered":"<div><span style=\"font-size: 16px;\"><strong>MT Genesis felnyithat&oacute; &aacute;llr&eacute;sz\u0171 sisak.<\/strong><\/span><\/div>\n<div><\/div>\n<div><span style=\"font-size: 16px;\"><strong>H&eacute;j<\/strong><\/span><\/div>\n<div><span style=\"font-size: 16px;\"><strong>HIRP (nagy &uuml;t&eacute;s&aacute;ll&oacute;s&aacute;g&uacute; polimer)<\/strong><\/span><\/div>\n<div><\/div>\n<div><span style=\"font-size: 16px;\"><strong>Bels\u0151<\/strong><\/span><\/div>\n<div><span style=\"font-size: 16px;\"><strong>T&ouml;bbf&eacute;le technikai sz&ouml;vet kombin&aacute;ci&oacute;ja a nagyobb k&eacute;nyelem &eacute;s a tart&oacute;ss&aacute;g &eacute;rdek&eacute;ben<\/strong><\/span><\/div>\n<div><span style=\"font-size: 16px;\"><strong>Minden bels\u0151 r&eacute;sz kivehet\u0151 &eacute;s moshat&oacute;<\/strong><\/span><\/div>\n<div><strong style=\"font-size: 16px;\">T&ouml;k&eacute;letes illeszked&eacute;s \/ Szem&uuml;vegbar&aacute;t bels\u0151 kialak&iacute;t&aacute;s&aacute;nak k&ouml;sz&ouml;nhet\u0151en, szem&uuml;veges motorosoknak is k&eacute;nyelmes v&aacute;laszt&aacute;s&nbsp;<\/strong><\/div>\n<div><span style=\"font-size: 16px;\"><strong>L&eacute;g&aacute;tereszt\u0151 , t\u0171z&aacute;ll&oacute;, antibakteri&aacute;lis bels\u0151 anyagok, amelyek megk&ouml;nny&iacute;tik a nedvess&eacute;g elvezet&eacute;s&eacute;t.<\/strong><\/span><\/div>\n<div><span style=\"font-size: 16px;\"><strong>L&eacute;gz&eacute;sterel\u0151 a plexi p&aacute;r&aacute;sod&aacute;s&aacute;nak megakad&aacute;lyoz&aacute;s&aacute;ra<\/strong><\/span><\/div>\n<div><span style=\"font-size: 16px;\"><strong>Sisakkommunik&aacute;ci&oacute; telep&iacute;t&eacute;s&eacute;re el\u0151k&eacute;sz&iacute;t&eacute;s.<\/strong><\/span><\/div>\n<div><\/div>\n<div><span style=\"font-size: 16px;\"><strong>Szell\u0151z&eacute;s<\/strong><\/span><\/div>\n<div><span style=\"font-size: 16px;\"><strong>El&uuml;ls\u0151 &eacute;s fels\u0151 szell\u0151z\u0151ny&iacute;l&aacute;sok&nbsp;<\/strong><\/span><\/div>\n<div><span style=\"font-size: 16px;\"><strong>Bels\u0151 l&eacute;g&aacute;raml&aacute;si csatorn&aacute;k a meleg leveg\u0151&nbsp;&eacute;s a nedvess&eacute;g elvezet&eacute;s&eacute;hez<\/strong><\/span><\/div>\n<div><span style=\"font-size: 16px;\"><strong>A h&aacute;ts&oacute; szell\u0151z\u0151ny&iacute;l&aacute;sokon kereszt&uuml;l a leveg\u0151 kienged&eacute;se, a szell\u0151z&eacute;s-l&eacute;g&aacute;raml&aacute;s maximaliz&aacute;l&aacute;sa &eacute;rdek&eacute;ben.<\/strong><\/span><\/div>\n<div><span style=\"font-size: 16px;\"><strong>A h&aacute;ts&oacute; l&eacute;gterel\u0151 optimaliz&aacute;lja ennek a sisaknak az aerodinamik&aacute;j&aacute;t<\/strong><\/span><\/div>\n<div><\/div>\n<div><span style=\"font-size: 16px;\"><strong>Napszem&uuml;veg\/plexi<\/strong><\/span><\/div>\n<div><span style=\"font-size: 16px;\"><strong>Be&eacute;p&iacute;tett napszem&uuml;veg rendszer, k&ouml;nnyen kezelhet\u0151, gyors m\u0171k&ouml;d&eacute;s\u0171&nbsp;mechanizmussal.&nbsp;<\/strong><\/span><\/div>\n<div><span style=\"font-size: 16px;\"><strong>Pinlock p&aacute;ramentes&iacute;t\u0151 bet&eacute;t elhelyez&eacute;s&eacute;re el\u0151k&eacute;sz&iacute;tett v&iacute;ztiszta karcmentes plexi&nbsp;<\/strong><\/span><\/div>\n<div><\/div>\n<div><span style=\"font-size: 16px;\"><strong>Biztons&aacute;g<\/strong><\/span><\/div>\n<div><span style=\"font-size: 16px;\"><strong>&bull; A t&ouml;bbsz&ouml;r&ouml;s s\u0171r\u0171s&eacute;g\u0171, speci&aacute;lisan fejlesztett EPS b&eacute;l&eacute;s garant&aacute;lja a legjobb &uuml;t&eacute;selnyel&eacute;st<\/strong><\/span><\/div>\n<div><span style=\"font-size: 16px;\"><strong>&bull; Gyorsan kioldhat&oacute; mikrometrikus z&aacute;r, &aacute;ll&iacute;that&oacute; z&aacute;r&oacute;mechanizmussal.<\/strong><\/span><\/div>\n<div><span style=\"font-size: 16px;\"><strong>M&eacute;retek: XS, S, M, L, XL, XXL&nbsp;<\/strong><\/span><\/div>\n<div><strong>Haszn&aacute;lati &eacute;s kezel&eacute;si &uacute;tmutat&oacute; a term&eacute;khez el&eacute;rhet\u0151 ide kattintva:&nbsp;<a href=\"https:\/\/darazsgarazs.hu\/index.php\/termek\/bukosisak-hasznalati-kezelesi-utmutato.1408.html\">https:\/\/darazsgarazs.hu\/index.php\/termek\/bukosisak-hasznalati-kezelesi-utmutato.1408.html<\/a><\/strong><\/div>\n","protected":false},"excerpt":{"rendered":"<p>MT Genesis felnyithat&oacute; &aacute;llr&eacute;sz\u0171 sisak. H&eacute;j HIRP (nagy &uuml;t&eacute;s&aacute;ll&oacute;s&aacute;g&uacute; polimer) Bels\u0151 T&ouml;bbf&eacute;le technikai sz&ouml;vet kombin&aacute;ci&oacute;ja a nagyobb k&eacute;nyelem &eacute;s a [&hellip;]<\/p>\n","protected":false},"featured_media":103867,"template":"","meta":{"site-sidebar-layout":"default","site-content-layout":"","ast-site-content-layout":"default","site-content-style":"default","site-sidebar-style":"default","ast-global-header-display":"","ast-banner-title-visibility":"","ast-main-header-display":"","ast-hfb-above-header-display":"","ast-hfb-below-header-display":"","ast-hfb-mobile-header-display":"","site-post-title":"","ast-breadcrumbs-content":"","ast-featured-img":"","footer-sml-layout":"","ast-disable-related-posts":"","theme-transparent-header-meta":"","adv-header-id-meta":"","stick-header-meta":"","header-above-stick-meta":"","header-main-stick-meta":"","header-below-stick-meta":"","astra-migrate-meta-layouts":"default","ast-page-background-enabled":"default","ast-page-background-meta":{"desktop":{"background-color":"var(--ast-global-color-5)","background-image":"","background-repeat":"repeat","background-position":"center center","background-size":"auto","background-attachment":"scroll","background-type":"","background-media":"","overlay-type":"","overlay-color":"","overlay-opacity":"","overlay-gradient":""},"tablet":{"background-color":"","background-image":"","background-repeat":"repeat","background-position":"center center","background-size":"auto","background-attachment":"scroll","background-type":"","background-media":"","overlay-type":"","overlay-color":"","overlay-opacity":"","overlay-gradient":""},"mobile":{"background-color":"","background-image":"","background-repeat":"repeat","background-position":"center center","background-size":"auto","background-attachment":"scroll","background-type":"","background-media":"","overlay-type":"","overlay-color":"","overlay-opacity":"","overlay-gradient":""}},"ast-content-background-meta":{"desktop":{"background-color":"var(--ast-global-color-4)","background-image":"","background-repeat":"repeat","background-position":"center center","background-size":"auto","background-attachment":"scroll","background-type":"","background-media":"","overlay-type":"","overlay-color":"","overlay-opacity":"","overlay-gradient":""},"tablet":{"background-color":"var(--ast-global-color-4)","background-image":"","background-repeat":"repeat","background-position":"center center","background-size":"auto","background-attachment":"scroll","background-type":"","background-media":"","overlay-type":"","overlay-color":"","overlay-opacity":"","overlay-gradient":""},"mobile":{"background-color":"var(--ast-global-color-4)","background-image":"","background-repeat":"repeat","background-position":"center center","background-size":"auto","background-attachment":"scroll","background-type":"","background-media":"","overlay-type":"","overlay-color":"","overlay-opacity":"","overlay-gradient":""}}},"product_brand":[],"product_cat":[121,123,122],"product_tag":[],"class_list":{"0":"post-110081","1":"product","2":"type-product","3":"status-publish","4":"has-post-thumbnail","6":"product_cat-bukosisakok","7":"product_cat-nyithato-bukosisakok","8":"product_cat-nyitott","9":"desktop-align-left","10":"tablet-align-left","11":"mobile-align-left","13":"first","14":"instock","15":"shipping-taxable","16":"purchasable","17":"product-type-simple"},"jetpack_sharing_enabled":true,"_links":{"self":[{"href":"https:\/\/zatureczkimarcell.ddns.net\/wordpress\/wp-json\/wp\/v2\/product\/110081","targetHints":{"allow":["GET"]}}],"collection":[{"href":"https:\/\/zatureczkimarcell.ddns.net\/wordpress\/wp-json\/wp\/v2\/product"}],"about":[{"href":"https:\/\/zatureczkimarcell.ddns.net\/wordpress\/wp-json\/wp\/v2\/types\/product"}],"wp:featuredmedia":[{"embeddable":true,"href":"https:\/\/zatureczkimarcell.ddns.net\/wordpress\/wp-json\/wp\/v2\/media\/103867"}],"wp:attachment":[{"href":"https:\/\/zatureczkimarcell.ddns.net\/wordpress\/wp-json\/wp\/v2\/media?parent=110081"}],"wp:term":[{"taxonomy":"product_brand","embeddable":true,"href":"https:\/\/zatureczkimarcell.ddns.net\/wordpress\/wp-json\/wp\/v2\/product_brand?post=110081"},{"taxonomy":"product_cat","embeddable":true,"href":"https:\/\/zatureczkimarcell.ddns.net\/wordpress\/wp-json\/wp\/v2\/product_cat?post=110081"},{"taxonomy":"product_tag","embeddable":true,"href":"https:\/\/zatureczkimarcell.ddns.net\/wordpress\/wp-json\/wp\/v2\/product_tag?post=110081"}],"curies":[{"name":"wp","href":"https:\/\/api.w.org\/{rel}","templated":true}]}}