{"id":109975,"date":"2026-04-01T10:42:45","date_gmt":"2026-04-01T08:42:45","guid":{"rendered":"https:\/\/zatureczkimarcell.ddns.net\/wordpress\/?post_type=product&#038;p=109975"},"modified":"2026-04-01T10:43:31","modified_gmt":"2026-04-01T08:43:31","slug":"janto-air-erintokepernyot-kezel-videos-bemutatas","status":"publish","type":"product","link":"https:\/\/zatureczkimarcell.ddns.net\/wordpress\/termek\/janto-air-erintokepernyot-kezel-videos-bemutatas\/","title":{"rendered":"Janto Air &#8211; \u00c9rint\u0151k\u00e9perny\u0151t kezel! Vide\u00f3s bemutat\u00e1s"},"content":{"rendered":"<div><\/div>\n<div><span style=\"font-size:16px;\"><strong>Nagy m&eacute;ret\u0171, kiv&aacute;l&oacute; szell\u0151z&eacute;st biztos&iacute;t&oacute; h&aacute;l&oacute;s bet&eacute;tek &eacute;s magas min\u0151s&eacute;g\u0171 Amara kever&eacute;ke.&nbsp;<\/strong><\/span><\/div>\n<div>\n<p><span style=\"font-size:16px;\"><strong>Az Amara k&uuml;l&ouml;nleges anyag&aacute;nak jellemz\u0151i :&nbsp;<\/strong><\/span><\/p>\n<p><span style=\"font-size:16px;\"><strong>1. L&aacute;gy &eacute;s kellemes k&eacute;nyelmes &eacute;rz&eacute;s.<\/strong><\/span><\/p>\n<p><span style=\"font-size:16px;\"><strong>2. Nagy szak&iacute;t&oacute;szil&aacute;rds&aacute;g.&nbsp;<\/strong><\/span><\/p>\n<p><span style=\"font-size:16px;\"><strong>3. Kiv&aacute;l&oacute; tart&oacute;ss&aacute;g, kiv&aacute;l&oacute; kop&aacute;s&aacute;ll&oacute;s&aacute;g.<\/strong><\/span><\/p>\n<p><span style=\"font-size:16px;\"><strong>4. Nagyon j&oacute; l&eacute;legz\u0151k&eacute;pess&eacute;g.<\/strong><\/span><\/p>\n<p><span style=\"font-size:16px;\"><strong>Az ujjakon &eacute;s a teny&eacute;rr&eacute;szen extra v&eacute;delemmel meger\u0151s&iacute;tve.&nbsp;<\/strong><\/span><\/p>\n<p><span style=\"font-size: 16px;\"><strong>El&eacute;rhet\u0151 m&eacute;retek: 6,7,8,9,10,11,12,13&nbsp;<\/strong><\/span><\/p>\n<div><strong style=\"font-family: Roboto, sans-serif; font-size: 16px; box-sizing: border-box; max-width: 100%;\">Haszn&aacute;lati &eacute;s kezel&eacute;si &uacute;tmutat&oacute; a term&eacute;khez&nbsp;el&eacute;rhet\u0151 ide kattintva:&nbsp;<a href=\"https:\/\/darazsgarazs.hu\/index.php\/termek\/hasznalati-utmutato.1155.html\">https:\/\/darazsgarazs.hu\/index.php\/termek\/hasznalati-utmutato.1155.html<\/a><\/strong><\/div>\n<p><span style=\"font-size:16px;\"><strong>Figyelem! A Janto Air keszty\u0171ben telefont , GPS-t , vagy okoseszk&ouml;zt is kezelhetsz. Bemutatjuk a lenti vide&oacute;ra kattintva.&nbsp;<\/strong><\/span><\/p>\n<p><span style=\"font-size: 16px;\"><b>A piacon egyed&uuml;l&aacute;ll&oacute;an biztos k&eacute;perny\u0151kezel&eacute;s! Kattints a vide&oacute;ra:&nbsp;<\/b><\/span><\/p>\n<\/p>\n<div style=\"position:relative;padding-bottom:56.25%;padding-top:30px;height:0;overflow:hidden;\"><iframe loading=\"lazy\" allowfullscreen=\"\" frameborder=\"0\" height=\"360\" src=\"\/\/www.youtube.com\/embed\/XyGmPwO-Q1g?rel=0\" style=\"position: absolute;top: 0;left: 0;width: 100%;height: 100%;\" width=\"640\"><\/iframe><\/div>\n<div style=\"position:relative;padding-bottom:56.25%;padding-top:30px;height:0;overflow:hidden;\"><\/div>\n<\/p>\n<\/div>\n","protected":false},"excerpt":{"rendered":"<p>Nagy m&eacute;ret\u0171, kiv&aacute;l&oacute; szell\u0151z&eacute;st biztos&iacute;t&oacute; h&aacute;l&oacute;s bet&eacute;tek &eacute;s magas min\u0151s&eacute;g\u0171 Amara kever&eacute;ke.&nbsp; Az Amara k&uuml;l&ouml;nleges anyag&aacute;nak jellemz\u0151i :&nbsp; 1. L&aacute;gy [&hellip;]<\/p>\n","protected":false},"featured_media":109234,"template":"","meta":{"site-sidebar-layout":"default","site-content-layout":"","ast-site-content-layout":"default","site-content-style":"default","site-sidebar-style":"default","ast-global-header-display":"","ast-banner-title-visibility":"","ast-main-header-display":"","ast-hfb-above-header-display":"","ast-hfb-below-header-display":"","ast-hfb-mobile-header-display":"","site-post-title":"","ast-breadcrumbs-content":"","ast-featured-img":"","footer-sml-layout":"","ast-disable-related-posts":"","theme-transparent-header-meta":"","adv-header-id-meta":"","stick-header-meta":"","header-above-stick-meta":"","header-main-stick-meta":"","header-below-stick-meta":"","astra-migrate-meta-layouts":"default","ast-page-background-enabled":"default","ast-page-background-meta":{"desktop":{"background-color":"var(--ast-global-color-5)","background-image":"","background-repeat":"repeat","background-position":"center center","background-size":"auto","background-attachment":"scroll","background-type":"","background-media":"","overlay-type":"","overlay-color":"","overlay-opacity":"","overlay-gradient":""},"tablet":{"background-color":"","background-image":"","background-repeat":"repeat","background-position":"center center","background-size":"auto","background-attachment":"scroll","background-type":"","background-media":"","overlay-type":"","overlay-color":"","overlay-opacity":"","overlay-gradient":""},"mobile":{"background-color":"","background-image":"","background-repeat":"repeat","background-position":"center center","background-size":"auto","background-attachment":"scroll","background-type":"","background-media":"","overlay-type":"","overlay-color":"","overlay-opacity":"","overlay-gradient":""}},"ast-content-background-meta":{"desktop":{"background-color":"var(--ast-global-color-4)","background-image":"","background-repeat":"repeat","background-position":"center center","background-size":"auto","background-attachment":"scroll","background-type":"","background-media":"","overlay-type":"","overlay-color":"","overlay-opacity":"","overlay-gradient":""},"tablet":{"background-color":"var(--ast-global-color-4)","background-image":"","background-repeat":"repeat","background-position":"center center","background-size":"auto","background-attachment":"scroll","background-type":"","background-media":"","overlay-type":"","overlay-color":"","overlay-opacity":"","overlay-gradient":""},"mobile":{"background-color":"var(--ast-global-color-4)","background-image":"","background-repeat":"repeat","background-position":"center center","background-size":"auto","background-attachment":"scroll","background-type":"","background-media":"","overlay-type":"","overlay-color":"","overlay-opacity":"","overlay-gradient":""}}},"product_brand":[],"product_cat":[143,139],"product_tag":[],"class_list":{"0":"post-109975","1":"product","2":"type-product","3":"status-publish","4":"has-post-thumbnail","6":"product_cat-kesztyuk","7":"product_cat-motoros-ruhazat","8":"desktop-align-left","9":"tablet-align-left","10":"mobile-align-left","12":"first","13":"instock","14":"shipping-taxable","15":"purchasable","16":"product-type-simple"},"jetpack_sharing_enabled":true,"_links":{"self":[{"href":"https:\/\/zatureczkimarcell.ddns.net\/wordpress\/wp-json\/wp\/v2\/product\/109975","targetHints":{"allow":["GET"]}}],"collection":[{"href":"https:\/\/zatureczkimarcell.ddns.net\/wordpress\/wp-json\/wp\/v2\/product"}],"about":[{"href":"https:\/\/zatureczkimarcell.ddns.net\/wordpress\/wp-json\/wp\/v2\/types\/product"}],"wp:featuredmedia":[{"embeddable":true,"href":"https:\/\/zatureczkimarcell.ddns.net\/wordpress\/wp-json\/wp\/v2\/media\/109234"}],"wp:attachment":[{"href":"https:\/\/zatureczkimarcell.ddns.net\/wordpress\/wp-json\/wp\/v2\/media?parent=109975"}],"wp:term":[{"taxonomy":"product_brand","embeddable":true,"href":"https:\/\/zatureczkimarcell.ddns.net\/wordpress\/wp-json\/wp\/v2\/product_brand?post=109975"},{"taxonomy":"product_cat","embeddable":true,"href":"https:\/\/zatureczkimarcell.ddns.net\/wordpress\/wp-json\/wp\/v2\/product_cat?post=109975"},{"taxonomy":"product_tag","embeddable":true,"href":"https:\/\/zatureczkimarcell.ddns.net\/wordpress\/wp-json\/wp\/v2\/product_tag?post=109975"}],"curies":[{"name":"wp","href":"https:\/\/api.w.org\/{rel}","templated":true}]}}