{"id":109971,"date":"2026-04-01T10:42:42","date_gmt":"2026-04-01T08:42:42","guid":{"rendered":"https:\/\/zatureczkimarcell.ddns.net\/wordpress\/?post_type=product&#038;p=109971"},"modified":"2026-04-01T10:43:07","modified_gmt":"2026-04-01T08:43:07","slug":"hasznalati-kezelesi-utmutato-alkatreszek-kenoanyagok-tisztitoszerek","status":"publish","type":"product","link":"https:\/\/zatureczkimarcell.ddns.net\/wordpress\/termek\/hasznalati-kezelesi-utmutato-alkatreszek-kenoanyagok-tisztitoszerek\/","title":{"rendered":"Haszn\u00e1lati kezel\u00e9si \u00fatmutat\u00f3 alkatr\u00e9szek-Ken\u0151anyagok-tiszt\u00edt\u00f3szerek"},"content":{"rendered":"<p><span style=\"font-size:16px;\"><strong>Mindig a motorker&eacute;kp&aacute;rodhoz megfelel\u0151 alkatr&eacute;szt, kieg&eacute;sz&iacute;t\u0151t, ken\u0151anyagot v&aacute;s&aacute;rolj. Amennyiben bizonytalan vagy, k&eacute;rd koll&eacute;g&aacute;nk seg&iacute;ts&eacute;g&eacute;t a v&aacute;laszt&aacute;sban.&nbsp;<\/strong><\/span><\/p>\n<p><span style=\"font-size:16px;\"><strong>A motorker&eacute;kp&aacute;r gy&aacute;rt&oacute; aj&aacute;nl&aacute;sait megtal&aacute;lod a motorod kezel&eacute;si utas&iacute;t&aacute;s&aacute;ban.&nbsp;<\/strong><\/span><\/p>\n<p><span style=\"font-size:16px;\"><strong>A&nbsp;megv&aacute;s&aacute;rolt alkatr&eacute;szek be&eacute;p&iacute;t&eacute;s&eacute;t szakszervizben v&eacute;geztesd el.&nbsp;<\/strong><\/span><\/p>\n<p><span style=\"font-size: 16px;\"><b>Mindig a motorker&eacute;kp&aacute;rod t&iacute;pus&aacute;nak megfelel\u0151 akkumul&aacute;tort v&aacute;s&aacute;rolj. K&eacute;rd koll&eacute;g&aacute;nk seg&iacute;ts&eacute;g&eacute;t a v&aacute;laszt&aacute;sban. Az akkumul&aacute;torokat be&uuml;zemelve adjuk &aacute;t neked. Ker&uuml;ld az akkumul&aacute;torok m&eacute;lykis&uuml;l&eacute;s&eacute;t, mert az k&aacute;ros&iacute;thatja az akkumul&aacute;tort &eacute;s ler&ouml;vid&uuml;l az &eacute;lettartalma. Az akkumul&aacute;tort sz&aacute;raz, h\u0171v&ouml;s helyen t&aacute;rold, ha kiveszed a motorb&oacute;l. Ne tedd ki sug&aacute;rz&oacute; h\u0151 hat&aacute;s&aacute;nak. A z&aacute;rt rendszer\u0171 akkumul&aacute;torok felnyit&aacute;sa szigor&uacute;an tilos.&nbsp;<\/b><\/span><\/p>\n<p><b style=\"font-size: 16px;\">Az elektromos &aacute;rammal m\u0171k&ouml;d\u0151 kieg&eacute;sz&iacute;t\u0151k haszn&aacute;lata sor&aacute;n mindig &uuml;gyelj az &eacute;rint&eacute;sv&eacute;delmi szab&aacute;lyok betart&aacute;s&aacute;ra.&nbsp;<\/b><\/p>\n<p><span style=\"font-size:16px;\"><strong>Mindig a g&eacute;pj&aacute;rm\u0171vednek megfelel\u0151 izz&oacute;t v&aacute;s&aacute;rolj. A megv&aacute;s&aacute;rolt izz&oacute;k beszerel&eacute;se k&ouml;zben ne fogd meg puszta k&eacute;zzel az izz&oacute; &uuml;veg fel&uuml;let&eacute;t, mert az ler&ouml;vid&iacute;theti az izz&oacute; &eacute;lettartalm&aacute;t. Haszn&aacute;lj tiszta, pormentes rongyot. Az izz&oacute;k kiv&aacute;laszt&aacute;s&aacute;n&aacute;l &uuml;gyelj a gy&aacute;ri aj&aacute;nl&aacute;sok t&ouml;k&eacute;letes betart&aacute;s&aacute;ra a teljes&iacute;tm&eacute;ny kiv&aacute;laszt&aacute;sakor.&nbsp;<\/strong><\/span><\/p>\n<p><span style=\"font-size:16px;\"><strong>A g&eacute;pj&aacute;rm\u0171vednek megfelel\u0151 biztos&iacute;t&eacute;kot v&aacute;laszd. Ne v&aacute;lassz a gy&aacute;ri &eacute;rt&eacute;kt\u0151l elt&eacute;r\u0151 biztos&iacute;t&eacute;kot. A biztos&iacute;t&eacute;kok ut&oacute;lagos m&oacute;dos&iacute;t&aacute;sa -h&aacute;zilagos jav&iacute;t&aacute;sa nem megengedett &eacute;s vesz&eacute;lyes.&nbsp;<\/strong><\/span><\/p>\n<p><span style=\"font-size: 16px;\"><b>A k&uuml;ls\u0151 &eacute;s bels\u0151 gumiabroncsok v&aacute;lasz&aacute;sa sor&aacute;n k&eacute;rj seg&iacute;ts&eacute;get koll&eacute;g&aacute;nkt&oacute;l. Ne haszn&aacute;lj elt&eacute;r\u0151 gumi m&eacute;retet a gy&aacute;ri aj&aacute;nl&aacute;st&oacute;l.&nbsp;<\/b><\/span><\/p>\n<p><span style=\"font-size: 16px;\"><b>A gy&aacute;rilag aj&aacute;nlott olaj &eacute;s l&eacute;gsz\u0171r\u0151 kiv&aacute;laszt&aacute;s&aacute;ban koll&eacute;g&aacute;ink k&eacute;szs&eacute;ggel &aacute;llnak rendelkez&eacute;sre. A l&eacute;gsz\u0171r\u0151k &eacute;s olajsz\u0171r\u0151k eset&eacute;ben a gy&aacute;ri aj&aacute;nl&aacute;st&oacute;l ne t&eacute;rj el.&nbsp;<\/b><\/span><\/p>\n<p><span style=\"font-size: 16px;\"><b>A disz&iacute;t&eacute;sek, matric&aacute;k, felnics&iacute;kok, tankpad &eacute;s m&aacute;s dekor&aacute;ci&oacute;s elemek&nbsp;felhelyez&eacute;se megtiszt&iacute;tott zs&iacute;r &eacute;s pormentes fel&uuml;letre t&ouml;rt&eacute;nhet.&nbsp;<\/b><\/span><\/p>\n<p><span style=\"font-size: 16px;\"><b>&Uuml;zlet&uuml;nkben megv&aacute;s&aacute;rolhat&oacute; szersz&aacute;mok haszn&aacute;lata sor&aacute;n , &uuml;gyelj a balesetv&eacute;delmi szab&aacute;lyok fokozott betart&aacute;s&aacute;ra. A munkav&eacute;gz&eacute;s sor&aacute;n mindig viselj v&eacute;d\u0151felszerel&eacute;st. A haszn&aacute;lat ut&aacute;n a szersz&aacute;mot mindig megfelel\u0151 &aacute;llapotban t&aacute;rold.&nbsp;<\/b><\/span><\/p>\n<\/p>\n<div><span style=\"font-size:16px;\"><strong>&nbsp;A gy&uacute;jt&oacute;gyerty&aacute;k tiszt&iacute;t&aacute;sa vagy cser&eacute;je az el\u0151&iacute;rt intervallumok betart&aacute;s&aacute;val biztos&iacute;tja a motor optim&aacute;lis m\u0171k&ouml;d&eacute;s&eacute;t &eacute;s meghosszabb&iacute;tja a j&aacute;rm\u0171 &eacute;lettartam&aacute;t. A gy&uacute;jt&oacute;gyerty&aacute;k megfelel\u0151 m\u0171k&ouml;d&eacute;se elengedhetetlen a motor hat&eacute;kony &eacute;g&eacute;s&eacute;hez &eacute;s a j&aacute;rm\u0171 megb&iacute;zhat&oacute; teljes&iacute;tm&eacute;ny&eacute;hez.<\/strong><\/span><\/div>\n<div><\/div>\n<div><span style=\"font-size:16px;\"><strong>A gyertya &eacute;lettartam&aacute;t meghat&aacute;rozza a t&uuml;zel\u0151anyag t&iacute;pusa, a motor &aacute;llapota, a m\u0171k&ouml;d&eacute;si id\u0151 &eacute;s a motor h\u0151m&eacute;rs&eacute;klete. Az elhaszn&aacute;l&oacute;dott gyertya ind&iacute;t&aacute;si neh&eacute;zs&eacute;geket &eacute;s a gy&uacute;jt&oacute;gyertya &aacute;ltal okozott teljes&iacute;tm&eacute;nyveszt&eacute;st eredm&eacute;nyeznek. Az emelkedett r&ouml;vidt&aacute;v&uacute; &uuml;zem &eacute;s a rossz motorolaj min\u0151s&eacute;g r&ouml;vid&iacute;theti az intervallumokat.<\/strong><\/span><\/div>\n<p><span style=\"font-size: 16px;\"><b>A tiszt&iacute;t&oacute;szerek alkalmaz&aacute;sa k&ouml;zben , viselj v&eacute;d\u0151keszty\u0171t , ha sz&uuml;ks&eacute;ges v&eacute;d\u0151szem&uuml;veget vagy m&aacute;s v&eacute;d\u0151felszerel&eacute;st.&nbsp;&nbsp;<\/b><\/span><\/p>\n<p><span style=\"font-size: 16px;\"><b>A tiszt&iacute;t&oacute;szerek &eacute;s ken\u0151anyagok haszn&aacute;lata sor&aacute;n ker&uuml;ld azok szembe fr&ouml;ccsen&eacute;s&eacute;t, sz&aacute;j&uuml;regbe jut&aacute;s&aacute;t.&nbsp;<\/b><\/span><\/p>\n<p><span style=\"font-size: 16px;\"><b>A hajt&oacute;g&aacute;zas ken\u0151-tiszt&iacute;t&oacute; term&eacute;kek haszn&aacute;lata sor&aacute;n ker&uuml;ld a doh&aacute;nyz&aacute;st, vagy nyilt l&aacute;ng haszn&aacute;lat&aacute;t.&nbsp;<\/b><\/span><\/p>\n<p><span style=\"font-size: 16px;\"><b>A ken\u0151anyagok, &aacute;pol&aacute;shoz &#8211; tiszt&iacute;t&aacute;shoz haszn&aacute;latos term&eacute;kek kisgyermek el\u0151l elz&aacute;rva tartand&oacute;k!&nbsp;<\/b><\/span><\/p>\n<\/p><\/p>\n","protected":false},"excerpt":{"rendered":"<p>Mindig a motorker&eacute;kp&aacute;rodhoz megfelel\u0151 alkatr&eacute;szt, kieg&eacute;sz&iacute;t\u0151t, ken\u0151anyagot v&aacute;s&aacute;rolj. Amennyiben bizonytalan vagy, k&eacute;rd koll&eacute;g&aacute;nk seg&iacute;ts&eacute;g&eacute;t a v&aacute;laszt&aacute;sban.&nbsp; A motorker&eacute;kp&aacute;r gy&aacute;rt&oacute; aj&aacute;nl&aacute;sait [&hellip;]<\/p>\n","protected":false},"featured_media":105615,"template":"","meta":{"site-sidebar-layout":"default","site-content-layout":"","ast-site-content-layout":"default","site-content-style":"default","site-sidebar-style":"default","ast-global-header-display":"","ast-banner-title-visibility":"","ast-main-header-display":"","ast-hfb-above-header-display":"","ast-hfb-below-header-display":"","ast-hfb-mobile-header-display":"","site-post-title":"","ast-breadcrumbs-content":"","ast-featured-img":"","footer-sml-layout":"","ast-disable-related-posts":"","theme-transparent-header-meta":"","adv-header-id-meta":"","stick-header-meta":"","header-above-stick-meta":"","header-main-stick-meta":"","header-below-stick-meta":"","astra-migrate-meta-layouts":"default","ast-page-background-enabled":"default","ast-page-background-meta":{"desktop":{"background-color":"var(--ast-global-color-5)","background-image":"","background-repeat":"repeat","background-position":"center center","background-size":"auto","background-attachment":"scroll","background-type":"","background-media":"","overlay-type":"","overlay-color":"","overlay-opacity":"","overlay-gradient":""},"tablet":{"background-color":"","background-image":"","background-repeat":"repeat","background-position":"center center","background-size":"auto","background-attachment":"scroll","background-type":"","background-media":"","overlay-type":"","overlay-color":"","overlay-opacity":"","overlay-gradient":""},"mobile":{"background-color":"","background-image":"","background-repeat":"repeat","background-position":"center center","background-size":"auto","background-attachment":"scroll","background-type":"","background-media":"","overlay-type":"","overlay-color":"","overlay-opacity":"","overlay-gradient":""}},"ast-content-background-meta":{"desktop":{"background-color":"var(--ast-global-color-4)","background-image":"","background-repeat":"repeat","background-position":"center center","background-size":"auto","background-attachment":"scroll","background-type":"","background-media":"","overlay-type":"","overlay-color":"","overlay-opacity":"","overlay-gradient":""},"tablet":{"background-color":"var(--ast-global-color-4)","background-image":"","background-repeat":"repeat","background-position":"center center","background-size":"auto","background-attachment":"scroll","background-type":"","background-media":"","overlay-type":"","overlay-color":"","overlay-opacity":"","overlay-gradient":""},"mobile":{"background-color":"var(--ast-global-color-4)","background-image":"","background-repeat":"repeat","background-position":"center center","background-size":"auto","background-attachment":"scroll","background-type":"","background-media":"","overlay-type":"","overlay-color":"","overlay-opacity":"","overlay-gradient":""}}},"product_brand":[],"product_cat":[129,124,126,127,136,135,140,137,144,133,125],"product_tag":[],"class_list":{"0":"post-109971","1":"product","2":"type-product","3":"status-publish","4":"has-post-thumbnail","6":"product_cat-akcios-kenoanyagok-es-apolasi-termekek","7":"product_cat-akkumulatorok","8":"product_cat-alkatreszek","9":"product_cat-apolas","10":"product_cat-gyujtogyertyak","11":"product_cat-honda-pcx-alkatreszek","12":"product_cat-kiegeszitok","13":"product_cat-szurok","14":"product_cat-tukrok-es-tartozekaik","15":"product_cat-turafelszereles","16":"product_cat-univerzalis-alkatreszek","17":"desktop-align-left","18":"tablet-align-left","19":"mobile-align-left","21":"first","22":"instock","23":"shipping-taxable","24":"product-type-simple"},"jetpack_sharing_enabled":true,"_links":{"self":[{"href":"https:\/\/zatureczkimarcell.ddns.net\/wordpress\/wp-json\/wp\/v2\/product\/109971","targetHints":{"allow":["GET"]}}],"collection":[{"href":"https:\/\/zatureczkimarcell.ddns.net\/wordpress\/wp-json\/wp\/v2\/product"}],"about":[{"href":"https:\/\/zatureczkimarcell.ddns.net\/wordpress\/wp-json\/wp\/v2\/types\/product"}],"wp:featuredmedia":[{"embeddable":true,"href":"https:\/\/zatureczkimarcell.ddns.net\/wordpress\/wp-json\/wp\/v2\/media\/105615"}],"wp:attachment":[{"href":"https:\/\/zatureczkimarcell.ddns.net\/wordpress\/wp-json\/wp\/v2\/media?parent=109971"}],"wp:term":[{"taxonomy":"product_brand","embeddable":true,"href":"https:\/\/zatureczkimarcell.ddns.net\/wordpress\/wp-json\/wp\/v2\/product_brand?post=109971"},{"taxonomy":"product_cat","embeddable":true,"href":"https:\/\/zatureczkimarcell.ddns.net\/wordpress\/wp-json\/wp\/v2\/product_cat?post=109971"},{"taxonomy":"product_tag","embeddable":true,"href":"https:\/\/zatureczkimarcell.ddns.net\/wordpress\/wp-json\/wp\/v2\/product_tag?post=109971"}],"curies":[{"name":"wp","href":"https:\/\/api.w.org\/{rel}","templated":true}]}}