{"id":109964,"date":"2026-04-01T10:42:37","date_gmt":"2026-04-01T08:42:37","guid":{"rendered":"https:\/\/zatureczkimarcell.ddns.net\/wordpress\/?post_type=product&#038;p=109964"},"modified":"2026-04-01T10:43:01","modified_gmt":"2026-04-01T08:43:01","slug":"modeka-fuego-kesztyu-teszt","status":"publish","type":"product","link":"https:\/\/zatureczkimarcell.ddns.net\/wordpress\/termek\/modeka-fuego-kesztyu-teszt\/","title":{"rendered":"Modeka Fuego keszty\u0171 teszt"},"content":{"rendered":"<p><span style=\"font-size:16px;\"><strong><em>&bdquo;Az &aacute;ltalam viselt Modeka Fuego keszty\u0171ben &aacute;lom volt a motort kezelni. A v&aacute;s&aacute;rl&oacute;k k&ouml;z&ouml;tt eddig is igen n&eacute;pszer\u0171 keszty\u0171t viselve, t&ouml;k&eacute;letes a visszajelz&eacute;s a legapr&oacute;bb rezd&uuml;l&eacute;sr\u0151l is a motoron &eacute;s egy&aacute;ltal&aacute;n nem izzad bele az ember keze. A Tactel sz&ouml;vet amib\u0151l a legdr&aacute;g&aacute;bb motoros ruh&aacute;k is k&eacute;sz&uuml;lnek, enn&eacute;l a keszty\u0171n&eacute;l is igazolta p&aacute;ratlan k&eacute;nyelm&eacute;t. A nagy szak&iacute;t&oacute;szil&aacute;rds&aacute;g&aacute;t nem tesztelt&uuml;k szerencs&eacute;re. Az eml&iacute;tett k&eacute;nyelme miatt , nagyon sok h&ouml;lgy v&aacute;s&aacute;rl&oacute;nk is a Modeka Fuego keszty\u0171t v&aacute;lasztja.&rdquo;<\/em><\/strong><\/span><\/p>\n<p><span style=\"font-size:16px;\"><strong><em>A Modeka Fuego honlapunkon ide kattintva &eacute;rhet\u0151 el:&nbsp;<a href=\"https:\/\/darazsgarazs.hu\/index.php\/search_in?search_for=fuego\">https:\/\/darazsgarazs.hu\/index.php\/search_in?search_for=fuego<\/a><\/em><\/strong><\/span><\/p>\n","protected":false},"excerpt":{"rendered":"<p>&bdquo;Az &aacute;ltalam viselt Modeka Fuego keszty\u0171ben &aacute;lom volt a motort kezelni. A v&aacute;s&aacute;rl&oacute;k k&ouml;z&ouml;tt eddig is igen n&eacute;pszer\u0171 keszty\u0171t viselve, [&hellip;]<\/p>\n","protected":false},"featured_media":106095,"template":"","meta":{"site-sidebar-layout":"default","site-content-layout":"","ast-site-content-layout":"default","site-content-style":"default","site-sidebar-style":"default","ast-global-header-display":"","ast-banner-title-visibility":"","ast-main-header-display":"","ast-hfb-above-header-display":"","ast-hfb-below-header-display":"","ast-hfb-mobile-header-display":"","site-post-title":"","ast-breadcrumbs-content":"","ast-featured-img":"","footer-sml-layout":"","ast-disable-related-posts":"","theme-transparent-header-meta":"","adv-header-id-meta":"","stick-header-meta":"","header-above-stick-meta":"","header-main-stick-meta":"","header-below-stick-meta":"","astra-migrate-meta-layouts":"default","ast-page-background-enabled":"default","ast-page-background-meta":{"desktop":{"background-color":"var(--ast-global-color-5)","background-image":"","background-repeat":"repeat","background-position":"center center","background-size":"auto","background-attachment":"scroll","background-type":"","background-media":"","overlay-type":"","overlay-color":"","overlay-opacity":"","overlay-gradient":""},"tablet":{"background-color":"","background-image":"","background-repeat":"repeat","background-position":"center center","background-size":"auto","background-attachment":"scroll","background-type":"","background-media":"","overlay-type":"","overlay-color":"","overlay-opacity":"","overlay-gradient":""},"mobile":{"background-color":"","background-image":"","background-repeat":"repeat","background-position":"center center","background-size":"auto","background-attachment":"scroll","background-type":"","background-media":"","overlay-type":"","overlay-color":"","overlay-opacity":"","overlay-gradient":""}},"ast-content-background-meta":{"desktop":{"background-color":"var(--ast-global-color-4)","background-image":"","background-repeat":"repeat","background-position":"center center","background-size":"auto","background-attachment":"scroll","background-type":"","background-media":"","overlay-type":"","overlay-color":"","overlay-opacity":"","overlay-gradient":""},"tablet":{"background-color":"var(--ast-global-color-4)","background-image":"","background-repeat":"repeat","background-position":"center center","background-size":"auto","background-attachment":"scroll","background-type":"","background-media":"","overlay-type":"","overlay-color":"","overlay-opacity":"","overlay-gradient":""},"mobile":{"background-color":"var(--ast-global-color-4)","background-image":"","background-repeat":"repeat","background-position":"center center","background-size":"auto","background-attachment":"scroll","background-type":"","background-media":"","overlay-type":"","overlay-color":"","overlay-opacity":"","overlay-gradient":""}}},"product_brand":[],"product_cat":[153],"product_tag":[],"class_list":{"0":"post-109964","1":"product","2":"type-product","3":"status-publish","4":"has-post-thumbnail","6":"product_cat-sajat-tesztelesu-termekek","7":"desktop-align-left","8":"tablet-align-left","9":"mobile-align-left","11":"first","12":"instock","13":"shipping-taxable","14":"product-type-simple"},"jetpack_sharing_enabled":true,"_links":{"self":[{"href":"https:\/\/zatureczkimarcell.ddns.net\/wordpress\/wp-json\/wp\/v2\/product\/109964","targetHints":{"allow":["GET"]}}],"collection":[{"href":"https:\/\/zatureczkimarcell.ddns.net\/wordpress\/wp-json\/wp\/v2\/product"}],"about":[{"href":"https:\/\/zatureczkimarcell.ddns.net\/wordpress\/wp-json\/wp\/v2\/types\/product"}],"wp:featuredmedia":[{"embeddable":true,"href":"https:\/\/zatureczkimarcell.ddns.net\/wordpress\/wp-json\/wp\/v2\/media\/106095"}],"wp:attachment":[{"href":"https:\/\/zatureczkimarcell.ddns.net\/wordpress\/wp-json\/wp\/v2\/media?parent=109964"}],"wp:term":[{"taxonomy":"product_brand","embeddable":true,"href":"https:\/\/zatureczkimarcell.ddns.net\/wordpress\/wp-json\/wp\/v2\/product_brand?post=109964"},{"taxonomy":"product_cat","embeddable":true,"href":"https:\/\/zatureczkimarcell.ddns.net\/wordpress\/wp-json\/wp\/v2\/product_cat?post=109964"},{"taxonomy":"product_tag","embeddable":true,"href":"https:\/\/zatureczkimarcell.ddns.net\/wordpress\/wp-json\/wp\/v2\/product_tag?post=109964"}],"curies":[{"name":"wp","href":"https:\/\/api.w.org\/{rel}","templated":true}]}}