{"id":109950,"date":"2026-04-01T10:42:05","date_gmt":"2026-04-01T08:42:05","guid":{"rendered":"https:\/\/zatureczkimarcell.ddns.net\/wordpress\/?post_type=product&#038;p=109950"},"modified":"2026-04-01T10:42:51","modified_gmt":"2026-04-01T08:42:51","slug":"marushin-m410-carbon-sisak-teszt","status":"publish","type":"product","link":"https:\/\/zatureczkimarcell.ddns.net\/wordpress\/termek\/marushin-m410-carbon-sisak-teszt\/","title":{"rendered":"Marushin M410 Carbon sisak teszt"},"content":{"rendered":"<div class=\"gmail_default\" style=\"color: rgb(34, 34, 34); font-family: Arial, Helvetica, sans-serif; font-size: small;\"><span style=\"font-family: arial, helvetica, sans-serif;\"><b>A Marushin 2021-es &uacute;jdons&aacute;g&aacute;t az M410 Full carbon felnyithat&oacute; napszem&uuml;veges buk&oacute;sisakot, mi is nagyon v&aacute;rtuk.&nbsp;<\/b><\/span><\/div>\n<div class=\"gmail_default\" style=\"color: rgb(34, 34, 34); font-family: Arial, Helvetica, sans-serif; font-size: small;\"><span style=\"font-family: arial, helvetica, sans-serif;\"><b>Az els\u0151 sz&aacute;ll&iacute;tm&aacute;nyb&oacute;l koll&eacute;g&aacute;nk azonnal ki is ragadta saj&aacute;t haszn&aacute;latra az egyik p&eacute;ld&aacute;nyt.&nbsp;<\/b><\/span><\/div>\n<div class=\"gmail_default\" style=\"color: rgb(34, 34, 34); font-family: Arial, Helvetica, sans-serif; font-size: small;\">\n<div class=\"gmail_default\" style=\"color: rgb(34, 34, 34); font-family: Arial, Helvetica, sans-serif; font-size: small;\"><span style=\"font-family: arial, helvetica, sans-serif;\"><b>Az M410 &uuml;vegsz&aacute;las sisakok eddig is a magas kateg&oacute;ri&aacute;s term&eacute;keket keres\u0151 t&uacute;r&aacute;z&oacute;kat c&eacute;lozt&aacute;k k&eacute;nyelm&uuml;kkel &eacute;s a felnyithat&oacute; sisakok k&ouml;z&ouml;tt p&aacute;ratlan k&ouml;nny\u0171s&eacute;g&uuml;kkel. A Full Carbon v&aacute;ltozat, ha lehet mondani, m&eacute;g ezt a szintet is fel&uuml;lm&uacute;lja.<\/b><\/span><\/div>\n<div class=\"gmail_default\" style=\"color: rgb(34, 34, 34); font-family: Arial, Helvetica, sans-serif; font-size: small;\"><span style=\"font-family: arial, helvetica, sans-serif;\"><b>&nbsp;<\/b><\/span><span style=\"font-family: arial, helvetica, sans-serif;\"><b>K&eacute;zbe v&eacute;ve egyb\u0151l l&aacute;tni, hogy komoly, fels\u0151 kateg&oacute;ri&aacute;s sisakkal van dolgunk.&nbsp;<\/b><\/span><\/div>\n<div class=\"gmail_default\" style=\"color: rgb(34, 34, 34); font-family: Arial, Helvetica, sans-serif; font-size: small;\"><\/div>\n<div class=\"gmail_default\" style=\"color: rgb(34, 34, 34); font-family: Arial, Helvetica, sans-serif; font-size: small;\">\n<div class=\"gmail_default\" style=\"color: rgb(34, 34, 34); font-family: Arial, Helvetica, sans-serif; font-size: small;\"><span style=\"font-family: arial, helvetica, sans-serif;\"><b>Koll&eacute;g&aacute;nk az al&aacute;bbiakat tapasztalta a sisak haszn&aacute;lata k&ouml;zben:&nbsp;<\/b><\/span><\/div>\n<div class=\"gmail_default\" style=\"color: rgb(34, 34, 34); font-family: Arial, Helvetica, sans-serif; font-size: small;\"><\/div>\n<div class=\"gmail_default\" style=\"color: rgb(34, 34, 34); font-family: Arial, Helvetica, sans-serif; font-size: small;\"><span style=\"font-family: arial, helvetica, sans-serif;\"><b>&quot;Eddig Marushin 999-es sisakot hordtam, ami legend&aacute;san k&ouml;nny\u0171, de m&eacute;g ezek ut&aacute;n sem &eacute;reztem azt hogy az M410 sokkal nehezebb lenne. &Uuml;gyesen oldott&aacute;k meg hogy a nyakat egy&aacute;ltal&aacute;n nem terheli visel&eacute;s k&ouml;zben. Fontos megeml&iacute;teni, hogy egy MV Agusta naked motoron tettem pr&oacute;b&aacute;ra, ahol a menetsz&eacute;l ellen nem v&eacute;d plexi, nem &uacute;gy mint a t&uacute;ramotorokon.&nbsp;<\/b><\/span><\/div>\n<div class=\"gmail_default\" style=\"color: rgb(34, 34, 34); font-family: Arial, Helvetica, sans-serif; font-size: small;\">\n<div class=\"gmail_default\" style=\"color: rgb(34, 34, 34); font-family: Arial, Helvetica, sans-serif; font-size: small;\"><span style=\"font-family: arial, helvetica, sans-serif;\"><b>&Iacute;gy t&uacute;ramotoron haszn&aacute;lva, m&eacute;g enn&eacute;l is jobb &eacute;rz&eacute;s lesz.&nbsp;<\/b><\/span><\/div>\n<div class=\"gmail_default\" style=\"color: rgb(34, 34, 34); font-family: Arial, Helvetica, sans-serif; font-size: small;\"><span style=\"font-family: arial, helvetica, sans-serif;\"><b>A sisak bels\u0151 kialak&iacute;t&aacute;sa komfortos, j&oacute;l k&ouml;rbe&ouml;leli a fejet &eacute;s a napszem&uuml;veg&nbsp;a teljes l&aacute;t&oacute;teret lefedi. Nincs besz\u0171r\u0151d\u0151 , zavar&oacute; f&eacute;ny sehol.&nbsp;<\/b><\/span><\/div>\n<div class=\"gmail_default\" style=\"color: rgb(34, 34, 34); font-family: Arial, Helvetica, sans-serif; font-size: small;\"><span style=\"font-family: arial, helvetica, sans-serif;\"><b>Az els\u0151 &uacute;ton azonnal felt\u0171nt, hogy ez a sisak az &aacute;tlagn&aacute;l sokkal jobban szell\u0151zik. Amint megnyitottam a szell\u0151z\u0151ket, egyb\u0151l &eacute;rezni lehetett a friss menetszelet a sisakon bel&uuml;l. Ez ny&aacute;ri t&uacute;r&aacute;kon &oacute;ri&aacute;si el\u0151ny , hiszen &iacute;gy nem izzadunk bele a sisakba.&nbsp;<\/b><\/span><\/div>\n<div class=\"gmail_default\" style=\"color: rgb(34, 34, 34); font-family: Arial, Helvetica, sans-serif; font-size: small;\"><span style=\"font-family: arial, helvetica, sans-serif;\"><b>Nagyobb temp&oacute;kat is pr&oacute;b&aacute;lgattam a sisakban. M&eacute;g az aut&oacute;p&aacute;lyatemp&oacute; felett sem r&aacute;ngatta a sz&eacute;l a sisakot &eacute;s a zajszint is a felnyithat&oacute; sisakok szintj&eacute;n maradt.&nbsp;<\/b><\/span><\/div>\n<div class=\"gmail_default\" style=\"color: rgb(34, 34, 34); font-family: Arial, Helvetica, sans-serif; font-size: small;\"><span style=\"font-family: arial, helvetica, sans-serif;\"><b>Szem&uuml;vegbar&aacute;t bels\u0151 kialak&iacute;t&aacute;s&uacute;, &eacute;s az univerz&aacute;lis sisakbesz&eacute;l\u0151k is egyszer\u0171en elhelyezhet\u0151ek benne, k&ouml;sz&ouml;nhet\u0151en az el\u0151re kialak&iacute;tott helynek.&nbsp;<\/b><\/span><\/div>\n<div class=\"gmail_default\" style=\"color: rgb(34, 34, 34); font-family: Arial, Helvetica, sans-serif; font-size: small;\"><span style=\"font-family: arial, helvetica, sans-serif;\"><b>Gy&aacute;rilag v&iacute;ztiszta plexivel ker&uuml;l &eacute;rt&eacute;kes&iacute;t&eacute;sre bels\u0151 napszem&uuml;veggel.&nbsp;<\/b>&nbsp;&nbsp;<\/span><\/div>\n<div class=\"gmail_default\" style=\"color: rgb(34, 34, 34); font-family: Arial, Helvetica, sans-serif; font-size: small;\"><span style=\"font-family: arial, helvetica, sans-serif;\"><b>T&uuml;kr&ouml;s fel&uuml;let\u0171 plexit v&aacute;lasztottam hozz&aacute;, ami ha lehet m&eacute;g l&aacute;tv&aacute;nyosabb&aacute; teszi az am&uacute;gy is sz&eacute;p sisakot. Ezzel a plexivel fot&oacute;ztuk a mell&eacute;kelt k&eacute;peken is.&nbsp;<\/b><\/span><\/div>\n<div class=\"gmail_default\" style=\"color: rgb(34, 34, 34); font-family: Arial, Helvetica, sans-serif; font-size: small;\"><b style=\"color: rgb(34, 34, 34); font-family: arial, helvetica, sans-serif; font-size: small;\">Aki ilyen sisakot v&aacute;laszt, biztos lehet benne hogy a motoros bar&aacute;ti t&aacute;rsas&aacute;g&aacute;n bel&uuml;l mindenki meg fogja n&eacute;zni &eacute;s amikor k&eacute;zbeveszik, meg is fognak d&ouml;bbenni motoros bar&aacute;tai. K&ouml;nny\u0171, k&eacute;nyelmes sisak, pr&eacute;mium anyaghaszn&aacute;lattal, ig&eacute;nyes t&uacute;r&aacute;z&oacute;k r&eacute;sz&eacute;re. <\/b><\/div>\n<div class=\"gmail_default\" style=\"color: rgb(34, 34, 34); font-family: Arial, Helvetica, sans-serif; font-size: small;\"><b style=\"color: rgb(34, 34, 34); font-family: arial, helvetica, sans-serif; font-size: small;\">A Marushin felnyithat&oacute;, napszem&uuml;veges&nbsp;full karbon sisakja honlapunkon ide kattintva &eacute;rhet\u0151 el:&nbsp;<\/b><\/div>\n<div class=\"gmail_default\" style=\"color: rgb(34, 34, 34); font-family: Arial, Helvetica, sans-serif; font-size: small;\"><\/div>\n<div class=\"gmail_default\" style=\"color: rgb(34, 34, 34); font-family: Arial, Helvetica, sans-serif; font-size: small;\"><a href=\"https:\/\/darazsgarazs.hu\/index.php\/termek\/marushin-m410-carbon-felnyithato-napszemuveges-bukosisak.1117.html\">https:\/\/darazsgarazs.hu\/index.php\/termek\/marushin-m410-carbon-felnyithato-napszemuveges-bukosisak.1117.html<\/a><\/div>\n<div class=\"gmail_default\" style=\"color: rgb(34, 34, 34); font-family: Arial, Helvetica, sans-serif; font-size: small;\"><\/div>\n<\/div>\n<\/div>\n<div class=\"gmail_default\" style=\"color: rgb(34, 34, 34); font-family: Arial, Helvetica, sans-serif; font-size: small;\"><\/div>\n<\/div>\n","protected":false},"excerpt":{"rendered":"<p>A Marushin 2021-es &uacute;jdons&aacute;g&aacute;t az M410 Full carbon felnyithat&oacute; napszem&uuml;veges buk&oacute;sisakot, mi is nagyon v&aacute;rtuk.&nbsp; Az els\u0151 sz&aacute;ll&iacute;tm&aacute;nyb&oacute;l koll&eacute;g&aacute;nk azonnal [&hellip;]<\/p>\n","protected":false},"featured_media":107182,"template":"","meta":{"site-sidebar-layout":"default","site-content-layout":"","ast-site-content-layout":"default","site-content-style":"default","site-sidebar-style":"default","ast-global-header-display":"","ast-banner-title-visibility":"","ast-main-header-display":"","ast-hfb-above-header-display":"","ast-hfb-below-header-display":"","ast-hfb-mobile-header-display":"","site-post-title":"","ast-breadcrumbs-content":"","ast-featured-img":"","footer-sml-layout":"","ast-disable-related-posts":"","theme-transparent-header-meta":"","adv-header-id-meta":"","stick-header-meta":"","header-above-stick-meta":"","header-main-stick-meta":"","header-below-stick-meta":"","astra-migrate-meta-layouts":"default","ast-page-background-enabled":"default","ast-page-background-meta":{"desktop":{"background-color":"var(--ast-global-color-5)","background-image":"","background-repeat":"repeat","background-position":"center center","background-size":"auto","background-attachment":"scroll","background-type":"","background-media":"","overlay-type":"","overlay-color":"","overlay-opacity":"","overlay-gradient":""},"tablet":{"background-color":"","background-image":"","background-repeat":"repeat","background-position":"center center","background-size":"auto","background-attachment":"scroll","background-type":"","background-media":"","overlay-type":"","overlay-color":"","overlay-opacity":"","overlay-gradient":""},"mobile":{"background-color":"","background-image":"","background-repeat":"repeat","background-position":"center center","background-size":"auto","background-attachment":"scroll","background-type":"","background-media":"","overlay-type":"","overlay-color":"","overlay-opacity":"","overlay-gradient":""}},"ast-content-background-meta":{"desktop":{"background-color":"var(--ast-global-color-4)","background-image":"","background-repeat":"repeat","background-position":"center center","background-size":"auto","background-attachment":"scroll","background-type":"","background-media":"","overlay-type":"","overlay-color":"","overlay-opacity":"","overlay-gradient":""},"tablet":{"background-color":"var(--ast-global-color-4)","background-image":"","background-repeat":"repeat","background-position":"center center","background-size":"auto","background-attachment":"scroll","background-type":"","background-media":"","overlay-type":"","overlay-color":"","overlay-opacity":"","overlay-gradient":""},"mobile":{"background-color":"var(--ast-global-color-4)","background-image":"","background-repeat":"repeat","background-position":"center center","background-size":"auto","background-attachment":"scroll","background-type":"","background-media":"","overlay-type":"","overlay-color":"","overlay-opacity":"","overlay-gradient":""}}},"product_brand":[],"product_cat":[153],"product_tag":[],"class_list":{"0":"post-109950","1":"product","2":"type-product","3":"status-publish","4":"has-post-thumbnail","6":"product_cat-sajat-tesztelesu-termekek","7":"desktop-align-left","8":"tablet-align-left","9":"mobile-align-left","11":"first","12":"instock","13":"shipping-taxable","14":"product-type-simple"},"jetpack_sharing_enabled":true,"_links":{"self":[{"href":"https:\/\/zatureczkimarcell.ddns.net\/wordpress\/wp-json\/wp\/v2\/product\/109950","targetHints":{"allow":["GET"]}}],"collection":[{"href":"https:\/\/zatureczkimarcell.ddns.net\/wordpress\/wp-json\/wp\/v2\/product"}],"about":[{"href":"https:\/\/zatureczkimarcell.ddns.net\/wordpress\/wp-json\/wp\/v2\/types\/product"}],"wp:featuredmedia":[{"embeddable":true,"href":"https:\/\/zatureczkimarcell.ddns.net\/wordpress\/wp-json\/wp\/v2\/media\/107182"}],"wp:attachment":[{"href":"https:\/\/zatureczkimarcell.ddns.net\/wordpress\/wp-json\/wp\/v2\/media?parent=109950"}],"wp:term":[{"taxonomy":"product_brand","embeddable":true,"href":"https:\/\/zatureczkimarcell.ddns.net\/wordpress\/wp-json\/wp\/v2\/product_brand?post=109950"},{"taxonomy":"product_cat","embeddable":true,"href":"https:\/\/zatureczkimarcell.ddns.net\/wordpress\/wp-json\/wp\/v2\/product_cat?post=109950"},{"taxonomy":"product_tag","embeddable":true,"href":"https:\/\/zatureczkimarcell.ddns.net\/wordpress\/wp-json\/wp\/v2\/product_tag?post=109950"}],"curies":[{"name":"wp","href":"https:\/\/api.w.org\/{rel}","templated":true}]}}