{"id":109846,"date":"2026-04-01T10:39:41","date_gmt":"2026-04-01T08:39:41","guid":{"rendered":"https:\/\/zatureczkimarcell.ddns.net\/wordpress\/?post_type=product&#038;p=109846"},"modified":"2026-04-01T10:40:05","modified_gmt":"2026-04-01T08:40:05","slug":"marushin-rs3-bukosisak-teszt","status":"publish","type":"product","link":"https:\/\/zatureczkimarcell.ddns.net\/wordpress\/termek\/marushin-rs3-bukosisak-teszt\/","title":{"rendered":"Marushin RS3 buk\u00f3sisak teszt"},"content":{"rendered":"<p><span style=\"font-size:16px;\"><strong>Koll&eacute;g&aacute;nk letesztelte a Marushin RS3-as sisakj&aacute;t.&nbsp;<\/strong><\/span><\/p>\n<p><span style=\"font-size:16px;\"><strong>Az extra k&ouml;nny\u0171 sisakr&oacute;l (1250gramm)&nbsp; kider&uuml;lt hogy extra j&oacute;l is szell\u0151zik, illetve az is ,hogy a kimagasl&oacute; szell\u0151z&eacute;s ellen&eacute;re, meglehet\u0151sen csendes sisak!&nbsp;<\/strong><\/span><\/p>\n<p><span style=\"font-size:16px;\"><strong>Csak aj&aacute;nlani tudjuk!&nbsp;<\/strong><\/span><\/p>\n<p><span style=\"font-size:16px;\"><strong>Rendk&iacute;v&uuml;l kis h&eacute;jszerkezt\u0171 , extra k&ouml;nny\u0171 buk&oacute;sisak.<\/strong><\/span><\/p>\n<p><span style=\"font-size:16px;\"><strong>A kis h&eacute;jm&eacute;retnek, nem csak a l&eacute;gellen&aacute;ll&aacute;sban, hanem a megjelen&eacute;sben is nagy szerepe van.<\/strong><\/span><\/p>\n<p><span style=\"font-size:16px;\"><strong>Ha a t&uuml;k&ouml;rbe n&eacute;zve nem akarod azt &eacute;rezni , hogy egy asztronauta &aacute;ll, veled szemben akkor ez a te sisakod. H&ouml;lgyek is el\u0151szeretettel is v&aacute;lasztj&aacute;k, rendk&iacute;v&uuml;li k&ouml;nnyeds&eacute;ge &eacute;s kis m&eacute;rete miatt.<\/strong><\/span><\/p>\n<p><span style=\"font-size:16px;\"><strong>Koll&eacute;g&aacute;nk elmondta, hogy a legjobban szell\u0151z\u0151 buk&oacute;sisakja eddig &eacute;let&eacute;ben, &eacute;s lesz&ouml;gezhetj&uuml;k nem ez az els\u0151 ami a fej&eacute;n van \ud83d\ude09<\/strong><\/span><\/p>\n<p><span style=\"font-size:16px;\"><strong>A kimagasl&oacute;an j&oacute; szell\u0151z&eacute;s ellen&eacute;re , m&eacute;g extr&eacute;m magas temp&oacute; mellett is csendes sisak. 270Km\/h felett sem kellett f&uuml;ldug&oacute;, pedig ilyen temp&oacute;n&aacute;l egy &aacute;tlagos sisakban az&eacute;rt nem szoktuk azt mondani hogy csend van. A Marushin RS3 kis s&uacute;ly&aacute;val, kis h&eacute;jszerkezet&eacute;vel &eacute;s m&eacute;g nagyon magas sebess&eacute;gn&eacute;l is alacsony zajszintj&eacute;vel, az egyik, ha nem a legjobb buk&oacute;sisak a vil&aacute;gon.<\/strong><\/span><\/p>\n<p><span style=\"font-size:16px;\"><strong>Versenyp&aacute;lya haszn&aacute;latra is aj&aacute;nlott, mert az RS1 &eacute;s RS2 el\u0151d&ouml;ket is nagysz&aacute;mban vitt&eacute;k p&aacute;lyanapokra &eacute;s nagy el&eacute;gedetts&eacute;ggel haszn&aacute;lt&aacute;k.<\/strong><\/span><\/p>\n<p><span style=\"font-size:16px;\"><strong>Sharp 5 csillagos t&ouml;r&eacute;steszt, &eacute;s a legbiztons&aacute;gosabb dupla d gy\u0171r\u0171s verseny akredit&aacute;lt csattrendszer.<\/strong><\/span><\/p>\n<p><span style=\"font-size:16px;\"><strong>S&ouml;t&eacute;t plexivel tov&aacute;bb jav&iacute;thatjuk a sisak am&uacute;gy is kompakt megjelen&eacute;s&eacute;t. A teszt Hayabus&aacute;n k&eacute;sz&uuml;lt, &eacute;s mivel tart&oacute;steszt, folytat&oacute;dik.<\/strong><\/span><\/p>\n<p><span style=\"font-size:16px;\"><strong>Kiv&aacute;l&oacute; &aacute;r &ndash;&eacute;rt&eacute;k ar&aacute;ny, melyet m&aacute;s m&aacute;rk&aacute;k nem tudnak megk&ouml;zel&iacute;teni.<\/strong><\/span><\/p>\n<p><span style=\"font-size:16px;\"><strong>A Marushin RS3 buk&oacute;sisakot honlapunk k&iacute;n&aacute;lat&aacute;ban az al&aacute;bbi linkekre kattintva tal&aacute;lod:&nbsp;<\/strong><\/span><\/p>\n<p><span style=\"font-size:16px;\"><strong>Techno Feh&eacute;r\/sz&uuml;rke:&nbsp;<\/strong><\/span><\/p>\n<p><a href=\"https:\/\/darazsgarazs.hu\/index.php\/termek\/marushin-rs3-tecno-uvegszalas-sisak.1120.html\"><span style=\"font-size:16px;\"><strong>https:\/\/darazsgarazs.hu\/index.php\/termek\/marushin-rs3-tecno-uvegszalas-sisak.1120.html<\/strong><\/span><\/a><\/p>\n<p><span style=\"font-size:16px;\"><strong>Techno UV l&aacute;that&oacute;s&aacute;gi bet&eacute;ttel:&nbsp;<\/strong><\/span><\/p>\n<p><a href=\"https:\/\/darazsgarazs.hu\/index.php\/termek\/marushin-rs3-tecno-uvegszalas-sisak.1121.html\"><span style=\"font-size:16px;\"><strong>https:\/\/darazsgarazs.hu\/index.php\/termek\/marushin-rs3-tecno-uvegszalas-sisak.1121.html<\/strong><\/span><\/a><\/p>\n<p><strong style=\"box-sizing: border-box; max-width: 100%; font-family: Roboto, sans-serif; font-size: 16px;\">Tekintsd meg extr&eacute;m cs&uacute;sz&aacute;sos balesetet szimul&aacute;l&oacute; vide&oacute;nkat, melyben a Marushin RS3&nbsp;t&ouml;k&eacute;letesen vizsg&aacute;zott:&nbsp;<\/strong><\/p>\n<div style=\"position:relative;padding-bottom:56.25%;padding-top:30px;height:0;overflow:hidden;\"><iframe loading=\"lazy\" allowfullscreen=\"\" frameborder=\"0\" height=\"360\" src=\"\/\/www.youtube.com\/embed\/Sajw_zXzcyo?rel=0\" style=\"position: absolute;top: 0;left: 0;width: 100%;height: 100%;\" width=\"640\"><\/iframe><\/div>\n<div style=\"position:relative;padding-bottom:56.25%;padding-top:30px;height:0;overflow:hidden;\"><strong>A Marushin RS3 t&ouml;k&eacute;letesen teljes&iacute;tett a durva teszt sor&aacute;n is! Megv&eacute;dte koll&eacute;g&aacute;nkat. A sisak teszt ut&aacute;ni fot&oacute;ja a term&eacute;k k&eacute;pek k&ouml;z&ouml;tt l&aacute;that&oacute;.<\/strong><\/div><\/p>\n","protected":false},"excerpt":{"rendered":"<p>Koll&eacute;g&aacute;nk letesztelte a Marushin RS3-as sisakj&aacute;t.&nbsp; Az extra k&ouml;nny\u0171 sisakr&oacute;l (1250gramm)&nbsp; kider&uuml;lt hogy extra j&oacute;l is szell\u0151zik, illetve az is [&hellip;]<\/p>\n","protected":false},"featured_media":104558,"template":"","meta":{"site-sidebar-layout":"default","site-content-layout":"","ast-site-content-layout":"default","site-content-style":"default","site-sidebar-style":"default","ast-global-header-display":"","ast-banner-title-visibility":"","ast-main-header-display":"","ast-hfb-above-header-display":"","ast-hfb-below-header-display":"","ast-hfb-mobile-header-display":"","site-post-title":"","ast-breadcrumbs-content":"","ast-featured-img":"","footer-sml-layout":"","ast-disable-related-posts":"","theme-transparent-header-meta":"","adv-header-id-meta":"","stick-header-meta":"","header-above-stick-meta":"","header-main-stick-meta":"","header-below-stick-meta":"","astra-migrate-meta-layouts":"default","ast-page-background-enabled":"default","ast-page-background-meta":{"desktop":{"background-color":"var(--ast-global-color-5)","background-image":"","background-repeat":"repeat","background-position":"center center","background-size":"auto","background-attachment":"scroll","background-type":"","background-media":"","overlay-type":"","overlay-color":"","overlay-opacity":"","overlay-gradient":""},"tablet":{"background-color":"","background-image":"","background-repeat":"repeat","background-position":"center center","background-size":"auto","background-attachment":"scroll","background-type":"","background-media":"","overlay-type":"","overlay-color":"","overlay-opacity":"","overlay-gradient":""},"mobile":{"background-color":"","background-image":"","background-repeat":"repeat","background-position":"center center","background-size":"auto","background-attachment":"scroll","background-type":"","background-media":"","overlay-type":"","overlay-color":"","overlay-opacity":"","overlay-gradient":""}},"ast-content-background-meta":{"desktop":{"background-color":"var(--ast-global-color-4)","background-image":"","background-repeat":"repeat","background-position":"center center","background-size":"auto","background-attachment":"scroll","background-type":"","background-media":"","overlay-type":"","overlay-color":"","overlay-opacity":"","overlay-gradient":""},"tablet":{"background-color":"var(--ast-global-color-4)","background-image":"","background-repeat":"repeat","background-position":"center center","background-size":"auto","background-attachment":"scroll","background-type":"","background-media":"","overlay-type":"","overlay-color":"","overlay-opacity":"","overlay-gradient":""},"mobile":{"background-color":"var(--ast-global-color-4)","background-image":"","background-repeat":"repeat","background-position":"center center","background-size":"auto","background-attachment":"scroll","background-type":"","background-media":"","overlay-type":"","overlay-color":"","overlay-opacity":"","overlay-gradient":""}}},"product_brand":[],"product_cat":[153],"product_tag":[],"class_list":{"0":"post-109846","1":"product","2":"type-product","3":"status-publish","4":"has-post-thumbnail","6":"product_cat-sajat-tesztelesu-termekek","7":"desktop-align-left","8":"tablet-align-left","9":"mobile-align-left","11":"first","12":"instock","13":"shipping-taxable","14":"product-type-simple"},"jetpack_sharing_enabled":true,"_links":{"self":[{"href":"https:\/\/zatureczkimarcell.ddns.net\/wordpress\/wp-json\/wp\/v2\/product\/109846","targetHints":{"allow":["GET"]}}],"collection":[{"href":"https:\/\/zatureczkimarcell.ddns.net\/wordpress\/wp-json\/wp\/v2\/product"}],"about":[{"href":"https:\/\/zatureczkimarcell.ddns.net\/wordpress\/wp-json\/wp\/v2\/types\/product"}],"wp:featuredmedia":[{"embeddable":true,"href":"https:\/\/zatureczkimarcell.ddns.net\/wordpress\/wp-json\/wp\/v2\/media\/104558"}],"wp:attachment":[{"href":"https:\/\/zatureczkimarcell.ddns.net\/wordpress\/wp-json\/wp\/v2\/media?parent=109846"}],"wp:term":[{"taxonomy":"product_brand","embeddable":true,"href":"https:\/\/zatureczkimarcell.ddns.net\/wordpress\/wp-json\/wp\/v2\/product_brand?post=109846"},{"taxonomy":"product_cat","embeddable":true,"href":"https:\/\/zatureczkimarcell.ddns.net\/wordpress\/wp-json\/wp\/v2\/product_cat?post=109846"},{"taxonomy":"product_tag","embeddable":true,"href":"https:\/\/zatureczkimarcell.ddns.net\/wordpress\/wp-json\/wp\/v2\/product_tag?post=109846"}],"curies":[{"name":"wp","href":"https:\/\/api.w.org\/{rel}","templated":true}]}}