{"id":109815,"date":"2026-04-01T10:38:34","date_gmt":"2026-04-01T08:38:34","guid":{"rendered":"https:\/\/zatureczkimarcell.ddns.net\/wordpress\/?post_type=product&#038;p=109815"},"modified":"2026-04-01T10:38:59","modified_gmt":"2026-04-01T08:38:59","slug":"a-modeka-glenn-kevlaros-farmer-mar-balesetben-is-bizonyitott","status":"publish","type":"product","link":"https:\/\/zatureczkimarcell.ddns.net\/wordpress\/termek\/a-modeka-glenn-kevlaros-farmer-mar-balesetben-is-bizonyitott\/","title":{"rendered":"A Modeka Glenn kevl\u00e1ros farmer m\u00e1r balesetben is bizony\u00edtott"},"content":{"rendered":"<p><strong>El&eacute;gedett &uuml;gyfel&uuml;nk levele:<\/strong><\/p>\n<p><strong>Sziasztok!<\/strong><\/p>\n<p><strong>R&ouml;viden a t&ouml;rt&eacute;netem:<\/strong><\/p>\n<p><strong>2019.07.14-&eacute;n a Balaton &eacute;szaki partj&aacute;n tartottam haza fel&eacute; egy 2.000 km-es 6 napos Wellness f&uuml;rd\u0151z\u0151s &eacute;s Plitvicai tavak kir&aacute;ndul&aacute;sos motoros t&uacute;r&aacute;r&oacute;l.<\/strong><\/p>\n<p><strong>A 71-es &uacute;ton haladtam Balatonf&uuml;red fel&eacute; kb. 70-80-as temp&oacute;val amikor &nbsp;Tihanyb&oacute;l kihajtott el&eacute;m egy termetes GLE350D Mercedes v&aacute;rosi terepj&aacute;r&oacute;.<\/strong><\/p>\n<p><strong>A szemtan&uacute;k &eacute;s a rend\u0151rs&eacute;gi jegyz\u0151k&ouml;nyv szerint ekkor kb. 20 m&eacute;tere lehetem a keresztez\u0151d&eacute;st\u0151l(nekem t&ouml;bbnek t\u0171nt), &eacute;s innent\u0151l kezdve amit le&iacute;rok az kb. 2 m&aacute;sodperc volt.<\/strong><\/p>\n<p><strong>Satuf&eacute;k el\u0151l &ndash; h&aacute;tul , motor &bdquo;segge&rdquo; balra ki &eacute;n meg jobbra leh&uacute;ztam a motort a f&ouml;ldre az&eacute;rt, hogy ne &aacute;ll&oacute; helyzetben tal&aacute;lkozzunk.<\/strong><\/p>\n<p><strong>A nyomok szerint a korm&aacute;nyv&eacute;gen lev\u0151 buk&oacute;gomba az &uuml;tk&ouml;z&eacute;s el\u0151tt 2 m&eacute;terrel sz&aacute;ntotta fel az aszfaltot.<\/strong><\/p>\n<p><strong>Csatt<\/strong><\/p>\n<p><strong>A motor (meg &eacute;n) landoltunk a Merci bal h&aacute;ts&oacute; kerek&eacute;ben, a motor felpattant az aszfaltr&oacute;l majd vissza a f&ouml;ldre, &eacute;n meg rep&uuml;ltem 3-4 m&eacute;tert a leveg\u0151ben majd j&ouml;tt a soha v&eacute;get nem &eacute;r\u0151nek t\u0171n\u0151 p&ouml;rg&eacute;s a f&ouml;ld&ouml;n.<\/strong><\/p>\n<p><strong>V&eacute;g&aacute;llom&aacute;s az &uacute;tjelz\u0151 oszlop mellett f&eacute;l m&eacute;terrel a j&aacute;rdaszigeten.<\/strong><\/p>\n<p><strong>K&ouml;vetkezm&eacute;nyek:<\/strong><\/p>\n<p><strong>jobb k&eacute;z szalag &eacute;s &iacute;n szakad&aacute;sok oper&aacute;ci&oacute; dr&oacute;t, s&iacute;n stb. bal k&eacute;z szalagny&uacute;l&aacute;s &eacute;s r&eacute;szleges szalagszakad&aacute;s. Jobb oldalon t&eacute;rdt\u0151l bord&aacute;kig k&eacute;k- z&ouml;ld-lila bev&eacute;rz&eacute;sek kiv&eacute;ve ahol a nadr&aacute;gban volt a protektor, azt szab&aacute;lyosan k&ouml;rbe lehetett volna rajzolni mert alatta nem volt semmilyen bev&eacute;rz&eacute;s.<\/strong><\/p>\n<p><strong>A nadr&aacute;g s&eacute;r&uuml;l&eacute;s&eacute;r\u0151l a k&eacute;peket a mell&eacute;kletben tal&aacute;lj&aacute;tok.<\/strong><\/p>\n<p><strong>Sz&eacute;les utat mindenkinek.<\/strong><\/p>\n<p><strong>J&oacute;zsi<\/strong><\/p>\n<\/p>\n<p><strong>A Modeka Glenn kevl&aacute;ros farmer honlapunkon az al&aacute;bbi linkre kattintva &eacute;rhet\u0151 el:&nbsp;<\/strong><\/p>\n<p><strong><a href=\"https:\/\/darazsgarazs.hu\/termek\/modeka-glenn-kevlaros-farmer.855.html\">https:\/\/darazsgarazs.hu\/termek\/modeka-glenn-kevlaros-farmer.855.html<\/a><\/strong><\/p>\n<p><strong><span style=\"color:#FF0000;\">Figyelem!<\/span> Koll&eacute;g&aacute;nk is haszn&aacute;lja a Modeka Glenn kevl&aacute;ros farmert! Koll&eacute;g&aacute;nk tesztj&eacute;t ide kattintva olvashatod:&nbsp;<\/strong><\/p>\n<p><a href=\"https:\/\/darazsgarazs.hu\/termek\/modeka-glenn-kevlaros-farmer-teszt.898.html\"><strong>https:\/\/darazsgarazs.hu\/termek\/modeka-glenn-kevlaros-farmer-teszt.898.html<\/strong><\/a><\/p>\n","protected":false},"excerpt":{"rendered":"<p>El&eacute;gedett &uuml;gyfel&uuml;nk levele: Sziasztok! R&ouml;viden a t&ouml;rt&eacute;netem: 2019.07.14-&eacute;n a Balaton &eacute;szaki partj&aacute;n tartottam haza fel&eacute; egy 2.000 km-es 6 napos [&hellip;]<\/p>\n","protected":false},"featured_media":102622,"template":"","meta":{"site-sidebar-layout":"default","site-content-layout":"","ast-site-content-layout":"default","site-content-style":"default","site-sidebar-style":"default","ast-global-header-display":"","ast-banner-title-visibility":"","ast-main-header-display":"","ast-hfb-above-header-display":"","ast-hfb-below-header-display":"","ast-hfb-mobile-header-display":"","site-post-title":"","ast-breadcrumbs-content":"","ast-featured-img":"","footer-sml-layout":"","ast-disable-related-posts":"","theme-transparent-header-meta":"","adv-header-id-meta":"","stick-header-meta":"","header-above-stick-meta":"","header-main-stick-meta":"","header-below-stick-meta":"","astra-migrate-meta-layouts":"default","ast-page-background-enabled":"default","ast-page-background-meta":{"desktop":{"background-color":"var(--ast-global-color-5)","background-image":"","background-repeat":"repeat","background-position":"center center","background-size":"auto","background-attachment":"scroll","background-type":"","background-media":"","overlay-type":"","overlay-color":"","overlay-opacity":"","overlay-gradient":""},"tablet":{"background-color":"","background-image":"","background-repeat":"repeat","background-position":"center center","background-size":"auto","background-attachment":"scroll","background-type":"","background-media":"","overlay-type":"","overlay-color":"","overlay-opacity":"","overlay-gradient":""},"mobile":{"background-color":"","background-image":"","background-repeat":"repeat","background-position":"center center","background-size":"auto","background-attachment":"scroll","background-type":"","background-media":"","overlay-type":"","overlay-color":"","overlay-opacity":"","overlay-gradient":""}},"ast-content-background-meta":{"desktop":{"background-color":"var(--ast-global-color-4)","background-image":"","background-repeat":"repeat","background-position":"center center","background-size":"auto","background-attachment":"scroll","background-type":"","background-media":"","overlay-type":"","overlay-color":"","overlay-opacity":"","overlay-gradient":""},"tablet":{"background-color":"var(--ast-global-color-4)","background-image":"","background-repeat":"repeat","background-position":"center center","background-size":"auto","background-attachment":"scroll","background-type":"","background-media":"","overlay-type":"","overlay-color":"","overlay-opacity":"","overlay-gradient":""},"mobile":{"background-color":"var(--ast-global-color-4)","background-image":"","background-repeat":"repeat","background-position":"center center","background-size":"auto","background-attachment":"scroll","background-type":"","background-media":"","overlay-type":"","overlay-color":"","overlay-opacity":"","overlay-gradient":""}}},"product_brand":[],"product_cat":[153],"product_tag":[],"class_list":{"0":"post-109815","1":"product","2":"type-product","3":"status-publish","4":"has-post-thumbnail","6":"product_cat-sajat-tesztelesu-termekek","7":"desktop-align-left","8":"tablet-align-left","9":"mobile-align-left","11":"first","12":"instock","13":"shipping-taxable","14":"product-type-simple"},"jetpack_sharing_enabled":true,"_links":{"self":[{"href":"https:\/\/zatureczkimarcell.ddns.net\/wordpress\/wp-json\/wp\/v2\/product\/109815","targetHints":{"allow":["GET"]}}],"collection":[{"href":"https:\/\/zatureczkimarcell.ddns.net\/wordpress\/wp-json\/wp\/v2\/product"}],"about":[{"href":"https:\/\/zatureczkimarcell.ddns.net\/wordpress\/wp-json\/wp\/v2\/types\/product"}],"wp:featuredmedia":[{"embeddable":true,"href":"https:\/\/zatureczkimarcell.ddns.net\/wordpress\/wp-json\/wp\/v2\/media\/102622"}],"wp:attachment":[{"href":"https:\/\/zatureczkimarcell.ddns.net\/wordpress\/wp-json\/wp\/v2\/media?parent=109815"}],"wp:term":[{"taxonomy":"product_brand","embeddable":true,"href":"https:\/\/zatureczkimarcell.ddns.net\/wordpress\/wp-json\/wp\/v2\/product_brand?post=109815"},{"taxonomy":"product_cat","embeddable":true,"href":"https:\/\/zatureczkimarcell.ddns.net\/wordpress\/wp-json\/wp\/v2\/product_cat?post=109815"},{"taxonomy":"product_tag","embeddable":true,"href":"https:\/\/zatureczkimarcell.ddns.net\/wordpress\/wp-json\/wp\/v2\/product_tag?post=109815"}],"curies":[{"name":"wp","href":"https:\/\/api.w.org\/{rel}","templated":true}]}}