{"id":109796,"date":"2026-04-01T10:38:20","date_gmt":"2026-04-01T08:38:20","guid":{"rendered":"https:\/\/zatureczkimarcell.ddns.net\/wordpress\/?post_type=product&#038;p=109796"},"modified":"2026-04-01T10:38:44","modified_gmt":"2026-04-01T08:38:44","slug":"termek-megrendelese-elore-utalassal","status":"publish","type":"product","link":"https:\/\/zatureczkimarcell.ddns.net\/wordpress\/termek\/termek-megrendelese-elore-utalassal\/","title":{"rendered":"Term\u00e9k megrendel\u00e9se el\u0151re utal\u00e1ssal"},"content":{"rendered":"<p><strong>&Uuml;zlet&uuml;nkben nem csak szem&eacute;lyes v&aacute;s&aacute;rl&aacute;s lehets&eacute;ges!<\/strong><\/p>\n<p><strong>K&eacute;r&eacute;sedre fut&aacute;rszolg&aacute;lattal a v&aacute;lasztott term&eacute;keket az &aacute;ltalad megadott c&iacute;mre kisz&aacute;ll&iacute;tjuk.<\/strong><\/p>\n<p><strong>El\u0151re utal&aacute;s eset&eacute;n a h&aacute;zhoz sz&aacute;ll&iacute;t&aacute;s k&ouml;lts&eacute;ge egy &aacute;tlagos csomag eset&eacute;n&nbsp;mind&ouml;ssze 2.190Ft.<\/strong><\/p>\n<\/p>\n<p><strong><span style=\"color:#FF0000;\">Rendel&eacute;sed leadhatod&nbsp;telefonon vagy&nbsp;e-mail &uuml;zenetben egyar&aacute;nt<\/span>.<\/strong><\/p>\n<p><strong>Telefonsz&aacute;munk ahol nyitvatart&aacute;si id\u0151n bel&uuml;l a rendel&eacute;sed fogadjuk: 06702467150<\/strong><\/p>\n<p><strong>E-mail c&iacute;m&uuml;nk:<\/strong> <a href=\"mailto:motorosszakuzlet@gmail.com\">motorosszakuzlet@gmail.com<\/a><\/p>\n<\/p>\n<p><strong>A h&aacute;zhoz sz&aacute;ll&iacute;t&aacute;st &uuml;zlet&uuml;nkb\u0151l az &aacute;ltalad megadott c&iacute;mre, a GLS nemzetk&ouml;zi fut&aacute;rszolg&aacute;lat v&eacute;gzi.<\/strong><\/p>\n<p><strong>A sz&aacute;ll&iacute;t&aacute;si k&ouml;lts&eacute;g&nbsp;minden esetben a term&eacute;k vagy term&eacute;kek &aacute;r&aacute;hoz ad&oacute;dik hozz&aacute;.<\/strong><\/p>\n<\/p>\n<p><strong>T&ouml;bb term&eacute;k egy&uuml;ttes rendel&eacute;se eset&eacute;n, term&eacute;szetesen csak egy sz&aacute;ll&iacute;t&aacute;si k&ouml;lts&eacute;ggel kell sz&aacute;molni!<\/strong><\/p>\n<\/p>\n<p><strong>Amennyiben az utal&aacute;st szeretn&eacute;d v&aacute;lasztani, az al&aacute;bbi&nbsp;adatok lesznek a seg&iacute;ts&eacute;gedre :&nbsp;<\/strong><\/p>\n<p><strong>Sz&aacute;mlavezet\u0151 bank : OTP Bank&nbsp;<\/strong><\/p>\n<p><strong>Sz&aacute;mlatulajdonos &#8211; kedvezm&eacute;nyezett: Monkeymotor Kft.&nbsp;<\/strong><\/p>\n<p><strong>Sz&aacute;mlasz&aacute;m: 11713177-21452756<\/strong><\/p>\n<\/p>\n<p><strong>Amikor az utal&aacute;s be&eacute;rkezik, a megrendelt term&eacute;k &#8211; term&eacute;kek post&aacute;z&aacute;sra ker&uuml;lnek.<\/strong><\/p>\n<p><span style=\"color:#FF0000;\"><strong>Fontos hogy olyan c&iacute;met adj meg r&eacute;sz&uuml;nkre ahol napk&ouml;zben a fut&aacute;r &aacute;t tudja adni a megrendelt term&eacute;keket tartalmaz&oacute; csomagot. K&eacute;r&uuml;nk hogy k&uuml;ldj r&eacute;sz&uuml;nkre egy olyan telefonsz&aacute;mot is, amit a csomagon felt&uuml;ntethet&uuml;nk.&nbsp;<\/strong><\/span><\/p>\n<\/p>\n<p><strong>&Uuml;dv&ouml;zlettel: <a href=\"http:\/\/www.darazsgarazs.hu\/\">www.darazsgarazs.hu<\/a><\/strong><\/p><\/p>\n","protected":false},"excerpt":{"rendered":"<p>&Uuml;zlet&uuml;nkben nem csak szem&eacute;lyes v&aacute;s&aacute;rl&aacute;s lehets&eacute;ges! K&eacute;r&eacute;sedre fut&aacute;rszolg&aacute;lattal a v&aacute;lasztott term&eacute;keket az &aacute;ltalad megadott c&iacute;mre kisz&aacute;ll&iacute;tjuk. El\u0151re utal&aacute;s eset&eacute;n a [&hellip;]<\/p>\n","protected":false},"featured_media":106565,"template":"","meta":{"site-sidebar-layout":"default","site-content-layout":"","ast-site-content-layout":"default","site-content-style":"default","site-sidebar-style":"default","ast-global-header-display":"","ast-banner-title-visibility":"","ast-main-header-display":"","ast-hfb-above-header-display":"","ast-hfb-below-header-display":"","ast-hfb-mobile-header-display":"","site-post-title":"","ast-breadcrumbs-content":"","ast-featured-img":"","footer-sml-layout":"","ast-disable-related-posts":"","theme-transparent-header-meta":"","adv-header-id-meta":"","stick-header-meta":"","header-above-stick-meta":"","header-main-stick-meta":"","header-below-stick-meta":"","astra-migrate-meta-layouts":"default","ast-page-background-enabled":"default","ast-page-background-meta":{"desktop":{"background-color":"var(--ast-global-color-5)","background-image":"","background-repeat":"repeat","background-position":"center center","background-size":"auto","background-attachment":"scroll","background-type":"","background-media":"","overlay-type":"","overlay-color":"","overlay-opacity":"","overlay-gradient":""},"tablet":{"background-color":"","background-image":"","background-repeat":"repeat","background-position":"center center","background-size":"auto","background-attachment":"scroll","background-type":"","background-media":"","overlay-type":"","overlay-color":"","overlay-opacity":"","overlay-gradient":""},"mobile":{"background-color":"","background-image":"","background-repeat":"repeat","background-position":"center center","background-size":"auto","background-attachment":"scroll","background-type":"","background-media":"","overlay-type":"","overlay-color":"","overlay-opacity":"","overlay-gradient":""}},"ast-content-background-meta":{"desktop":{"background-color":"var(--ast-global-color-4)","background-image":"","background-repeat":"repeat","background-position":"center center","background-size":"auto","background-attachment":"scroll","background-type":"","background-media":"","overlay-type":"","overlay-color":"","overlay-opacity":"","overlay-gradient":""},"tablet":{"background-color":"var(--ast-global-color-4)","background-image":"","background-repeat":"repeat","background-position":"center center","background-size":"auto","background-attachment":"scroll","background-type":"","background-media":"","overlay-type":"","overlay-color":"","overlay-opacity":"","overlay-gradient":""},"mobile":{"background-color":"var(--ast-global-color-4)","background-image":"","background-repeat":"repeat","background-position":"center center","background-size":"auto","background-attachment":"scroll","background-type":"","background-media":"","overlay-type":"","overlay-color":"","overlay-opacity":"","overlay-gradient":""}}},"product_brand":[],"product_cat":[154],"product_tag":[],"class_list":{"0":"post-109796","1":"product","2":"type-product","3":"status-publish","4":"has-post-thumbnail","6":"product_cat-a-vasarlas-arurendeles-menete","7":"desktop-align-left","8":"tablet-align-left","9":"mobile-align-left","11":"first","12":"instock","13":"shipping-taxable","14":"purchasable","15":"product-type-simple"},"jetpack_sharing_enabled":true,"_links":{"self":[{"href":"https:\/\/zatureczkimarcell.ddns.net\/wordpress\/wp-json\/wp\/v2\/product\/109796","targetHints":{"allow":["GET"]}}],"collection":[{"href":"https:\/\/zatureczkimarcell.ddns.net\/wordpress\/wp-json\/wp\/v2\/product"}],"about":[{"href":"https:\/\/zatureczkimarcell.ddns.net\/wordpress\/wp-json\/wp\/v2\/types\/product"}],"wp:featuredmedia":[{"embeddable":true,"href":"https:\/\/zatureczkimarcell.ddns.net\/wordpress\/wp-json\/wp\/v2\/media\/106565"}],"wp:attachment":[{"href":"https:\/\/zatureczkimarcell.ddns.net\/wordpress\/wp-json\/wp\/v2\/media?parent=109796"}],"wp:term":[{"taxonomy":"product_brand","embeddable":true,"href":"https:\/\/zatureczkimarcell.ddns.net\/wordpress\/wp-json\/wp\/v2\/product_brand?post=109796"},{"taxonomy":"product_cat","embeddable":true,"href":"https:\/\/zatureczkimarcell.ddns.net\/wordpress\/wp-json\/wp\/v2\/product_cat?post=109796"},{"taxonomy":"product_tag","embeddable":true,"href":"https:\/\/zatureczkimarcell.ddns.net\/wordpress\/wp-json\/wp\/v2\/product_tag?post=109796"}],"curies":[{"name":"wp","href":"https:\/\/api.w.org\/{rel}","templated":true}]}}