{"id":109792,"date":"2026-04-01T10:37:56","date_gmt":"2026-04-01T08:37:56","guid":{"rendered":"https:\/\/zatureczkimarcell.ddns.net\/wordpress\/?post_type=product&#038;p=109792"},"modified":"2026-04-01T10:38:41","modified_gmt":"2026-04-01T08:38:41","slug":"modeka-mystic","status":"publish","type":"product","link":"https:\/\/zatureczkimarcell.ddns.net\/wordpress\/termek\/modeka-mystic\/","title":{"rendered":"MODEKA MYSTIC"},"content":{"rendered":"<div style=\"box-sizing: border-box; font-family: Roboto, sans-serif; font-size: 16px;\">\n<div style=\"box-sizing: border-box;\"><strong style=\"box-sizing: border-box;\"><span style=\"box-sizing: border-box; font-size: 13px;\">Er\u0151s de k&eacute;nyelmes k&uuml;ls\u0151 anyag&uacute;, sportos megjelen&eacute;s\u0171 motoros kab&aacute;t kivehet\u0151 Hitex 100% v&iacute;z&aacute;ll&oacute; &eacute;s sz&eacute;l&aacute;ll&oacute; l&eacute;legz\u0151 membr&aacute;nnal !&nbsp;<\/span><\/strong><\/div>\n<div style=\"box-sizing: border-box;\"><\/div>\n<div style=\"box-sizing: border-box;\"><span style=\"box-sizing: border-box; color: rgb(255, 0, 0);\"><strong style=\"box-sizing: border-box;\"><span style=\"box-sizing: border-box; font-size: 13px;\">Nagyon j&oacute; megold&aacute;s hogy az es\u0151 &eacute;s sz&eacute;lv&eacute;delmet nem a kab&aacute;t k&uuml;ls\u0151 r&eacute;sze , hanem a kivehet\u0151 membr&aacute;n l&aacute;tja el, mert &iacute;gy a kab&aacute;t a k&uuml;ls\u0151 r&eacute;sz&eacute;n &aacute;t, teljes eg&eacute;sz&eacute;ben tud szell\u0151zni, nem csak a nyithat&oacute; szell\u0151z\u0151k&ouml;n kereszt&uuml;l!&nbsp;<\/span><\/strong><\/span><\/div>\n<div style=\"box-sizing: border-box;\"><\/div>\n<\/div>\n<div style=\"box-sizing: border-box; font-family: Roboto, sans-serif; font-size: 16px;\"><\/div>\n<div style=\"box-sizing: border-box; font-family: Roboto, sans-serif; font-size: 16px;\"><strong style=\"box-sizing: border-box;\">R&eacute;szletek:&nbsp;<\/strong><\/div>\n<div style=\"box-sizing: border-box; font-family: Roboto, sans-serif; font-size: 16px;\"><strong style=\"box-sizing: border-box;\"><span style=\"box-sizing: border-box; font-size: 13px;\">AIRVENT rendszer\u0171 nyithat&oacute; szell\u0151ztet\u0151 cipz&aacute;rak a kab&aacute;t t&ouml;bb pontj&aacute;n , t&ouml;bbek k&ouml;zt a h&oacute;nalj r&eacute;szen is!&nbsp;<\/span><\/strong><\/div>\n<div style=\"box-sizing: border-box; font-family: Roboto, sans-serif; font-size: 16px;\"><strong style=\"box-sizing: border-box;\"><span style=\"box-sizing: border-box; font-size: 13px;\">F&eacute;nyvisszaver\u0151 a kab&aacute;t t&ouml;bb pontj&aacute;n 3M &trade; Scotchlite &trade;&nbsp;<\/span><\/strong><\/div>\n<div style=\"box-sizing: border-box; font-family: Roboto, sans-serif; font-size: 16px;\"><strong style=\"box-sizing: border-box;\"><span style=\"box-sizing: border-box; font-size: 13px;\">Kivehet\u0151 Hitex&reg; membr&aacute;n: 100% v&iacute;z&aacute;ll&oacute; &eacute;s sz&eacute;l&aacute;ll&oacute; l&eacute;legz\u0151 membr&aacute;n technol&oacute;gia, melynek r&eacute;szletes le&iacute;r&aacute;sa az anyaglexikon men&uuml;pontban tal&aacute;lhat&oacute;.<\/span><\/strong><\/div>\n<div style=\"box-sizing: border-box; font-family: Roboto, sans-serif; font-size: 16px;\"><strong style=\"box-sizing: border-box;\"><span style=\"box-sizing: border-box; font-size: 13px;\">CE min\u0151s&iacute;tett protektorok a v&aacute;ll &eacute;s a k&ouml;ny&ouml;k r&eacute;szen.&nbsp;<\/span><\/strong><\/div>\n<div style=\"box-sizing: border-box; font-family: Roboto, sans-serif; font-size: 16px;\">\n<div><\/div>\n<div><span style=\"font-size:16px;\"><strong>A k&ouml;ny&ouml;kprotektor helyzete &aacute;ll&iacute;that&oacute;, &iacute;gy a be&aacute;ll&iacute;t&aacute;st k&ouml;vet\u0151en mindenki sz&aacute;m&aacute;ra azonnal t&ouml;k&eacute;letes helyen lesz a protektor!&nbsp;<\/strong><\/span><\/div>\n<\/div>\n<div style=\"box-sizing: border-box; font-family: Roboto, sans-serif; font-size: 16px;\"><b style=\"box-sizing: border-box;\">Gerincprotektor<\/b><\/div>\n<div style=\"box-sizing: border-box; font-family: Roboto, sans-serif; font-size: 16px;\"><strong style=\"box-sizing: border-box;\"><span style=\"box-sizing: border-box; font-size: 13px;\">2 k&uuml;ls\u0151 zsebbel, 1 v&iacute;z&aacute;ll&oacute; bels\u0151 zsebbel<\/span><\/strong><\/div>\n<div style=\"box-sizing: border-box; font-family: Roboto, sans-serif; font-size: 16px;\"><strong style=\"box-sizing: border-box;\"><span style=\"box-sizing: border-box; font-size: 13px;\">Nadr&aacute;ggal &ouml;sszecipz&aacute;razhat&oacute;<\/span><\/strong><\/div>\n<div style=\"box-sizing: border-box; font-family: Roboto, sans-serif; font-size: 16px;\"><\/div>\n<div style=\"box-sizing: border-box; font-family: Roboto, sans-serif; font-size: 16px;\"><strong style=\"box-sizing: border-box; max-width: 100%; font-family: Roboto, sans-serif; font-size: 16px;\"><span style=\"box-sizing: border-box; max-width: 100%; font-size: 13px;\"><span style=\"box-sizing: border-box; max-width: 100%; color: rgb(255, 0, 0);\">Figyelem !<\/span>&nbsp;Kifut&oacute; akci&oacute;s term&eacute;k&uuml;nk! El&eacute;rhet\u0151 : XS,S, M,&nbsp;L<\/span><\/strong><strong style=\"box-sizing: border-box; max-width: 100%; font-family: Roboto, sans-serif; font-size: 16px; color: rgb(0, 0, 0);\">&#8211; K&eacute;rj&uuml;k hogy &eacute;rdekl\u0151dj az aktu&aacute;lis k&eacute;szletr\u0151l.<\/strong><\/div>\n<div style=\"box-sizing: border-box; font-family: Roboto, sans-serif; font-size: 16px;\"><\/div>\n<div style=\"box-sizing: border-box; font-family: Roboto, sans-serif; font-size: 16px;\">Tov&aacute;bbi term&eacute;ktulajdons&aacute;gok&eacute;rt l&aacute;togasd meg az anyaglexikon men&uuml;pontunkat !<\/div>\n<div style=\"box-sizing: border-box; font-family: Roboto, sans-serif; font-size: 16px;\">\n<p style=\"box-sizing: border-box; margin: 0px 0px 10px; max-width: 100%; font-family: Roboto, sans-serif; font-size: 16px;\"><strong style=\"box-sizing: border-box; max-width: 100%; font-family: Roboto, sans-serif; font-size: 16px;\">Haszn&aacute;lati &eacute;s kezel&eacute;si &uacute;tmutat&oacute; a term&eacute;khez&nbsp;el&eacute;rhet\u0151 ide kattintva:&nbsp;<a href=\"https:\/\/darazsgarazs.hu\/index.php\/termek\/hasznalati-utmutato.1155.html\">https:\/\/darazsgarazs.hu\/index.php\/termek\/hasznalati-utmutato.1155.html<\/a><\/strong><\/p>\n<p style=\"box-sizing: border-box; margin: 0px 0px 10px; max-width: 100%; font-family: Roboto, sans-serif; font-size: 16px;\">A term&eacute;k rendeltet&eacute;sszer\u0171 haszn&aacute;lat sor&aacute;n&nbsp;speci&aacute;lis mos&oacute;szerrel tiszt&iacute;that&oacute; !<\/p>\n<p style=\"box-sizing: border-box; margin: 0px 0px 10px; max-width: 100%; font-family: Roboto, sans-serif; font-size: 16px;\">A mos&oacute;szer speci&aacute;lisan technikai &ndash; motoros ruh&aacute;zathoz lett fejlesztve, haszn&aacute;lat&aacute;val a term&eacute;kek nem csak tiszt&aacute;n tarthat&oacute;ak, de v&aacute;rhat&oacute; haszn&aacute;lati idej&uuml;k is n&ouml;vekszik!<\/p>\n<p style=\"box-sizing: border-box; margin: 0px 0px 10px; max-width: 100%; font-family: Roboto, sans-serif; font-size: 16px;\">A Speci&aacute;lis motoros ruh&aacute;zathoz fejlesztett mos&oacute;szert az al&aacute;bbi linkre kattintva &eacute;rheti el:<\/p>\n<p style=\"box-sizing: border-box; margin: 0px 0px 10px; max-width: 100%; font-family: Roboto, sans-serif; font-size: 16px;\">&nbsp;<a href=\"http:\/\/darazsgarazs.hu\/termek\/hey-sports-combi-wash-250-ml-funkcionalis-mososzer.494.html\" style=\"box-sizing: border-box; background-color: transparent; color: rgb(51, 122, 183); text-decoration-line: none; outline: -webkit-focus-ring-color auto 5px; outline-offset: -2px; max-width: 100%;\">http:\/\/darazsgarazs.hu\/termek\/hey-sports-combi-wash-250-ml-funkcionalis-mososzer.494.html<\/a><\/p>\n<p style=\"box-sizing: border-box; margin: 0px 0px 10px; max-width: 100%; font-family: Roboto, sans-serif; font-size: 16px;\">Az es\u0151 &eacute;s sz&eacute;lz&aacute;r&oacute; membr&aacute;n tiszt&iacute;t&aacute;s&aacute;hoz az al&aacute;bbi term&eacute;ket sz&uuml;ks&eacute;ges haszn&aacute;lni:&nbsp;<\/p>\n<p style=\"box-sizing: border-box; margin: 0px 0px 10px; max-width: 100%; font-family: Roboto, sans-serif; font-size: 16px;\"><a href=\"https:\/\/darazsgarazs.hu\/termek\/mososzer-motoros-ruhazathoz.911.html\" style=\"box-sizing: border-box; background-color: transparent; color: rgb(51, 122, 183); text-decoration-line: none; max-width: 100%;\">https:\/\/darazsgarazs.hu\/termek\/mososzer-motoros-ruhazathoz.911.html<\/a><\/p>\n<p style=\"font-family: Roboto, sans-serif; font-size: 16px;\">\n<\/div>\n","protected":false},"excerpt":{"rendered":"<p>Er\u0151s de k&eacute;nyelmes k&uuml;ls\u0151 anyag&uacute;, sportos megjelen&eacute;s\u0171 motoros kab&aacute;t kivehet\u0151 Hitex 100% v&iacute;z&aacute;ll&oacute; &eacute;s sz&eacute;l&aacute;ll&oacute; l&eacute;legz\u0151 membr&aacute;nnal !&nbsp; Nagyon j&oacute; [&hellip;]<\/p>\n","protected":false},"featured_media":105813,"template":"","meta":{"site-sidebar-layout":"default","site-content-layout":"","ast-site-content-layout":"default","site-content-style":"default","site-sidebar-style":"default","ast-global-header-display":"","ast-banner-title-visibility":"","ast-main-header-display":"","ast-hfb-above-header-display":"","ast-hfb-below-header-display":"","ast-hfb-mobile-header-display":"","site-post-title":"","ast-breadcrumbs-content":"","ast-featured-img":"","footer-sml-layout":"","ast-disable-related-posts":"","theme-transparent-header-meta":"","adv-header-id-meta":"","stick-header-meta":"","header-above-stick-meta":"","header-main-stick-meta":"","header-below-stick-meta":"","astra-migrate-meta-layouts":"default","ast-page-background-enabled":"default","ast-page-background-meta":{"desktop":{"background-color":"var(--ast-global-color-5)","background-image":"","background-repeat":"repeat","background-position":"center center","background-size":"auto","background-attachment":"scroll","background-type":"","background-media":"","overlay-type":"","overlay-color":"","overlay-opacity":"","overlay-gradient":""},"tablet":{"background-color":"","background-image":"","background-repeat":"repeat","background-position":"center center","background-size":"auto","background-attachment":"scroll","background-type":"","background-media":"","overlay-type":"","overlay-color":"","overlay-opacity":"","overlay-gradient":""},"mobile":{"background-color":"","background-image":"","background-repeat":"repeat","background-position":"center center","background-size":"auto","background-attachment":"scroll","background-type":"","background-media":"","overlay-type":"","overlay-color":"","overlay-opacity":"","overlay-gradient":""}},"ast-content-background-meta":{"desktop":{"background-color":"var(--ast-global-color-4)","background-image":"","background-repeat":"repeat","background-position":"center center","background-size":"auto","background-attachment":"scroll","background-type":"","background-media":"","overlay-type":"","overlay-color":"","overlay-opacity":"","overlay-gradient":""},"tablet":{"background-color":"var(--ast-global-color-4)","background-image":"","background-repeat":"repeat","background-position":"center center","background-size":"auto","background-attachment":"scroll","background-type":"","background-media":"","overlay-type":"","overlay-color":"","overlay-opacity":"","overlay-gradient":""},"mobile":{"background-color":"var(--ast-global-color-4)","background-image":"","background-repeat":"repeat","background-position":"center center","background-size":"auto","background-attachment":"scroll","background-type":"","background-media":"","overlay-type":"","overlay-color":"","overlay-opacity":"","overlay-gradient":""}}},"product_brand":[],"product_cat":[147,139],"product_tag":[],"class_list":{"0":"post-109792","1":"product","2":"type-product","3":"status-publish","4":"has-post-thumbnail","6":"product_cat-kabatok","7":"product_cat-motoros-ruhazat","8":"desktop-align-left","9":"tablet-align-left","10":"mobile-align-left","12":"first","13":"instock","14":"sale","15":"shipping-taxable","16":"purchasable","17":"product-type-simple"},"jetpack_sharing_enabled":true,"_links":{"self":[{"href":"https:\/\/zatureczkimarcell.ddns.net\/wordpress\/wp-json\/wp\/v2\/product\/109792","targetHints":{"allow":["GET"]}}],"collection":[{"href":"https:\/\/zatureczkimarcell.ddns.net\/wordpress\/wp-json\/wp\/v2\/product"}],"about":[{"href":"https:\/\/zatureczkimarcell.ddns.net\/wordpress\/wp-json\/wp\/v2\/types\/product"}],"wp:featuredmedia":[{"embeddable":true,"href":"https:\/\/zatureczkimarcell.ddns.net\/wordpress\/wp-json\/wp\/v2\/media\/105813"}],"wp:attachment":[{"href":"https:\/\/zatureczkimarcell.ddns.net\/wordpress\/wp-json\/wp\/v2\/media?parent=109792"}],"wp:term":[{"taxonomy":"product_brand","embeddable":true,"href":"https:\/\/zatureczkimarcell.ddns.net\/wordpress\/wp-json\/wp\/v2\/product_brand?post=109792"},{"taxonomy":"product_cat","embeddable":true,"href":"https:\/\/zatureczkimarcell.ddns.net\/wordpress\/wp-json\/wp\/v2\/product_cat?post=109792"},{"taxonomy":"product_tag","embeddable":true,"href":"https:\/\/zatureczkimarcell.ddns.net\/wordpress\/wp-json\/wp\/v2\/product_tag?post=109792"}],"curies":[{"name":"wp","href":"https:\/\/api.w.org\/{rel}","templated":true}]}}