{"id":109780,"date":"2026-04-01T10:37:47","date_gmt":"2026-04-01T08:37:47","guid":{"rendered":"https:\/\/zatureczkimarcell.ddns.net\/wordpress\/?post_type=product&#038;p=109780"},"modified":"2026-04-01T10:38:11","modified_gmt":"2026-04-01T08:38:11","slug":"motul-lanckeno-paszta","status":"publish","type":"product","link":"https:\/\/zatureczkimarcell.ddns.net\/wordpress\/termek\/motul-lanckeno-paszta\/","title":{"rendered":"Motul l\u00e1ncken\u0151 paszta"},"content":{"rendered":"<p><span style=\"font-size:16px;\"><strong><span style=\"color:#000000;\"><span style=\"font-family: cooper_hewittbook, verdana, arial, sans;\">A Motul &eacute;len j&aacute;r a ken\u0151anyagok piac&aacute;n mind min\u0151s&eacute;gben, mind fejleszt&eacute;sben.<\/span><br style=\"box-sizing: border-box; color: rgb(240, 240, 240); font-family: cooper_hewittbook, verdana, arial, sans; font-size: 14.8613px; background-color: rgb(27, 37, 50);\" \/><br \/>\n<span style=\"font-family: cooper_hewittbook, verdana, arial, sans;\">Feh&eacute;r sz&iacute;n\u0171 l&aacute;ncken\u0151 paszta ecsetszer\u0171 v&eacute;gz\u0151d&eacute;s\u0171 tubusban mindenf&eacute;le utcai motorker&eacute;kp&aacute;r (on- &eacute;s off-road) &eacute;s gokart l&aacute;nc&aacute;nak ken&eacute;s&eacute;re kiv&aacute;l&oacute;an alkalmas. Sok&aacute;ig a l&aacute;ncon marad, b&iacute;rja a vizet, sarat, &eacute;s nem koszolja a felnit.<\/span><\/span><\/strong><\/span><\/p>\n<p><span style=\"font-size:16px;\"><strong><span style=\"color:#000000;\"><span style=\"font-family: cooper_hewittbook, verdana, arial, sans;\">Praktikus olyan hosszabb t&uacute;r&aacute;kon is, ahol nem akarsz nagym&eacute;ret\u0171 l&aacute;ncspray-t magaddal vinni a csomagodban.&nbsp;<\/span><\/span><\/strong><\/span><\/p>\n<p><span style=\"font-size:16px;\"><strong><span style=\"color:#000000;\"><span style=\"font-family: cooper_hewittbook, verdana, arial, sans;\">Ez a term&eacute;k sokkal kisebb helyet foglal.&nbsp;&nbsp;<\/span><\/span><\/strong><\/span><\/p>\n<\/p>\n<p><strong style=\"box-sizing: border-box; max-width: 100%; font-family: Roboto, sans-serif; font-size: 16px;\">Haszn&aacute;lati &eacute;s kezel&eacute;si &uacute;tmutat&oacute; a term&eacute;khez el&eacute;rhet\u0151 ide kattintva:&nbsp;<a href=\"https:\/\/darazsgarazs.hu\/index.php\/termek\/hasznalati-utmutato-alkatreszek.1158.html\">https:\/\/darazsgarazs.hu\/index.php\/termek\/hasznalati-utmutato-alkatreszek.1158.html<\/a><\/strong><\/p><\/p>\n","protected":false},"excerpt":{"rendered":"<p>A Motul &eacute;len j&aacute;r a ken\u0151anyagok piac&aacute;n mind min\u0151s&eacute;gben, mind fejleszt&eacute;sben. Feh&eacute;r sz&iacute;n\u0171 l&aacute;ncken\u0151 paszta ecsetszer\u0171 v&eacute;gz\u0151d&eacute;s\u0171 tubusban mindenf&eacute;le utcai [&hellip;]<\/p>\n","protected":false},"featured_media":106713,"template":"","meta":{"site-sidebar-layout":"default","site-content-layout":"","ast-site-content-layout":"default","site-content-style":"default","site-sidebar-style":"default","ast-global-header-display":"","ast-banner-title-visibility":"","ast-main-header-display":"","ast-hfb-above-header-display":"","ast-hfb-below-header-display":"","ast-hfb-mobile-header-display":"","site-post-title":"","ast-breadcrumbs-content":"","ast-featured-img":"","footer-sml-layout":"","ast-disable-related-posts":"","theme-transparent-header-meta":"","adv-header-id-meta":"","stick-header-meta":"","header-above-stick-meta":"","header-main-stick-meta":"","header-below-stick-meta":"","astra-migrate-meta-layouts":"default","ast-page-background-enabled":"default","ast-page-background-meta":{"desktop":{"background-color":"var(--ast-global-color-5)","background-image":"","background-repeat":"repeat","background-position":"center center","background-size":"auto","background-attachment":"scroll","background-type":"","background-media":"","overlay-type":"","overlay-color":"","overlay-opacity":"","overlay-gradient":""},"tablet":{"background-color":"","background-image":"","background-repeat":"repeat","background-position":"center center","background-size":"auto","background-attachment":"scroll","background-type":"","background-media":"","overlay-type":"","overlay-color":"","overlay-opacity":"","overlay-gradient":""},"mobile":{"background-color":"","background-image":"","background-repeat":"repeat","background-position":"center center","background-size":"auto","background-attachment":"scroll","background-type":"","background-media":"","overlay-type":"","overlay-color":"","overlay-opacity":"","overlay-gradient":""}},"ast-content-background-meta":{"desktop":{"background-color":"var(--ast-global-color-4)","background-image":"","background-repeat":"repeat","background-position":"center center","background-size":"auto","background-attachment":"scroll","background-type":"","background-media":"","overlay-type":"","overlay-color":"","overlay-opacity":"","overlay-gradient":""},"tablet":{"background-color":"var(--ast-global-color-4)","background-image":"","background-repeat":"repeat","background-position":"center center","background-size":"auto","background-attachment":"scroll","background-type":"","background-media":"","overlay-type":"","overlay-color":"","overlay-opacity":"","overlay-gradient":""},"mobile":{"background-color":"var(--ast-global-color-4)","background-image":"","background-repeat":"repeat","background-position":"center center","background-size":"auto","background-attachment":"scroll","background-type":"","background-media":"","overlay-type":"","overlay-color":"","overlay-opacity":"","overlay-gradient":""}}},"product_brand":[],"product_cat":[129,127],"product_tag":[],"class_list":{"0":"post-109780","1":"product","2":"type-product","3":"status-publish","4":"has-post-thumbnail","6":"product_cat-akcios-kenoanyagok-es-apolasi-termekek","7":"product_cat-apolas","8":"desktop-align-left","9":"tablet-align-left","10":"mobile-align-left","12":"first","13":"instock","14":"shipping-taxable","15":"purchasable","16":"product-type-simple"},"jetpack_sharing_enabled":true,"_links":{"self":[{"href":"https:\/\/zatureczkimarcell.ddns.net\/wordpress\/wp-json\/wp\/v2\/product\/109780","targetHints":{"allow":["GET"]}}],"collection":[{"href":"https:\/\/zatureczkimarcell.ddns.net\/wordpress\/wp-json\/wp\/v2\/product"}],"about":[{"href":"https:\/\/zatureczkimarcell.ddns.net\/wordpress\/wp-json\/wp\/v2\/types\/product"}],"wp:featuredmedia":[{"embeddable":true,"href":"https:\/\/zatureczkimarcell.ddns.net\/wordpress\/wp-json\/wp\/v2\/media\/106713"}],"wp:attachment":[{"href":"https:\/\/zatureczkimarcell.ddns.net\/wordpress\/wp-json\/wp\/v2\/media?parent=109780"}],"wp:term":[{"taxonomy":"product_brand","embeddable":true,"href":"https:\/\/zatureczkimarcell.ddns.net\/wordpress\/wp-json\/wp\/v2\/product_brand?post=109780"},{"taxonomy":"product_cat","embeddable":true,"href":"https:\/\/zatureczkimarcell.ddns.net\/wordpress\/wp-json\/wp\/v2\/product_cat?post=109780"},{"taxonomy":"product_tag","embeddable":true,"href":"https:\/\/zatureczkimarcell.ddns.net\/wordpress\/wp-json\/wp\/v2\/product_tag?post=109780"}],"curies":[{"name":"wp","href":"https:\/\/api.w.org\/{rel}","templated":true}]}}