{"id":109777,"date":"2026-04-01T10:37:45","date_gmt":"2026-04-01T08:37:45","guid":{"rendered":"https:\/\/zatureczkimarcell.ddns.net\/wordpress\/?post_type=product&#038;p=109777"},"modified":"2026-04-01T10:38:08","modified_gmt":"2026-04-01T08:38:08","slug":"modeka-panamericana-szett-teszt","status":"publish","type":"product","link":"https:\/\/zatureczkimarcell.ddns.net\/wordpress\/termek\/modeka-panamericana-szett-teszt\/","title":{"rendered":"Modeka Panamericana szett teszt"},"content":{"rendered":"<p><strong>Az \u0151sz utols&oacute; naps&uuml;t&eacute;ses id\u0151szak&aacute;ban elvitt&uuml;k magunkkal a Modeka jelenlegi legjobb n&eacute;gy &eacute;vszakos ,&nbsp; h&aacute;rom r&eacute;teg\u0171 ruh&aacute;zat&aacute;t, a Modeka Panamericana szettet tesztre. <\/strong><\/p>\n<p><strong>Mint ahogyan mindig hangoztatjuk, nagyon fontos sz&aacute;munkra, hogy saj&aacute;t magunk is megbizonyosodjunk az &aacute;ltalunk k&iacute;n&aacute;lt term&eacute;kek nagyszer\u0171s&eacute;g&eacute;r\u0151l, m&eacute;g akkor is ha az a term&eacute;k t&ouml;bb eur&oacute;pai vezet\u0151 magazin tesztj&eacute;n sikerrel szerepelt! &Uuml;zlet&uuml;nk honlapj&aacute;n l&eacute;trehoztuk a &bdquo;Saj&aacute;t tesztel&eacute;s\u0171 term&eacute;kek &bdquo; men&uuml;pontot, ahol igyeksz&uuml;nk id\u0151r\u0151l-id\u0151re le&iacute;rni a mi tapasztalatainkat is a term&eacute;kekr\u0151l, hogy ne csak katal&oacute;gus adatokr&oacute;l tudjunk besz&eacute;lni, hanem el tudjuk mondani konkr&eacute;tan, hogy a term&eacute;ket haszn&aacute;lva ti motorosok: hogyan fogj&aacute;tok &eacute;rezni magatokat?<\/strong><\/p>\n<p><strong>Amikor az elad&aacute;s sor&aacute;n megk&eacute;rdezz&uuml;k hogy milyen id\u0151j&aacute;r&aacute;si k&ouml;r&uuml;lm&eacute;nyek k&ouml;z&ouml;tt, milyen motoron szeretn&eacute;tek haszn&aacute;lni a term&eacute;ket amit meg szeretn&eacute;tek v&aacute;s&aacute;rolni, az is az&eacute;rt t&ouml;rt&eacute;nik, hogy t&ouml;k&eacute;leteset tudjunk az adott k&ouml;r&uuml;lm&eacute;nyre adni, amivel el&eacute;gedettek lesztek &eacute;s &ouml;r&ouml;mmel gondoltok vissza az &uuml;zlet&uuml;nkre.<\/strong><\/p>\n<p><strong>A Modeka Panamericana kab&aacute;t, nadr&aacute;g &eacute;s keszty\u0171 m&aacute;r megjelen&eacute;sekor kiv&iacute;vta a nemzetk&ouml;zi motoros sajt&oacute; elismer&eacute;s&eacute;t. A legnagyobb darabsz&aacute;mban &eacute;rt&eacute;kes&iacute;tett eur&oacute;pai motoros magazin a <span style=\"color:#FF0000;\">&bdquo;Motorrad&rdquo; &bdquo;Sehr Gut&rdquo;<\/span> min\u0151s&iacute;t&eacute;st adott a Panamericana mindh&aacute;rom term&eacute;k&eacute;nek!<\/strong><\/p>\n<p><strong>Mindig szeretj&uuml;k kihangs&uacute;lyozni hogy egy ilyen teszt mit jelent.<\/strong><\/p>\n<p><strong>Ez az elismer&eacute;s azt jelenti hogy olyan &nbsp;emberek szerint sz&aacute;m&iacute;t a legjobbnak a Panamericana szett, akik &eacute;vek-&eacute;vtizedek &oacute;ta, naponta hivat&aacute;sszer\u0171en azzal foglalkoznak, hogy motoros term&eacute;keket tesztelnek. Biztosak vagyunk benne hogy olyan emberek v&eacute;lem&eacute;nye ir&aacute;nyad&oacute; lehet , akik &eacute;vente ak&aacute;r sz&aacute;z motoros ruh&aacute;t is felvesznek &eacute;s&nbsp;vizsg&aacute;lnak!<\/strong><\/p>\n<p><strong>De!<\/strong><\/p>\n<p><strong>Mi magunk is szeret&uuml;nk meggy\u0151z\u0151dni r&oacute;la hogy mit fog &eacute;rezni a v&aacute;s&aacute;rl&oacute;nk amikor egy ilyen nagyszer\u0171 term&eacute;ket v&aacute;laszt.<\/strong><\/p>\n<p><strong>A Modeka Panamericana nadr&aacute;got &eacute;s a kab&aacute;tot amikor el\u0151sz&ouml;r vett&uuml;k fel m&eacute;g az &uuml;zletben, el&eacute;gedetten mosolyogtunk, &eacute;s arr&oacute;l besz&eacute;lgett&uuml;nk hogy ezekn&eacute;l a term&eacute;kekn&eacute;l el&eacute;g ha a v&aacute;s&aacute;rl&oacute; is felveszi a nadr&aacute;got , vagy a kab&aacute;tot. <span style=\"color:#FF0000;\">Azonnal &eacute;rezni az &aacute;tlagn&aacute;l messze magasabb min\u0151s&eacute;get.<\/span> Semmit nem is kell mondani. &Eacute;rezni&hellip;Azonnal!<\/strong><\/p>\n<p><strong>A Panamericana kivehet\u0151 sz&eacute;l &eacute;s es\u0151z&aacute;r&oacute; Sympatex membr&aacute;nja is sok j&oacute;val kecsegtetett, hiszen a tavalyi &eacute;vben tesztelt Tacoma szettn&eacute;l magasabb tud&aacute;s&uacute; , pedig a Tacoma szettet is alaposan megfaggatt&aacute;k az Alpok h&aacute;g&oacute;in az es\u0151k! 15 &oacute;ra es\u0151ben nem &aacute;zott el a koll&eacute;ga, &iacute;gy a teszt el\u0151tt nem is tudtuk elk&eacute;pzelni hogyan lehet fel&uuml;lm&uacute;lni egy ilyen nagyszer\u0171 membr&aacute;nt.<\/strong><\/p>\n<p><strong>A Sympatex egy dinamikus membr&aacute;n amely &eacute;rz&eacute;keli az izzad&aacute;s m&eacute;rt&eacute;k&eacute;t &eacute;s ahhoz m&eacute;rten nyitja a membr&aacute;n a membr&aacute;n sejteket&nbsp;, ami kiengedi a nedvess&eacute;get a test fel\u0151l, &aacute;tvezeti mag&aacute;n, &eacute;s a k&uuml;ls\u0151 felsz&iacute;n&eacute;n engedi elp&aacute;rologni.&nbsp;<\/strong><strong> <span style=\"color:#FF0000;\">45.000mm<\/span> v&iacute;zoszlop nyom&aacute;s&aacute;nak &aacute;ll ellen 24 &oacute;r&aacute;n kereszt&uuml;l! <\/strong><strong>.&nbsp;<\/strong><span style=\"color:#FF0000;\"><strong>Ez a tud&aacute;s legmagasabb ma a vil&aacute;gon.<\/strong><\/span><\/p>\n<p><strong>Naps&uuml;t&eacute;ses id\u0151ben indultunk &uacute;tnak &eacute;s ez azonnal igazolta az els\u0151 meg&aacute;ll&aacute;sn&aacute;l a <span style=\"color:#FF0000;\">Sympatex<\/span> membr&aacute;n nagyszer\u0171s&eacute;g&eacute;t! Egy hegyi t&oacute; partj&aacute;n &aacute;lltunk meg &eacute;s a nap d&eacute;lut&aacute;n kett\u0151 &oacute;ra k&ouml;r&uuml;l m&eacute;g 24 Celsius k&ouml;r&uuml;li h\u0151m&eacute;rs&eacute;klettel j&aacute;rt a kedv&uuml;nkbe. Az addigi tapasztalatainkr&oacute;l besz&eacute;lgett&uuml;nk &eacute;s annak ellen&eacute;re hogy a napon &uuml;lt&uuml;nk, egy&aacute;ltal&aacute;n nem izzadt be a koll&eacute;g&aacute;nk . A <span style=\"color:#FF0000;\">membr&aacute;n t&ouml;k&eacute;letesen kivezette a testfel&uuml;letr\u0151l az izzadts&aacute;got. <\/span><\/strong><\/p>\n<p><strong>A Panamericana szett <span style=\"color:#FF0000;\">Tactel <\/span>anyagb&oacute;l k&eacute;sz&uuml;lt, Cordura er\u0151s&iacute;t&eacute;sekkel . A nadr&aacute;g &eacute;s a kab&aacute;t annyira k&ouml;nny\u0171 &eacute;s k&eacute;nyelmes viselet, mintha a saj&aacute;t utcai ruh&aacute;nkban pattann&aacute;nk fel a motorra. Az utcai ruh&aacute;ban viszont nincs meg az a biztons&aacute;g&eacute;rzet, amit ebben a szettben &eacute;rezni! <span style=\"color:#FF0000;\">Level 2-es, a legmagasabb v&eacute;delmi szint<\/span>nek megfelel\u0151 protektorokkal ell&aacute;tott utcai ruh&aacute;zatr&oacute;l ugyanis nem tudunk \ud83d\ude42&nbsp;<\/strong><\/p>\n<p><strong>A Panamericana szett keszty\u0171je is hatszoros tesztgy\u0151ztes, a legkomolyabb <span style=\"color:#FF0000;\">Superfabric<\/span> anyagokb&oacute;l k&eacute;sz&uuml;lt, s\u0151t ez is <span style=\"color:#FF0000;\">&uuml;t&eacute;selnyel\u0151 SAS-TEC protektoroz&aacute;s<\/span>t tartalmaz.<\/strong><\/p>\n<p><strong>Az eg&eacute;sz szett hihetetlen j&oacute;l teljes&iacute;tett, &iacute;gy biztosak vagyunk benne hogy minden v&aacute;s&aacute;rl&oacute;nknak sok &ouml;r&ouml;met szerez majd!<\/strong><\/p>\n<p><strong>A teszt legv&eacute;g&eacute;n, m&eacute;g egy k&uuml;l&ouml;nleges kit&eacute;r\u0151t is tett&uuml;nk amit vide&oacute;val &ouml;r&ouml;k&iacute;tett&uuml;nk meg. <span style=\"color:#FF0000;\">Magasnyom&aacute;s&uacute; mos&oacute;ban tesztelt&uuml;k <\/span>a Panamericana szett es\u0151z&aacute;r&oacute; k&eacute;pess&eacute;g&eacute;t is!<\/strong><\/p>\n<p><strong>Enn&eacute;l meggy\u0151z\u0151bb tesztet egyetlen egy m&aacute;s c&eacute;g honlapj&aacute;n sem lelt&uuml;nk sem Magyarorsz&aacute;gon, sem m&aacute;shol a vil&aacute;gon.<\/strong><\/p>\n<p><span style=\"color:#FF0000;\"><strong>T&ouml;bb sz&aacute;z el&eacute;gedett &uuml;gyef&eacute;lb\u0151l&nbsp;n&eacute;h&aacute;ny&nbsp;fot&oacute;&nbsp;ak&aacute;r a sivatagb&oacute;l, ak&aacute;r h&oacute;fal mell\u0151l k&uuml;ldve a k&eacute;pek k&ouml;z&ouml;tt megtekinthet\u0151.&nbsp;<\/strong><\/span><\/p>\n<p><strong>A Panamericana term&eacute;kek, egy el&eacute;gedett v&aacute;s&aacute;rl&oacute; visszajelz&eacute;se &eacute;s a mi teszt&uuml;nk honlapunkon ide kattintva &eacute;rhet\u0151ek el:&nbsp;<a href=\"https:\/\/darazsgarazs.hu\/search_in?search_for=panamericana\">https:\/\/darazsgarazs.hu\/search_in?search_for=panamericana<\/a><\/strong><\/p>\n<p><span style=\"color:#FF0000;\"><strong>Vide&oacute;s teszt:&nbsp;<\/strong><\/span><\/p>\n<div style=\"position:relative;padding-bottom:56.25%;padding-top:30px;height:0;overflow:hidden;\"><iframe loading=\"lazy\" allowfullscreen=\"\" frameborder=\"0\" height=\"360\" src=\"\/\/www.youtube.com\/embed\/RsYM6ZGrbmk?rel=0\" style=\"position: absolute;top: 0;left: 0;width: 100%;height: 100%;\" width=\"640\"><\/iframe><\/div>\n<\/p><\/p>\n","protected":false},"excerpt":{"rendered":"<p>Az \u0151sz utols&oacute; naps&uuml;t&eacute;ses id\u0151szak&aacute;ban elvitt&uuml;k magunkkal a Modeka jelenlegi legjobb n&eacute;gy &eacute;vszakos ,&nbsp; h&aacute;rom r&eacute;teg\u0171 ruh&aacute;zat&aacute;t, a Modeka Panamericana [&hellip;]<\/p>\n","protected":false},"featured_media":105106,"template":"","meta":{"site-sidebar-layout":"default","site-content-layout":"","ast-site-content-layout":"default","site-content-style":"default","site-sidebar-style":"default","ast-global-header-display":"","ast-banner-title-visibility":"","ast-main-header-display":"","ast-hfb-above-header-display":"","ast-hfb-below-header-display":"","ast-hfb-mobile-header-display":"","site-post-title":"","ast-breadcrumbs-content":"","ast-featured-img":"","footer-sml-layout":"","ast-disable-related-posts":"","theme-transparent-header-meta":"","adv-header-id-meta":"","stick-header-meta":"","header-above-stick-meta":"","header-main-stick-meta":"","header-below-stick-meta":"","astra-migrate-meta-layouts":"default","ast-page-background-enabled":"default","ast-page-background-meta":{"desktop":{"background-color":"var(--ast-global-color-5)","background-image":"","background-repeat":"repeat","background-position":"center center","background-size":"auto","background-attachment":"scroll","background-type":"","background-media":"","overlay-type":"","overlay-color":"","overlay-opacity":"","overlay-gradient":""},"tablet":{"background-color":"","background-image":"","background-repeat":"repeat","background-position":"center center","background-size":"auto","background-attachment":"scroll","background-type":"","background-media":"","overlay-type":"","overlay-color":"","overlay-opacity":"","overlay-gradient":""},"mobile":{"background-color":"","background-image":"","background-repeat":"repeat","background-position":"center center","background-size":"auto","background-attachment":"scroll","background-type":"","background-media":"","overlay-type":"","overlay-color":"","overlay-opacity":"","overlay-gradient":""}},"ast-content-background-meta":{"desktop":{"background-color":"var(--ast-global-color-4)","background-image":"","background-repeat":"repeat","background-position":"center center","background-size":"auto","background-attachment":"scroll","background-type":"","background-media":"","overlay-type":"","overlay-color":"","overlay-opacity":"","overlay-gradient":""},"tablet":{"background-color":"var(--ast-global-color-4)","background-image":"","background-repeat":"repeat","background-position":"center center","background-size":"auto","background-attachment":"scroll","background-type":"","background-media":"","overlay-type":"","overlay-color":"","overlay-opacity":"","overlay-gradient":""},"mobile":{"background-color":"var(--ast-global-color-4)","background-image":"","background-repeat":"repeat","background-position":"center center","background-size":"auto","background-attachment":"scroll","background-type":"","background-media":"","overlay-type":"","overlay-color":"","overlay-opacity":"","overlay-gradient":""}}},"product_brand":[],"product_cat":[153],"product_tag":[],"class_list":{"0":"post-109777","1":"product","2":"type-product","3":"status-publish","4":"has-post-thumbnail","6":"product_cat-sajat-tesztelesu-termekek","7":"desktop-align-left","8":"tablet-align-left","9":"mobile-align-left","11":"first","12":"instock","13":"shipping-taxable","14":"product-type-simple"},"jetpack_sharing_enabled":true,"_links":{"self":[{"href":"https:\/\/zatureczkimarcell.ddns.net\/wordpress\/wp-json\/wp\/v2\/product\/109777","targetHints":{"allow":["GET"]}}],"collection":[{"href":"https:\/\/zatureczkimarcell.ddns.net\/wordpress\/wp-json\/wp\/v2\/product"}],"about":[{"href":"https:\/\/zatureczkimarcell.ddns.net\/wordpress\/wp-json\/wp\/v2\/types\/product"}],"wp:featuredmedia":[{"embeddable":true,"href":"https:\/\/zatureczkimarcell.ddns.net\/wordpress\/wp-json\/wp\/v2\/media\/105106"}],"wp:attachment":[{"href":"https:\/\/zatureczkimarcell.ddns.net\/wordpress\/wp-json\/wp\/v2\/media?parent=109777"}],"wp:term":[{"taxonomy":"product_brand","embeddable":true,"href":"https:\/\/zatureczkimarcell.ddns.net\/wordpress\/wp-json\/wp\/v2\/product_brand?post=109777"},{"taxonomy":"product_cat","embeddable":true,"href":"https:\/\/zatureczkimarcell.ddns.net\/wordpress\/wp-json\/wp\/v2\/product_cat?post=109777"},{"taxonomy":"product_tag","embeddable":true,"href":"https:\/\/zatureczkimarcell.ddns.net\/wordpress\/wp-json\/wp\/v2\/product_tag?post=109777"}],"curies":[{"name":"wp","href":"https:\/\/api.w.org\/{rel}","templated":true}]}}