{"id":109746,"date":"2026-04-01T10:36:40","date_gmt":"2026-04-01T08:36:40","guid":{"rendered":"https:\/\/zatureczkimarcell.ddns.net\/wordpress\/?post_type=product&#038;p=109746"},"modified":"2026-04-01T10:37:26","modified_gmt":"2026-04-01T08:37:26","slug":"panamericana-tesztgyoztes-sot-altalunk-is-tesztelt-termek","status":"publish","type":"product","link":"https:\/\/zatureczkimarcell.ddns.net\/wordpress\/termek\/panamericana-tesztgyoztes-sot-altalunk-is-tesztelt-termek\/","title":{"rendered":"Panamericana-Tesztgy\u0151ztes!-S\u0151t! \u00c1ltalunk is tesztelt term\u00e9k!"},"content":{"rendered":"<div><span style=\"color:#FF0000;\"><strong>A term&eacute;k a Nemzetk&ouml;zi Motorrad magazinban Sehr Gut min\u0151s&iacute;t&eacute;st szerzett &eacute;s &aacute;r-&eacute;rt&eacute;k versenyt is nyert! A szak&eacute;rt\u0151k v&eacute;lem&eacute;nye: &quot;A Modeka Panamericana k&eacute;nyelme ,biztons&aacute;ga &eacute;s t&aacute;rol&aacute;sra kialak&iacute;tott r&eacute;szei p&eacute;ldamutat&oacute;ak! &quot;&nbsp;&nbsp;A teszt k&eacute;peit mell&eacute;kelt&uuml;k!&nbsp;<\/strong><\/span><\/div>\n<div><\/div>\n<div><span style=\"color: rgb(255, 0, 0);\"><strong>A Panamericana kab&aacute;t &eacute;s nadr&aacute;g&nbsp;az Enduro magazinban is sikerrel szerepelt! &Aacute;r- &Eacute;rt&eacute;k versenyt nyert ! A magazinban a Panamericana kab&aacute;t &eacute;s nadr&aacute;g szell\u0151z&eacute;s&eacute;t emelt&eacute;k ki &eacute;s az &ouml;tletes kialak&iacute;t&aacute;s&aacute;t!&nbsp;<\/strong><\/span><\/div>\n<p><span style=\"color: rgb(255, 0, 0);\"><strong>A Motorrad TIPP&nbsp;szint&eacute;n kimagasl&oacute;an j&oacute;nak tal&aacute;lta a Panamericana szettet!&nbsp;<\/strong><\/span><\/p>\n<p><span style=\"color: rgb(255, 0, 0);\"><strong>A Motorrad &amp;Reisen magazin az al&aacute;bbiakat k&ouml;z&ouml;lte a tesztgy\u0151ztes term&eacute;kr\u0151l:&quot; A Modeka Panamericana egy nagyon j&oacute;l &aacute;tgondolt, &ouml;tletes r&eacute;szleteket tartalmaz&oacute; , eg&eacute;sz &eacute;vben haszn&aacute;lhat&oacute; n&eacute;gy &eacute;vszakos motoros term&eacute;k!&quot;&nbsp;<\/strong><\/span><\/p>\n<p><span style=\"color: rgb(255, 0, 0);\"><span style=\"box-sizing: border-box; max-width: 100%;\"><strong style=\"box-sizing: border-box; max-width: 100%;\">Frankfurter Allgemeine:&nbsp;<\/strong><\/span><\/span><\/p>\n<p style=\"box-sizing: border-box; margin: 0px 0px 10px; max-width: 100%; font-family: Roboto, sans-serif;\"><span style=\"color: rgb(255, 0, 0);\"><b><font size=\"1\"><span style=\"font-family: Arial, Helvetica, sans-serif;\">&bdquo;Ennek a kalandruh&aacute;nak a sokoldal&uacute;s&aacute;g&aacute;t nem lehet fel&uuml;lm&uacute;lni&quot;&nbsp;<\/span><\/font><\/b><\/span><\/p>\n<p><strong style=\"box-sizing: border-box; max-width: 100%; font-family: Roboto, sans-serif; font-size: 16px; color: rgb(255, 0, 0);\">Figyelem! Koll&eacute;g&aacute;ink is tesztelt&eacute;k a Modeka Panamericana szettet. A Tesztet &eacute;s a tesztr\u0151l k&eacute;sz&uuml;lt vide&oacute;t ide kattintva tekintheted meg:&nbsp;<a href=\"https:\/\/darazsgarazs.hu\/termek\/modeka-panamericana-szett-teszt.829.html\" style=\"box-sizing: border-box; background-color: transparent; color: rgb(35, 82, 124); outline: -webkit-focus-ring-color auto 5px; outline-offset: -2px; max-width: 100%;\">https:\/\/darazsgarazs.hu\/termek\/modeka-panamericana-szett-teszt.829.html<\/a><\/strong><\/p>\n<div><strong><span style=\"font-size:16px;\">Cowhide fels\u0151r&eacute;sz &eacute;s rendk&iacute;v&uuml;l&nbsp;k&eacute;nyelmes Tactel&reg; &eacute;s Amara anyagokb&oacute;l<\/span><\/strong><\/div>\n<div><span style=\"color:#FF0000;\"><strong><span style=\"font-size:16px;\">Kimagasl&oacute; v&eacute;delem a SAS-TEC &uuml;t&eacute;selnyel\u0151 protektoroknak k&ouml;sz&ouml;nhet\u0151en<\/span><\/strong><\/span><\/div>\n<div><strong><span style=\"font-size:16px;\">SuperFabric&reg; meger\u0151s&iacute;t&eacute;sek az ig&eacute;nybevett r&eacute;szeken<\/span><\/strong><\/div>\n<div><strong><span style=\"font-size:16px;\">K&eacute;nyelmi stretch panelek<\/span><\/strong><\/div>\n<div><strong><span style=\"font-size:16px;\">F&eacute;nyvisszaver\u0151 bet&eacute;tek<\/span><\/strong><\/div>\n<div><strong style=\"color: rgb(0, 0, 0); font-size: 16px;\"><span style=\"color:#FF0000;\">Plexi t&ouml;rl\u0151 bet&eacute;t a bal k&eacute;z mutat&oacute;&uacute;jj&aacute;n.<\/span> Ennek haszn&aacute;lat&aacute;val az es\u0151cseppek egy k&ouml;nnyed mozdulattal t&ouml;r&ouml;lhet\u0151ek le a sisak plexij&eacute;r\u0151l.&nbsp;<\/strong><\/div>\n<div><strong><span style=\"font-size:16px;\">Sympatex&reg; membr&aacute;n: 100% v&iacute;z&aacute;ll&oacute; &eacute;s sz&eacute;l&aacute;ll&oacute;,&nbsp;l&eacute;legz\u0151, dinamikus kl&iacute;mamembr&aacute;n.&nbsp;<\/span><\/strong><strong style=\"font-family: Roboto, sans-serif; box-sizing: border-box;\"><span style=\"font-size: 16px; color: rgb(255, 0, 0);\">Err\u0151l a legmagasabb tud&aacute;s&uacute; (45.000mm) membr&aacute;nr&oacute;l lejjebb r&eacute;szletesen is olvashatsz! FIGYELEM! A LEGMAGASABB TUD&Aacute;S&Uacute; DINAMIKUS L&Eacute;LEGZ\u0150 MEMBR&Aacute;NTECHNOL&Oacute;GIA JELENLEG A VIL&Aacute;GON!&nbsp;<\/span><\/strong><\/div>\n<div><\/div>\n<div><strong><span style=\"font-size:16px;\">k&eacute;nyelmes textilb&eacute;l&eacute;s&nbsp;<\/span><\/strong><\/div>\n<div><strong><span style=\"font-size:16px;\">El&eacute;rhet\u0151 m&eacute;retek :&nbsp;<\/span><\/strong><\/div>\n<div><strong><span style=\"font-size:16px;\">F&eacute;rfi: 8,9,10,11,12<\/span><\/strong><\/div>\n<div><strong><span style=\"font-size:16px;\">N\u0151i:&nbsp; XS, S, M, L<\/span><\/strong><\/div>\n<div><\/div>\n<div><strong><span style=\"font-size: 16px;\">A Panamericana szettr\u0151l v&aacute;s&aacute;rl&oacute;i v&eacute;lem&eacute;nyt olvashatsz ide kattintva:&nbsp;<a href=\"http:\/\/darazsgarazs.hu\/termek\/modeka-panamericana-vasarloi-teszt.796.html\">http:\/\/darazsgarazs.hu\/termek\/modeka-panamericana-vasarloi-teszt.796.html<\/a><\/span><\/strong><\/div>\n<div><\/div>\n<div>\n<p ms=\"\" style=\"box-sizing: border-box; margin: 0px 0px 10px; font-family: Roboto, sans-serif; font-size: 14px;\" trebuchet=\"\"><span style=\"font-family: Roboto, sans-serif; font-size: 16px; box-sizing: border-box; color: rgb(255, 0, 0);\"><strong style=\"box-sizing: border-box;\">Sympatex membr&aacute;n&reg;&nbsp;<\/strong><\/span><span style=\"font-family: Roboto, sans-serif; font-size: 16px;\"><strong><span segoe=\"\" style=\"color: rgb(68, 68, 68);\" ui=\"\">K&ouml;nny\u0171, ultrav&eacute;kony&nbsp;membr&aacute;n, ami teljesen v&iacute;z- &eacute;s sz&eacute;l&aacute;ll&oacute;, valamint maxim&aacute;lisan l&eacute;legz\u0151. Ez a r&eacute;teg a b&eacute;l&eacute;s &eacute;s ruh&aacute;zat k&uuml;ls\u0151 r&eacute;tege k&ouml;z&ouml;tt egy falat jelent a nedvess&eacute;gnek de a dinamikus membr&aacute;ntechnol&oacute;gi&aacute;nak k&ouml;sz&ouml;nhet\u0151en kiengedi a p&aacute;r&aacute;t, &iacute;gy a tested teljes fel&uuml;let&eacute;n l&eacute;legezhet.&nbsp;<\/span><\/strong><\/span><span style=\"font-family: Roboto, sans-serif; font-size: 16px;\"><strong style=\"font-size: 14px; box-sizing: border-box; max-width: 100%;\"><span open=\"\" sans=\"\" style=\"box-sizing: border-box; max-width: 100%; color: rgb(0, 0, 0);\">A legt&ouml;bb membr&aacute;ntechnol&oacute;gi&aacute;val ellent&eacute;tben nem por&oacute;zus membr&aacute;n, azaz nem csak fizikai, hanem k&eacute;miai elven is m\u0171k&ouml;dik. A membr&aacute;n v&iacute;zsz&iacute;v&oacute; r&eacute;sze felveszi a nedvess&eacute;get a test fel\u0151l, &aacute;tvezeti mag&aacute;n, &eacute;s a k&uuml;ls\u0151 felsz&iacute;n&eacute;n engedi elp&aacute;rologni. Ilyenkor a molekul&aacute;ris p&aacute;raszemcs&eacute;ket hidrofil molekul&aacute;ris l&aacute;ncok sz&aacute;ll&iacute;tj&aacute;k kifel&eacute;. A membr&aacute;n molekul&aacute;ris strukt&uacute;r&aacute;ja nedvess&eacute;g hat&aacute;s&aacute;ra megduzzad, &iacute;gy&nbsp;helyet biztos&iacute;t a v&iacute;zg\u0151z gyors &aacute;thalad&aacute;s&aacute;hoz &eacute;s elp&aacute;rolg&aacute;s&aacute;hoz. Ez a hat&aacute;s a h\u0151m&eacute;rs&eacute;klet-k&uuml;l&ouml;nbs&eacute;g &eacute;s a termel\u0151d&ouml;tt p&aacute;ra mennyis&eacute;g&eacute;vel ar&aacute;nyosan fokoz&oacute;dik.<\/span><\/strong><\/span><br segoe=\"\" style=\"font-family: Roboto, sans-serif; font-size: 16px; box-sizing: inherit; color: rgb(68, 68, 68);\" ui=\"\" \/><br \/>\n<span style=\"font-family: Roboto, sans-serif; font-size: 16px;\"><strong><span segoe=\"\" style=\"color: rgb(68, 68, 68);\" ui=\"\">Teh&aacute;t a&nbsp;Sympatex membr&aacute;n &eacute;rz&eacute;keli az izzadts&aacute;got &eacute;s a&nbsp;nedvess&eacute;get t&ouml;k&eacute;letesen elvezeti a testfel&uuml;letr\u0151l. A DIN EN ISO 9237 tan&uacute;s&iacute;tv&aacute;ny szerint a membr&aacute;n teljesen sz&eacute;l&aacute;ll&oacute;&nbsp;<\/span><\/strong><\/span><strong style=\"font-family: Roboto, sans-serif; font-size: 16px;\"><span segoe=\"\" style=\"color: rgb(68, 68, 68);\" ui=\"\">(azaz 0 liter\/m&sup2;)<\/span><\/strong><span style=\"font-family: Roboto, sans-serif; font-size: 16px;\"><strong><span segoe=\"\" style=\"color: rgb(68, 68, 68);\" ui=\"\">, egy&aacute;ltal&aacute;n nem jut &aacute;t rajta a menetsz&eacute;l&nbsp;, &iacute;gy az nem mozgatja el a testet k&ouml;r&uuml;lvev\u0151 melegebb l&eacute;gr&eacute;teget. Az anyag a v&iacute;z&aacute;ll&oacute;s&aacute;g ter&eacute;n is kimagasl&oacute; tulajdons&aacute;gokkal rendelkezik. Az EN 343 szabv&aacute;ny &eacute;rtelm&eacute;ben egy membr&aacute;n akkor tekinthet\u0151 v&iacute;zhatlannak, ha ellen&aacute;ll egy 1300 mm magas v&iacute;zoszlop nyom&aacute;s&aacute;nak. Az ISO 811 tan&uacute;s&iacute;tv&aacute;ny szerint a Sympatex membr&aacute;n messze fel&uuml;lm&uacute;lja ezt a k&ouml;vetelm&eacute;nyt, hiszen 45 000 mm magas v&iacute;zoszlop nyom&aacute;s&aacute;nak is k&eacute;pes ellen&aacute;llni &iacute;gy jelenleg <\/span><span style=\"color:#FF0000;\"><span segoe=\"\" ui=\"\">a vil&aacute;g legmagasabb tud&aacute;s&uacute; membr&aacute;n technol&oacute;gi&aacute;ja!<\/span><\/span><\/strong><\/span><\/p>\n<p style=\"box-sizing: border-box; margin: 0px 0px 10px; font-family: Roboto, sans-serif; font-size: 14px; line-height: 15.6pt;\">Tov&aacute;bbi term&eacute;ktulajdons&aacute;gok&eacute;rt l&aacute;togasd meg az anyaglexikon men&uuml;pontunkat !<\/p>\n<p style=\"box-sizing: border-box; margin: 0px 0px 10px; font-family: Roboto, sans-serif; font-size: 14px; line-height: 15.6pt;\"><strong style=\"box-sizing: border-box; max-width: 100%; font-family: Roboto, sans-serif; font-size: 16px;\">Haszn&aacute;lati &eacute;s kezel&eacute;si &uacute;tmutat&oacute; a term&eacute;khez&nbsp;el&eacute;rhet\u0151 ide kattintva:&nbsp;<a href=\"https:\/\/darazsgarazs.hu\/index.php\/termek\/hasznalati-utmutato.1155.html\">https:\/\/darazsgarazs.hu\/index.php\/termek\/hasznalati-utmutato.1155.html<\/a><\/strong><\/p>\n<p>Minden membr&aacute;nos keszty\u0171ben , legyen sz&oacute; b&aacute;rmelyik gy&aacute;rt&oacute; term&eacute;k&eacute;r\u0151l, a membr&aacute;n egy v&eacute;kony&#8211;a k&eacute;nyelmes visel&eacute;st nem zavar&oacute;&#8211; ragaszt&aacute;ssal van a keszty\u0171ben r&ouml;gz&iacute;tve.<\/p>\n<p>Fontos hogy a membr&aacute;nos keszty\u0171k lev&eacute;telekor a keszty\u0171 ujjait megfogjuk &eacute;s &uacute;gy h&uacute;zzuk ki bel\u0151le a k&eacute;zfejet.<\/p>\n<p>Ellenkez\u0151 esetben el\u0151fordulhat hogy a membr&aacute;nt kih&uacute;zzuk a keszty\u0171b\u0151l.<\/p>\n<p>Ha m&eacute;gis kih&uacute;zza a bels\u0151 r&eacute;szt, fakan&aacute;l szer\u0171 t&aacute;rgyal lehet a legk&ouml;nnyebben visszatolni a hely&eacute;re , fokozott &oacute;vatoss&aacute;ggal.<\/p>\n<p>Ha a keszty\u0171 ujj&aacute;t a lev&eacute;telkor fogjuk, ez nem fordulhat el\u0151.&nbsp;<\/p>\n<p><span style=\"font-size:16px;\"><strong>Koll&eacute;g&aacute;nkon ebben az extr&eacute;m tesztben MODEKA PANAMERICANA keszty\u0171 van. T&ouml;k&eacute;letesen v&iacute;z&aacute;ll&oacute;:&nbsp;<\/strong><\/span><\/p>\n<div style=\"position:relative;padding-bottom:56.25%;padding-top:30px;height:0;overflow:hidden;\"><iframe loading=\"lazy\" allowfullscreen=\"\" frameborder=\"0\" height=\"360\" src=\"\/\/www.youtube.com\/embed\/RsYM6ZGrbmk?rel=0\" style=\"position: absolute;top: 0;left: 0;width: 100%;height: 100%;\" width=\"640\"><\/iframe><\/div>\n<\/p>\n<\/div>\n","protected":false},"excerpt":{"rendered":"<p>A term&eacute;k a Nemzetk&ouml;zi Motorrad magazinban Sehr Gut min\u0151s&iacute;t&eacute;st szerzett &eacute;s &aacute;r-&eacute;rt&eacute;k versenyt is nyert! A szak&eacute;rt\u0151k v&eacute;lem&eacute;nye: &quot;A Modeka [&hellip;]<\/p>\n","protected":false},"featured_media":104070,"template":"","meta":{"site-sidebar-layout":"default","site-content-layout":"","ast-site-content-layout":"default","site-content-style":"default","site-sidebar-style":"default","ast-global-header-display":"","ast-banner-title-visibility":"","ast-main-header-display":"","ast-hfb-above-header-display":"","ast-hfb-below-header-display":"","ast-hfb-mobile-header-display":"","site-post-title":"","ast-breadcrumbs-content":"","ast-featured-img":"","footer-sml-layout":"","ast-disable-related-posts":"","theme-transparent-header-meta":"","adv-header-id-meta":"","stick-header-meta":"","header-above-stick-meta":"","header-main-stick-meta":"","header-below-stick-meta":"","astra-migrate-meta-layouts":"default","ast-page-background-enabled":"default","ast-page-background-meta":{"desktop":{"background-color":"var(--ast-global-color-5)","background-image":"","background-repeat":"repeat","background-position":"center center","background-size":"auto","background-attachment":"scroll","background-type":"","background-media":"","overlay-type":"","overlay-color":"","overlay-opacity":"","overlay-gradient":""},"tablet":{"background-color":"","background-image":"","background-repeat":"repeat","background-position":"center center","background-size":"auto","background-attachment":"scroll","background-type":"","background-media":"","overlay-type":"","overlay-color":"","overlay-opacity":"","overlay-gradient":""},"mobile":{"background-color":"","background-image":"","background-repeat":"repeat","background-position":"center center","background-size":"auto","background-attachment":"scroll","background-type":"","background-media":"","overlay-type":"","overlay-color":"","overlay-opacity":"","overlay-gradient":""}},"ast-content-background-meta":{"desktop":{"background-color":"var(--ast-global-color-4)","background-image":"","background-repeat":"repeat","background-position":"center center","background-size":"auto","background-attachment":"scroll","background-type":"","background-media":"","overlay-type":"","overlay-color":"","overlay-opacity":"","overlay-gradient":""},"tablet":{"background-color":"var(--ast-global-color-4)","background-image":"","background-repeat":"repeat","background-position":"center center","background-size":"auto","background-attachment":"scroll","background-type":"","background-media":"","overlay-type":"","overlay-color":"","overlay-opacity":"","overlay-gradient":""},"mobile":{"background-color":"var(--ast-global-color-4)","background-image":"","background-repeat":"repeat","background-position":"center center","background-size":"auto","background-attachment":"scroll","background-type":"","background-media":"","overlay-type":"","overlay-color":"","overlay-opacity":"","overlay-gradient":""}}},"product_brand":[],"product_cat":[143,139],"product_tag":[],"class_list":{"0":"post-109746","1":"product","2":"type-product","3":"status-publish","4":"has-post-thumbnail","6":"product_cat-kesztyuk","7":"product_cat-motoros-ruhazat","8":"desktop-align-left","9":"tablet-align-left","10":"mobile-align-left","12":"first","13":"instock","14":"shipping-taxable","15":"purchasable","16":"product-type-simple"},"jetpack_sharing_enabled":true,"_links":{"self":[{"href":"https:\/\/zatureczkimarcell.ddns.net\/wordpress\/wp-json\/wp\/v2\/product\/109746","targetHints":{"allow":["GET"]}}],"collection":[{"href":"https:\/\/zatureczkimarcell.ddns.net\/wordpress\/wp-json\/wp\/v2\/product"}],"about":[{"href":"https:\/\/zatureczkimarcell.ddns.net\/wordpress\/wp-json\/wp\/v2\/types\/product"}],"wp:featuredmedia":[{"embeddable":true,"href":"https:\/\/zatureczkimarcell.ddns.net\/wordpress\/wp-json\/wp\/v2\/media\/104070"}],"wp:attachment":[{"href":"https:\/\/zatureczkimarcell.ddns.net\/wordpress\/wp-json\/wp\/v2\/media?parent=109746"}],"wp:term":[{"taxonomy":"product_brand","embeddable":true,"href":"https:\/\/zatureczkimarcell.ddns.net\/wordpress\/wp-json\/wp\/v2\/product_brand?post=109746"},{"taxonomy":"product_cat","embeddable":true,"href":"https:\/\/zatureczkimarcell.ddns.net\/wordpress\/wp-json\/wp\/v2\/product_cat?post=109746"},{"taxonomy":"product_tag","embeddable":true,"href":"https:\/\/zatureczkimarcell.ddns.net\/wordpress\/wp-json\/wp\/v2\/product_tag?post=109746"}],"curies":[{"name":"wp","href":"https:\/\/api.w.org\/{rel}","templated":true}]}}