{"id":109742,"date":"2026-04-01T10:36:38","date_gmt":"2026-04-01T08:36:38","guid":{"rendered":"https:\/\/zatureczkimarcell.ddns.net\/wordpress\/?post_type=product&#038;p=109742"},"modified":"2026-04-01T10:37:23","modified_gmt":"2026-04-01T08:37:23","slug":"alexius-kevlaros-farmer-extrem-tesztvideoval","status":"publish","type":"product","link":"https:\/\/zatureczkimarcell.ddns.net\/wordpress\/termek\/alexius-kevlaros-farmer-extrem-tesztvideoval\/","title":{"rendered":"Alexius kevl\u00e1ros farmer-Extr\u00e9m tesztvide\u00f3val!"},"content":{"rendered":"<p style=\"box-sizing: border-box; margin: 0px 0px 10px; font-family: Roboto, sans-serif; font-size: 16px;\"><strong style=\"font-size: 16px;\">Amennyiben&nbsp;k&eacute;nyelmes &eacute;s a mai kor divatj&aacute;nak megfelel\u0151 kevl&aacute;ros motoros farmert keresel, a Modeka Alexius kiv&aacute;l&oacute; v&aacute;laszt&aacute;s! Rugalmas anyag&aacute;nak k&ouml;sz&ouml;nhet\u0151en <span style=\"color:#FF0000;\">mindenhol t&ouml;k&eacute;letesen illeszkedik<\/span>, sehol nem &aacute;ll el &eacute;s m&eacute;g hosszabb t&aacute;v&uacute;&nbsp;kir&aacute;ndul&aacute;sok alkalm&aacute;val is <span style=\"color:#FF0000;\">kimagasl&oacute;<\/span> <span style=\"color:#FF0000;\">k&eacute;nyelem<\/span>ben tudsz utazni benne. A motorr&oacute;l lesz&aacute;llva, ak&aacute;r egy nagyobb v&aacute;rosi s&eacute;ta is belef&eacute;r majd, hiszen sehol nem nyom, sehol nem szor&iacute;t! A magas fok&uacute; k&eacute;nyelem mellett, nem kell lemondanod a biztons&aacute;gr&oacute;l sem!&nbsp;<\/strong><\/p>\n<p style=\"box-sizing: border-box; margin: 0px 0px 10px; font-family: Roboto, sans-serif; font-size: 16px;\"><span style=\"box-sizing: border-box;\"><strong style=\"box-sizing: border-box;\"><span style=\"color:#FF0000;\">Kevl&aacute;r er\u0151s&iacute;tett motoros farmer CE min\u0151s&iacute;tett t&eacute;rd protektorokkal. A t&eacute;rdprotektor helyzete &aacute;ll&iacute;that&oacute;, &iacute;gy be&aacute;ll&iacute;t&aacute;st k&ouml;vet\u0151en, mindenkinek t&ouml;k&eacute;letes helyre ker&uuml;l&nbsp;a t&eacute;rprotektor<\/span><br style=\"box-sizing: border-box;\" \/><br \/>\n100% DuPont &trade; KEVLAR&reg; a cs&iacute;p\u0151-, fen&eacute;k- &eacute;s t&eacute;rd r&eacute;szen. A kevl&aacute;r er\u0151s&iacute;t&eacute;s nagy sebess&eacute;g\u0171 cs&uacute;sz&aacute;snak is tov&aacute;bb &aacute;ll ellen , mint a hagyom&aacute;nyos farmer anyag!&nbsp;<br style=\"box-sizing: border-box;\" \/><br \/>\nCs&iacute;p\u0151v&eacute;d\u0151nek kialak&iacute;tott hely.&nbsp;<\/strong><\/span><strong style=\"font-family: Roboto, sans-serif; font-size: 16px; box-sizing: border-box;\">A cs&iacute;p\u0151 protektor megv&aacute;s&aacute;rolhat&oacute; &uuml;zlet&uuml;nkben&nbsp;<\/strong><\/p>\n<p style=\"box-sizing: border-box; margin: 0px 0px 10px; font-family: Roboto, sans-serif; font-size: 16px;\"><span style=\"color:#FF0000;\"><span style=\"box-sizing: border-box;\"><strong style=\"box-sizing: border-box;\">A nadr&aacute;g ellasztikus anyag&uacute;, &iacute;gy az &aacute;tlagos motoros farmerekhez k&eacute;pest sokkal k&eacute;nyelmesebb viselet! T&ouml;k&eacute;letesen illeszkedik mindenhol. A mai divatnak megfelel\u0151 szab&aacute;s&uacute;!&nbsp;<\/strong><\/span><\/span><\/p>\n<p style=\"box-sizing: border-box; margin: 0px 0px 10px; font-family: Roboto, sans-serif; font-size: 16px;\"><span style=\"box-sizing: border-box;\"><strong style=\"box-sizing: border-box;\">4 k&uuml;ls\u0151 zsebbel<br style=\"box-sizing: border-box;\" \/><br \/>\n32 -es hossz&uacute;s&aacute;g<\/strong><\/span><br style=\"box-sizing: border-box;\" \/><br \/>\n<span style=\"box-sizing: border-box;\"><strong style=\"box-sizing: border-box;\">El&eacute;rhet\u0151 m&eacute;retek: 28-40-ig<\/strong><\/span><\/p>\n<p style=\"box-sizing: border-box; margin: 0px 0px 10px; font-family: Roboto, sans-serif; font-size: 16px;\">Tov&aacute;bbi term&eacute;ktulajdons&aacute;gok&eacute;rt l&aacute;togasd meg az anyaglexikon men&uuml;pontunkat !<\/p>\n<p style=\"box-sizing: border-box; margin: 0px 0px 10px; font-family: Roboto, sans-serif; font-size: 16px;\"><strong style=\"box-sizing: border-box; max-width: 100%; font-family: Roboto, sans-serif; font-size: 16px;\">Haszn&aacute;lati &eacute;s kezel&eacute;si &uacute;tmutat&oacute; a term&eacute;khez&nbsp;el&eacute;rhet\u0151 ide kattintva:&nbsp;<a href=\"https:\/\/darazsgarazs.hu\/index.php\/termek\/hasznalati-utmutato.1155.html\">https:\/\/darazsgarazs.hu\/index.php\/termek\/hasznalati-utmutato.1155.html<\/a><\/strong><\/p>\n<p><span style=\"color: rgb(255, 0, 0);\"><strong>Figyelem! &Uuml;zlet&uuml;nk munkat&aacute;rsai is haszn&aacute;lj&aacute;k a term&eacute;ket!&nbsp;<\/strong><\/span><\/p>\n<p><span style=\"color: rgb(255, 0, 0);\"><strong>A saj&aacute;t tesztel&eacute;s\u0171 term&eacute;kek men&uuml;pontban olvashatod el szem&eacute;lyes&nbsp;v&eacute;lem&eacute;ny&uuml;ket!&nbsp;<\/strong><\/span><\/p>\n<p><span style=\"color: rgb(255, 0, 0);\"><strong>Kattints ide:&nbsp;<a href=\"http:\/\/darazsgarazs.hu\/tk\/42\/sajat-tesztelesu-termekek\">http:\/\/darazsgarazs.hu\/tk\/42\/sajat-tesztelesu-termekek<\/a><\/strong><\/span><\/p>\n<p><strong style=\"box-sizing: border-box; max-width: 100%; font-family: Roboto, sans-serif; font-size: 16px;\">Tekintsd meg extr&eacute;m cs&uacute;sz&aacute;sos balesetet szimul&aacute;l&oacute; vide&oacute;nkat, melyben a Modeka Alexius&nbsp;t&ouml;k&eacute;letesen vizsg&aacute;zott:&nbsp;<\/strong><\/p>\n<div style=\"position:relative;padding-bottom:56.25%;padding-top:30px;height:0;overflow:hidden;\"><iframe loading=\"lazy\" allowfullscreen=\"\" frameborder=\"0\" height=\"360\" src=\"\/\/www.youtube.com\/embed\/Sajw_zXzcyo?rel=0\" style=\"position: absolute;top: 0;left: 0;width: 100%;height: 100%;\" width=\"640\"><\/iframe><\/div>\n<div style=\"position:relative;padding-bottom:56.25%;padding-top:30px;height:0;overflow:hidden;\"><strong style=\"box-sizing: border-box; max-width: 100%; font-family: Roboto, sans-serif; font-size: 16px;\">A term&eacute;k ebben a durva tesztvide&oacute;ban is t&ouml;k&eacute;letesen teljes&iacute;tett! Megv&eacute;dte koll&eacute;g&aacute;nkat. A k&uuml;l&ouml;n&ouml;sen r&uuml;csk&ouml;s aszfalt szinte t&eacute;pte az anyagot, de j&oacute;l l&aacute;that&oacute; hogy a Modeka Alexius kevl&aacute;ros farmer b&iacute;rta a pr&oacute;b&aacute;t &eacute;s ahogyan az a teszt ut&aacute;ni k&eacute;pen is l&aacute;tszik, a bels\u0151 kevl&aacute;r r&eacute;teg is s&eacute;rtetlen! A teszt ut&aacute;ni k&eacute;pek a term&eacute;kfot&oacute;k k&ouml;z&ouml;tt tekinthet\u0151ek meg.<\/strong><\/div>\n<div style=\"position:relative;padding-bottom:56.25%;padding-top:30px;height:0;overflow:hidden;\"><\/div><\/p>\n","protected":false},"excerpt":{"rendered":"<p>Amennyiben&nbsp;k&eacute;nyelmes &eacute;s a mai kor divatj&aacute;nak megfelel\u0151 kevl&aacute;ros motoros farmert keresel, a Modeka Alexius kiv&aacute;l&oacute; v&aacute;laszt&aacute;s! Rugalmas anyag&aacute;nak k&ouml;sz&ouml;nhet\u0151en mindenhol [&hellip;]<\/p>\n","protected":false},"featured_media":107445,"template":"","meta":{"site-sidebar-layout":"default","site-content-layout":"","ast-site-content-layout":"default","site-content-style":"default","site-sidebar-style":"default","ast-global-header-display":"","ast-banner-title-visibility":"","ast-main-header-display":"","ast-hfb-above-header-display":"","ast-hfb-below-header-display":"","ast-hfb-mobile-header-display":"","site-post-title":"","ast-breadcrumbs-content":"","ast-featured-img":"","footer-sml-layout":"","ast-disable-related-posts":"","theme-transparent-header-meta":"","adv-header-id-meta":"","stick-header-meta":"","header-above-stick-meta":"","header-main-stick-meta":"","header-below-stick-meta":"","astra-migrate-meta-layouts":"default","ast-page-background-enabled":"default","ast-page-background-meta":{"desktop":{"background-color":"var(--ast-global-color-5)","background-image":"","background-repeat":"repeat","background-position":"center center","background-size":"auto","background-attachment":"scroll","background-type":"","background-media":"","overlay-type":"","overlay-color":"","overlay-opacity":"","overlay-gradient":""},"tablet":{"background-color":"","background-image":"","background-repeat":"repeat","background-position":"center center","background-size":"auto","background-attachment":"scroll","background-type":"","background-media":"","overlay-type":"","overlay-color":"","overlay-opacity":"","overlay-gradient":""},"mobile":{"background-color":"","background-image":"","background-repeat":"repeat","background-position":"center center","background-size":"auto","background-attachment":"scroll","background-type":"","background-media":"","overlay-type":"","overlay-color":"","overlay-opacity":"","overlay-gradient":""}},"ast-content-background-meta":{"desktop":{"background-color":"var(--ast-global-color-4)","background-image":"","background-repeat":"repeat","background-position":"center center","background-size":"auto","background-attachment":"scroll","background-type":"","background-media":"","overlay-type":"","overlay-color":"","overlay-opacity":"","overlay-gradient":""},"tablet":{"background-color":"var(--ast-global-color-4)","background-image":"","background-repeat":"repeat","background-position":"center center","background-size":"auto","background-attachment":"scroll","background-type":"","background-media":"","overlay-type":"","overlay-color":"","overlay-opacity":"","overlay-gradient":""},"mobile":{"background-color":"var(--ast-global-color-4)","background-image":"","background-repeat":"repeat","background-position":"center center","background-size":"auto","background-attachment":"scroll","background-type":"","background-media":"","overlay-type":"","overlay-color":"","overlay-opacity":"","overlay-gradient":""}}},"product_brand":[],"product_cat":[139,138,145],"product_tag":[],"class_list":{"0":"post-109742","1":"product","2":"type-product","3":"status-publish","4":"has-post-thumbnail","6":"product_cat-motoros-ruhazat","7":"product_cat-nadragok","8":"product_cat-varosi-stilusu-motoros-ruhazat","9":"desktop-align-left","10":"tablet-align-left","11":"mobile-align-left","13":"first","14":"instock","15":"shipping-taxable","16":"purchasable","17":"product-type-simple"},"jetpack_sharing_enabled":true,"_links":{"self":[{"href":"https:\/\/zatureczkimarcell.ddns.net\/wordpress\/wp-json\/wp\/v2\/product\/109742","targetHints":{"allow":["GET"]}}],"collection":[{"href":"https:\/\/zatureczkimarcell.ddns.net\/wordpress\/wp-json\/wp\/v2\/product"}],"about":[{"href":"https:\/\/zatureczkimarcell.ddns.net\/wordpress\/wp-json\/wp\/v2\/types\/product"}],"wp:featuredmedia":[{"embeddable":true,"href":"https:\/\/zatureczkimarcell.ddns.net\/wordpress\/wp-json\/wp\/v2\/media\/107445"}],"wp:attachment":[{"href":"https:\/\/zatureczkimarcell.ddns.net\/wordpress\/wp-json\/wp\/v2\/media?parent=109742"}],"wp:term":[{"taxonomy":"product_brand","embeddable":true,"href":"https:\/\/zatureczkimarcell.ddns.net\/wordpress\/wp-json\/wp\/v2\/product_brand?post=109742"},{"taxonomy":"product_cat","embeddable":true,"href":"https:\/\/zatureczkimarcell.ddns.net\/wordpress\/wp-json\/wp\/v2\/product_cat?post=109742"},{"taxonomy":"product_tag","embeddable":true,"href":"https:\/\/zatureczkimarcell.ddns.net\/wordpress\/wp-json\/wp\/v2\/product_tag?post=109742"}],"curies":[{"name":"wp","href":"https:\/\/api.w.org\/{rel}","templated":true}]}}