{"id":109723,"date":"2026-04-01T10:36:03","date_gmt":"2026-04-01T08:36:03","guid":{"rendered":"https:\/\/zatureczkimarcell.ddns.net\/wordpress\/?post_type=product&#038;p=109723"},"modified":"2026-04-01T10:36:47","modified_gmt":"2026-04-01T08:36:47","slug":"forcefield-tornado-teli-alaoltozo-tartosteszt","status":"publish","type":"product","link":"https:\/\/zatureczkimarcell.ddns.net\/wordpress\/termek\/forcefield-tornado-teli-alaoltozo-tartosteszt\/","title":{"rendered":"Forcefield Tornado t\u00e9li al\u00e1\u00f6lt\u00f6z\u0151 tart\u00f3steszt"},"content":{"rendered":"<p><strong><span style=\"font-size: 10pt; font-family: Arial, sans-serif;\">A sz&eacute;ll&aacute;ll&oacute; v&iacute;zleperget\u0151 Defender anyagb&oacute;l k&eacute;sz&uuml;lt Forcefield tornado term&eacute;kcsal&aacute;dot is teszt al&aacute; vett&uuml;k!&nbsp;<\/span><\/strong><\/p>\n<p><strong><span style=\"font-size: 10pt; font-family: Arial, sans-serif;\">Koll&eacute;g&aacute;nk t&ouml;bb &eacute;ve haszn&aacute;lja el&eacute;gedetten , &iacute;gy mostanra tart&oacute;steszt eredm&eacute;nyr\u0151l is besz&aacute;molhatunk.&nbsp;<\/span><\/strong><span style=\"font-size: 10pt; font-family: Arial, sans-serif;\"><o:p><\/o:p><\/span><\/p>\n<p><strong><span style=\"font-size: 10pt; font-family: Arial, sans-serif;\">A t&eacute;li h&oacute;napokban kimagasl&oacute; v&eacute;delmet garant&aacute;l a hideg ellen motoros ruh&aacute;zat alatt, de ak&aacute;r &nbsp;a civil ruha alatt viselve is!&nbsp;<\/span><\/strong><span style=\"font-size: 10pt; font-family: Arial, sans-serif;\"><o:p><\/o:p><\/span><\/p>\n<p><span style=\"font-size: 10pt; font-family: Arial, sans-serif;\"><strong>Koll&eacute;g&aacute;nk a t&eacute;li h&oacute;napokban sokszor a civil ruh&aacute;zata alatt is viseli a term&eacute;ket. A hidegnek a lehellete sem &eacute;ri el azt aki a Tornado al&aacute;&ouml;lt&ouml;z\u0151ket viseli.&nbsp;<\/strong><\/span><\/p>\n<p><span style=\"font-size: 10pt; font-family: Arial, sans-serif;\"><strong>T&ouml;bbsz&ouml;r pr&oacute;b&aacute;ra tette m&aacute;r motoron a t&eacute;li id\u0151j&aacute;r&aacute;sban, illetve azokban a napokban amikor a tavasz elej&eacute;n az els\u0151 er\u0151tlen napsugarak megjelennek . <\/strong><\/span><\/p>\n<p><span style=\"font-size: 10pt; font-family: Arial, sans-serif;\"><strong>A Forcefield Tornado al&aacute;&ouml;lt&ouml;z\u0151 t&ouml;k&eacute;letesen kiv&eacute;dte a cs&iacute;p\u0151s menetszelet, de mivel a term&eacute;k h&aacute;toldala l&eacute;legz\u0151 anyag, &iacute;gy nem izzadt bele a visel\u0151je. Antibakteri&aacute;lis anyagb&oacute;l k&eacute;sz&uuml;lt term&eacute;k, &iacute;gy a kellemetlen szagokat nem sz&iacute;vja mag&aacute;ba ! <\/strong><\/span><\/p>\n<p><span style=\"font-size: 10pt; font-family: Arial, sans-serif;\"><strong>Koll&eacute;g&aacute;nk t&ouml;bb nagynev\u0171 (akiket itt most nem ill\u0151 megnevezni) al&aacute;&ouml;lt&ouml;z\u0151t is haszn&aacute;l t&ouml;bb &eacute;ve , de egy&eacute;rtelm\u0171en a Forcefiled a legjobb k&ouml;z&uuml;l&uuml;k. S\u0151t ! Van amelyik meg sem k&ouml;zel&iacute;ti a Forcefield&nbsp;Tornado al&aacute;&ouml;lt&ouml;z\u0151nek a tud&aacute;s&aacute;t!&nbsp;<\/strong><\/span><\/p>\n<p><span style=\"font-size: 10pt; font-family: Arial, sans-serif;\"><strong>&quot;Csak&quot; annyira v&aacute;lt be a szett, hogy h&aacute;rom p&aacute;rat v&aacute;s&aacute;rolt bel\u0151le mag&aacute;nak a hidegebb napokra.&nbsp;<\/strong><\/span><\/p>\n<\/p>\n<p><span style=\"color:#FF0000;\"><span style=\"font-size: 10pt; font-family: Arial, sans-serif;\"><strong>A tart&oacute;steszt &uacute;j fejezete:&nbsp;<\/strong><\/span><\/span><strong><em>&nbsp;<\/em><\/strong><\/p>\n<p><strong><em>&quot;4-5 &eacute;ve megvan az als&oacute; &eacute;s a fels\u0151r&eacute;sz. Mi&oacute;ta haszn&aacute;lom ezt a term&eacute;kcsal&aacute;dot, m&aacute;r sz&aacute;ll&oacute;ig&eacute;v&eacute; lett az &uuml;zletben egym&aacute;s k&ouml;z&ouml;tt, hogy a &bdquo;hidegnek a lehelet&eacute;t sem &eacute;rzem&rdquo; . A koll&eacute;ga m&aacute;r t&ouml;bbsz&ouml;r ism&eacute;telte mosolyogva arcpir&iacute;t&oacute;an hideg napokon amikor motorral &eacute;rkeztem meg a boltba: &bdquo;Tudom-tudom! A hidegnek a lehelet&eacute;t sem &eacute;rzed!&rdquo; Id&eacute;n r&aacute;besz&eacute;ltem az alpesi &uacute;t el\u0151tt, hogy a h&aacute;l&oacute;s ny&aacute;ri Khao Air kab&aacute;tja alatt pr&oacute;b&aacute;lja ki \u0151 is ezt a term&eacute;k&uuml;nket.<\/em><\/strong><\/p>\n<p><strong><em>El&eacute;gedett mosollyal nyugt&aacute;zta \u0151 is hogy a &bdquo;hidegnek a &hellip;..&nbsp;:-))))<\/em><\/strong><\/p>\n<p><strong><em>Teh&aacute;t ha nem akarsz f&aacute;zni, nem a pamut pulcsi a megold&aacute;s, mert abban megizzadsz, hanem ez a term&eacute;k&uuml;nk. A legjobb &aacute;rban a mi &uuml;zlet&uuml;nkben tal&aacute;lod a Forcefield Tornado als&oacute;t &eacute;s fels\u0151t, csak&uacute;gy mint minden m&aacute;s Forcefield term&eacute;ket. &quot;<\/em><\/strong><\/p>\n<\/p>\n<p><span style=\"font-size: 10pt; font-family: Arial, sans-serif;\"><strong>El&eacute;rhet\u0151 Forcefield Tornado term&eacute;kek:<\/strong><\/span><\/p>\n<p><span style=\"font-size: 10pt; font-family: Arial, sans-serif;\"><strong>-Al&aacute;&ouml;lt&ouml;z\u0151 nadr&aacute;g:<\/strong><\/span><\/p>\n<p><a href=\"http:\/\/darazsgarazs.hu\/termek\/forcefield-tornado-alaoltozo-also.222.html\">http:\/\/darazsgarazs.hu\/termek\/forcefield-tornado-alaoltozo-also.222.html<\/a><\/p>\n<p><span style=\"font-size: 10pt; font-family: Arial, sans-serif;\"><strong>-Al&aacute;&ouml;lt&ouml;z\u0151 Fels\u0151r&eacute;sz:<\/strong><\/span><\/p>\n<p><a href=\"http:\/\/darazsgarazs.hu\/termek\/forcefield-tornado-alaoltozo-felso.221.html\">http:\/\/darazsgarazs.hu\/termek\/forcefield-tornado-alaoltozo-felso.221.html<\/a><\/p>\n<p><span style=\"font-size: 10pt; font-family: Arial, sans-serif;\"><strong>-Al&aacute;&ouml;lt&ouml;z\u0151 nyakmeleg&iacute;t\u0151:<\/strong><\/span><\/p>\n<p><a href=\"https:\/\/darazsgarazs.hu\/termek\/forcefield-tornado-advance-szelallo-thermo-nyakmelegito.942.html\">https:\/\/darazsgarazs.hu\/termek\/forcefield-tornado-advance-szelallo-thermo-nyakmelegito.942.html<\/a><\/p>\n<p><span style=\"font-size: 10pt; font-family: Arial, sans-serif;\"><strong>-Al&aacute;&ouml;lt&ouml;z\u0151 maszk:<\/strong><\/span><\/p>\n<p><a href=\"http:\/\/darazsgarazs.hu\/termek\/forcefield-thermo-maszk.218.html\"><span style=\"font-size: 10pt; font-family: Arial, sans-serif;\"><strong>http:\/\/darazsgarazs.hu\/termek\/forcefield-thermo-maszk.218.html<\/strong><\/span><\/a><\/p>\n<p><span style=\"font-size: 10pt; font-family: Arial, sans-serif;\"><strong>Az al&aacute;&ouml;lt&ouml;z\u0151 nyakmeleg&iacute;t\u0151 &eacute;s maszk term&eacute;kek a sisak &eacute;s a kab&aacute;t nyaka k&ouml;z&ouml;tt szabadon l&eacute;v\u0151 nyaki r&eacute;szr\u0151l veszik le t&ouml;k&eacute;letesen a menetszelet! A maszk teteje k&ouml;ny&iacute;tett kivitel &iacute;gy a sisak alatt &eacute;szre sem venni a visel&eacute;s k&ouml;zben!<\/strong><\/span><\/p>\n<p><span style=\"font-size: 10pt; font-family: Arial, sans-serif;\"><strong>A maszkr&oacute;l k&eacute;sz&uuml;lt tart&oacute;steszt ide kattintva olvashat&oacute;:&nbsp;&nbsp;<a href=\"https:\/\/darazsgarazs.hu\/termek\/forcefield-thermo-maszk-tartosteszt.823.html\">https:\/\/darazsgarazs.hu\/termek\/forcefield-thermo-maszk-tartosteszt.823.html<\/a><\/strong><o:p><\/o:p><\/span><\/p>\n","protected":false},"excerpt":{"rendered":"<p>A sz&eacute;ll&aacute;ll&oacute; v&iacute;zleperget\u0151 Defender anyagb&oacute;l k&eacute;sz&uuml;lt Forcefield tornado term&eacute;kcsal&aacute;dot is teszt al&aacute; vett&uuml;k!&nbsp; Koll&eacute;g&aacute;nk t&ouml;bb &eacute;ve haszn&aacute;lja el&eacute;gedetten , &iacute;gy [&hellip;]<\/p>\n","protected":false},"featured_media":105879,"template":"","meta":{"site-sidebar-layout":"default","site-content-layout":"","ast-site-content-layout":"default","site-content-style":"default","site-sidebar-style":"default","ast-global-header-display":"","ast-banner-title-visibility":"","ast-main-header-display":"","ast-hfb-above-header-display":"","ast-hfb-below-header-display":"","ast-hfb-mobile-header-display":"","site-post-title":"","ast-breadcrumbs-content":"","ast-featured-img":"","footer-sml-layout":"","ast-disable-related-posts":"","theme-transparent-header-meta":"","adv-header-id-meta":"","stick-header-meta":"","header-above-stick-meta":"","header-main-stick-meta":"","header-below-stick-meta":"","astra-migrate-meta-layouts":"default","ast-page-background-enabled":"default","ast-page-background-meta":{"desktop":{"background-color":"var(--ast-global-color-5)","background-image":"","background-repeat":"repeat","background-position":"center center","background-size":"auto","background-attachment":"scroll","background-type":"","background-media":"","overlay-type":"","overlay-color":"","overlay-opacity":"","overlay-gradient":""},"tablet":{"background-color":"","background-image":"","background-repeat":"repeat","background-position":"center center","background-size":"auto","background-attachment":"scroll","background-type":"","background-media":"","overlay-type":"","overlay-color":"","overlay-opacity":"","overlay-gradient":""},"mobile":{"background-color":"","background-image":"","background-repeat":"repeat","background-position":"center center","background-size":"auto","background-attachment":"scroll","background-type":"","background-media":"","overlay-type":"","overlay-color":"","overlay-opacity":"","overlay-gradient":""}},"ast-content-background-meta":{"desktop":{"background-color":"var(--ast-global-color-4)","background-image":"","background-repeat":"repeat","background-position":"center center","background-size":"auto","background-attachment":"scroll","background-type":"","background-media":"","overlay-type":"","overlay-color":"","overlay-opacity":"","overlay-gradient":""},"tablet":{"background-color":"var(--ast-global-color-4)","background-image":"","background-repeat":"repeat","background-position":"center center","background-size":"auto","background-attachment":"scroll","background-type":"","background-media":"","overlay-type":"","overlay-color":"","overlay-opacity":"","overlay-gradient":""},"mobile":{"background-color":"var(--ast-global-color-4)","background-image":"","background-repeat":"repeat","background-position":"center center","background-size":"auto","background-attachment":"scroll","background-type":"","background-media":"","overlay-type":"","overlay-color":"","overlay-opacity":"","overlay-gradient":""}}},"product_brand":[],"product_cat":[153],"product_tag":[],"class_list":{"0":"post-109723","1":"product","2":"type-product","3":"status-publish","4":"has-post-thumbnail","6":"product_cat-sajat-tesztelesu-termekek","7":"desktop-align-left","8":"tablet-align-left","9":"mobile-align-left","11":"first","12":"instock","13":"shipping-taxable","14":"product-type-simple"},"jetpack_sharing_enabled":true,"_links":{"self":[{"href":"https:\/\/zatureczkimarcell.ddns.net\/wordpress\/wp-json\/wp\/v2\/product\/109723","targetHints":{"allow":["GET"]}}],"collection":[{"href":"https:\/\/zatureczkimarcell.ddns.net\/wordpress\/wp-json\/wp\/v2\/product"}],"about":[{"href":"https:\/\/zatureczkimarcell.ddns.net\/wordpress\/wp-json\/wp\/v2\/types\/product"}],"wp:featuredmedia":[{"embeddable":true,"href":"https:\/\/zatureczkimarcell.ddns.net\/wordpress\/wp-json\/wp\/v2\/media\/105879"}],"wp:attachment":[{"href":"https:\/\/zatureczkimarcell.ddns.net\/wordpress\/wp-json\/wp\/v2\/media?parent=109723"}],"wp:term":[{"taxonomy":"product_brand","embeddable":true,"href":"https:\/\/zatureczkimarcell.ddns.net\/wordpress\/wp-json\/wp\/v2\/product_brand?post=109723"},{"taxonomy":"product_cat","embeddable":true,"href":"https:\/\/zatureczkimarcell.ddns.net\/wordpress\/wp-json\/wp\/v2\/product_cat?post=109723"},{"taxonomy":"product_tag","embeddable":true,"href":"https:\/\/zatureczkimarcell.ddns.net\/wordpress\/wp-json\/wp\/v2\/product_tag?post=109723"}],"curies":[{"name":"wp","href":"https:\/\/api.w.org\/{rel}","templated":true}]}}