{"id":109704,"date":"2026-04-01T10:35:48","date_gmt":"2026-04-01T08:35:48","guid":{"rendered":"https:\/\/zatureczkimarcell.ddns.net\/wordpress\/?post_type=product&#038;p=109704"},"modified":"2026-04-01T10:36:12","modified_gmt":"2026-04-01T08:36:12","slug":"upswing-lady-noi-motoros-nadrag-tesztgyoztes-termek","status":"publish","type":"product","link":"https:\/\/zatureczkimarcell.ddns.net\/wordpress\/termek\/upswing-lady-noi-motoros-nadrag-tesztgyoztes-termek\/","title":{"rendered":"Upswing Lady n\u0151i motoros nadr\u00e1g-Tesztgy\u0151ztes term\u00e9k!"},"content":{"rendered":"<div class=\"col-xs-24\" style=\"box-sizing: border-box; position: relative; min-height: 1px; padding-left: 8px; padding-right: 7px; float: left; width: 647.5px; font-family: Roboto, sans-serif; font-size: 14px;\">\n<div class=\"price-box\" style=\"box-sizing: border-box; font-size: 20px; font-weight: bold; line-height: 30px;\"><\/div>\n<\/div>\n<div class=\"col-xs-24\" style=\"box-sizing: border-box; position: relative; min-height: 1px; padding-left: 8px; padding-right: 7px; float: left; width: 647.5px; font-family: Roboto, sans-serif; font-size: 14px;\">\n<div class=\"product-description\" style=\"box-sizing: border-box; font-size: 16px;\">\n<p style=\"box-sizing: border-box; margin: 0px 0px 10px;\"><span style=\"box-sizing: border-box; color: rgb(255, 0, 0);\"><strong style=\"box-sizing: border-box;\">Figyelem! A Motorrad magazin tesztj&eacute;n a term&eacute;k kiv&aacute;l&oacute;an szerepelt &eacute;s &aacute;r-&eacute;rt&eacute;k gy\u0151ztes lett!&nbsp;<\/strong><\/span><\/p>\n<p style=\"box-sizing: border-box; margin: 0px 0px 10px; font-family: Roboto, sans-serif; font-size: 16px; line-height: 22.8571px;\"><strong><span style=\"font-family: Arial, sans-serif;\">A H&aacute;l&oacute;s fel&uuml;let\u0171, ez&aacute;ltal kiv&aacute;l&oacute;an szell\u0151z\u0151 nadr&aacute;gok, rendk&iacute;v&uuml;li komfort&eacute;rzetet biztos&iacute;tanak.&nbsp;<\/span><\/strong><span style=\"font-size: 4pt; font-family: Arial, sans-serif;\"><o:p><\/o:p><\/span><\/p>\n<p><span style=\"color:#FF0000;\"><span style=\"font-size: 16px;\"><strong><span style=\"font-family: Arial, sans-serif;\">Tesztjeink szerint &bdquo;Naked&rdquo; motoron viselve , m&aacute;r 20Km\/h sebess&eacute;gt\u0151l nem &eacute;rzed hogy motoros nadr&aacute;g van rajtad, annyira szell\u0151s!<\/span><\/strong><\/span><\/span><span style=\"font-size: 4pt; font-family: Arial, sans-serif;\"><o:p><\/o:p><\/span><\/p>\n<p><span style=\"font-size: 16px;\"><strong><span style=\"font-family: Arial, sans-serif;\">A ny&aacute;ri k&aacute;nikul&aacute;ban, egy ilyen nadr&aacute;got viselve, maxim&aacute;lis biztons&aacute;gban vagyunk a protektoroknak k&ouml;sz&ouml;nhet\u0151en, m&eacute;gis olyan &eacute;rz&eacute;s lesz m&aacute;r kis sebess&eacute;gn&eacute;l is motorozni, mintha nem is lenne rajtad motoros nadr&aacute;g.<\/span><\/strong><\/span><span style=\"font-size: 4pt; font-family: Arial, sans-serif;\"><o:p><\/o:p><\/span><\/p>\n<p><span style=\"font-size: 16px;\"><strong><span style=\"font-family: Arial, sans-serif;\">Rendk&iacute;v&uuml;l j&oacute; szell\u0151z&eacute;st biztos&iacute;t ! Amellett hogy a protektorok megv&eacute;dik, nem izzad bele visel\u0151je.<\/span><\/strong><\/span><span style=\"font-size: 4pt; font-family: Arial, sans-serif;\"><o:p><\/o:p><\/span><\/p>\n<p><span style=\"color:#FF0000;\"><span style=\"font-size: 16px;\"><strong><span style=\"font-family: Arial, sans-serif;\">Protektoros v&eacute;delem &eacute;s maxim&aacute;lis komfort m&eacute;g a legnagyobb ny&aacute;ri k&aacute;nikul&aacute;ban is!&nbsp;<\/span><\/strong><\/span><\/span><\/p>\n<p style=\"box-sizing: border-box; margin: 0px 0px 10px;\">\n<p style=\"box-sizing: border-box; margin: 0px 0px 10px;\"><strong style=\"box-sizing: border-box;\">500 D er\u0151ss&eacute;g\u0171 k&uuml;ls\u0151 r&eacute;sz&nbsp;<\/strong><\/p>\n<p style=\"box-sizing: border-box; margin: 0px 0px 10px;\"><strong style=\"font-size: 16px;\">Nagym&eacute;ret\u0171 h&aacute;l&oacute;s &#8211; &aacute;tl&aacute;tsz&oacute; szell\u0151z\u0151 panelek amelyek t&ouml;k&eacute;letes szell\u0151z&eacute;st biztos&iacute;tanak a legnagyobb k&aacute;nikul&aacute;ban is!&nbsp;<\/strong><\/p>\n<p style=\"box-sizing: border-box; margin: 0px 0px 10px;\"><strong style=\"box-sizing: border-box;\">Biztons&aacute;gi f&eacute;nyvisszaver\u0151 bet&eacute;tek&nbsp;3M Scotchlite &trade; anyagb&oacute;l<\/strong><\/p>\n<p style=\"box-sizing: border-box; margin: 0px 0px 10px;\"><strong style=\"box-sizing: border-box;\">Eur&oacute;pai szabv&aacute;ny t&eacute;rd protektorok.&nbsp;<\/strong><span style=\"font-size:16px;\"><strong>A nadr&aacute;gban a t&eacute;rdprotektor helyzete &aacute;ll&iacute;that&oacute;, &iacute;gy mindenki sz&aacute;m&aacute;ra azonnal t&ouml;k&eacute;letes helyen lesz a protektor&nbsp;<\/strong><\/span><\/p>\n<p style=\"box-sizing: border-box; margin: 0px 0px 10px;\"><strong style=\"box-sizing: border-box;\">Cs&iacute;p\u0151 protektorokanak kialak&iacute;tott protektorzseb<\/strong><\/p>\n<p style=\"box-sizing: border-box; margin: 0px 0px 10px;\"><strong style=\"box-sizing: border-box;\">Kab&aacute;ttal &ouml;sszecipz&aacute;razhat&oacute;<\/strong>&nbsp;<strong>&#8211; Univerz&aacute;lisan minden kab&aacute;ttal &ouml;sszekapcsolhat&oacute;, de megv&aacute;s&aacute;rolhat&oacute; a term&eacute;khez tartoz&oacute; kab&aacute;t k&eacute;tf&eacute;le sz&iacute;nben :&nbsp;<\/strong><\/p>\n<p style=\"box-sizing: border-box; margin: 0px 0px 10px;\"><a href=\"http:\/\/darazsgarazs.hu\/termek\/modeka-upswing-lady-noi-motoros-kabat-tesztgyoztes-termek.626.html\">http:\/\/darazsgarazs.hu\/termek\/modeka-upswing-lady-noi-motoros-kabat-tesztgyoztes-termek.626.html<\/a><\/p>\n<p style=\"box-sizing: border-box; margin: 0px 0px 10px;\"><a href=\"http:\/\/darazsgarazs.hu\/termek\/modeka-upswing-lady-noi-motoros-kabat-tesztgyoztes-termek.625.html\">http:\/\/darazsgarazs.hu\/termek\/modeka-upswing-lady-noi-motoros-kabat-tesztgyoztes-termek.625.html<\/a><\/p>\n<p style=\"box-sizing: border-box; margin: 0px 0px 10px;\"><strong style=\"box-sizing: border-box;\">M&eacute;retek: 34-48<\/strong><\/p>\n<p style=\"box-sizing: border-box; margin: 0px 0px 10px;\"><strong style=\"box-sizing: border-box;\">Sz&iacute;n: Fekete-s&ouml;t&eacute;tsz&uuml;rke, &nbsp;Vil&aacute;gossz&uuml;rke<\/strong><\/p>\n<p style=\"box-sizing: border-box; margin: 0px 0px 10px;\">Tov&aacute;bbi term&eacute;ktulajdons&aacute;gok&eacute;rt l&aacute;togasd meg az anyaglexikon men&uuml;pontunkat !<\/p>\n<p style=\"box-sizing: border-box; margin: 0px 0px 10px;\"><strong style=\"box-sizing: border-box; max-width: 100%; font-family: Roboto, sans-serif; font-size: 16px;\">Haszn&aacute;lati &eacute;s kezel&eacute;si &uacute;tmutat&oacute; a term&eacute;khez&nbsp;el&eacute;rhet\u0151 ide kattintva:&nbsp;<a href=\"https:\/\/darazsgarazs.hu\/index.php\/termek\/hasznalati-utmutato.1155.html\">https:\/\/darazsgarazs.hu\/index.php\/termek\/hasznalati-utmutato.1155.html<\/a><\/strong><\/p>\n<p><span style=\"font-family: Roboto, sans-serif; font-size: 16px;\">A term&eacute;k rendeltet&eacute;sszer\u0171 haszn&aacute;lat sor&aacute;n&nbsp;speci&aacute;lis mos&oacute;szerrel tiszt&iacute;that&oacute; !&nbsp;<\/span><span style=\"font-family: Roboto, sans-serif; font-size: 16px;\">A mos&oacute;szer speci&aacute;lisan technikai &ndash; motoros ruh&aacute;zathoz lett fejlesztve,<\/span><span style=\"font-family: Roboto, sans-serif; font-size: 16px;\">haszn&aacute;lat&aacute;val a term&eacute;kek nem csak tiszt&aacute;n tarthat&oacute;ak, de v&aacute;rhat&oacute; haszn&aacute;lati idej&uuml;k is n&ouml;vekszik! &Uuml;zlet&uuml;nkben megv&aacute;s&aacute;rolhat&oacute;ak a mos&oacute;szerek motoros ruh&aacute;zat k&uuml;ls\u0151 r&eacute;sz&eacute;hez &eacute;s a bels\u0151 membr&aacute;nhoz is.&nbsp;<\/span><\/p>\n<\/p>\n<\/div>\n<\/div>\n","protected":false},"excerpt":{"rendered":"<p>Figyelem! A Motorrad magazin tesztj&eacute;n a term&eacute;k kiv&aacute;l&oacute;an szerepelt &eacute;s &aacute;r-&eacute;rt&eacute;k gy\u0151ztes lett!&nbsp; A H&aacute;l&oacute;s fel&uuml;let\u0171, ez&aacute;ltal kiv&aacute;l&oacute;an szell\u0151z\u0151 nadr&aacute;gok, [&hellip;]<\/p>\n","protected":false},"featured_media":107069,"template":"","meta":{"site-sidebar-layout":"default","site-content-layout":"","ast-site-content-layout":"default","site-content-style":"default","site-sidebar-style":"default","ast-global-header-display":"","ast-banner-title-visibility":"","ast-main-header-display":"","ast-hfb-above-header-display":"","ast-hfb-below-header-display":"","ast-hfb-mobile-header-display":"","site-post-title":"","ast-breadcrumbs-content":"","ast-featured-img":"","footer-sml-layout":"","ast-disable-related-posts":"","theme-transparent-header-meta":"","adv-header-id-meta":"","stick-header-meta":"","header-above-stick-meta":"","header-main-stick-meta":"","header-below-stick-meta":"","astra-migrate-meta-layouts":"default","ast-page-background-enabled":"default","ast-page-background-meta":{"desktop":{"background-color":"var(--ast-global-color-5)","background-image":"","background-repeat":"repeat","background-position":"center center","background-size":"auto","background-attachment":"scroll","background-type":"","background-media":"","overlay-type":"","overlay-color":"","overlay-opacity":"","overlay-gradient":""},"tablet":{"background-color":"","background-image":"","background-repeat":"repeat","background-position":"center center","background-size":"auto","background-attachment":"scroll","background-type":"","background-media":"","overlay-type":"","overlay-color":"","overlay-opacity":"","overlay-gradient":""},"mobile":{"background-color":"","background-image":"","background-repeat":"repeat","background-position":"center center","background-size":"auto","background-attachment":"scroll","background-type":"","background-media":"","overlay-type":"","overlay-color":"","overlay-opacity":"","overlay-gradient":""}},"ast-content-background-meta":{"desktop":{"background-color":"var(--ast-global-color-4)","background-image":"","background-repeat":"repeat","background-position":"center center","background-size":"auto","background-attachment":"scroll","background-type":"","background-media":"","overlay-type":"","overlay-color":"","overlay-opacity":"","overlay-gradient":""},"tablet":{"background-color":"var(--ast-global-color-4)","background-image":"","background-repeat":"repeat","background-position":"center center","background-size":"auto","background-attachment":"scroll","background-type":"","background-media":"","overlay-type":"","overlay-color":"","overlay-opacity":"","overlay-gradient":""},"mobile":{"background-color":"var(--ast-global-color-4)","background-image":"","background-repeat":"repeat","background-position":"center center","background-size":"auto","background-attachment":"scroll","background-type":"","background-media":"","overlay-type":"","overlay-color":"","overlay-opacity":"","overlay-gradient":""}}},"product_brand":[],"product_cat":[139,138],"product_tag":[],"class_list":{"0":"post-109704","1":"product","2":"type-product","3":"status-publish","4":"has-post-thumbnail","6":"product_cat-motoros-ruhazat","7":"product_cat-nadragok","8":"desktop-align-left","9":"tablet-align-left","10":"mobile-align-left","12":"first","13":"instock","14":"sale","15":"shipping-taxable","16":"purchasable","17":"product-type-simple"},"jetpack_sharing_enabled":true,"_links":{"self":[{"href":"https:\/\/zatureczkimarcell.ddns.net\/wordpress\/wp-json\/wp\/v2\/product\/109704","targetHints":{"allow":["GET"]}}],"collection":[{"href":"https:\/\/zatureczkimarcell.ddns.net\/wordpress\/wp-json\/wp\/v2\/product"}],"about":[{"href":"https:\/\/zatureczkimarcell.ddns.net\/wordpress\/wp-json\/wp\/v2\/types\/product"}],"wp:featuredmedia":[{"embeddable":true,"href":"https:\/\/zatureczkimarcell.ddns.net\/wordpress\/wp-json\/wp\/v2\/media\/107069"}],"wp:attachment":[{"href":"https:\/\/zatureczkimarcell.ddns.net\/wordpress\/wp-json\/wp\/v2\/media?parent=109704"}],"wp:term":[{"taxonomy":"product_brand","embeddable":true,"href":"https:\/\/zatureczkimarcell.ddns.net\/wordpress\/wp-json\/wp\/v2\/product_brand?post=109704"},{"taxonomy":"product_cat","embeddable":true,"href":"https:\/\/zatureczkimarcell.ddns.net\/wordpress\/wp-json\/wp\/v2\/product_cat?post=109704"},{"taxonomy":"product_tag","embeddable":true,"href":"https:\/\/zatureczkimarcell.ddns.net\/wordpress\/wp-json\/wp\/v2\/product_tag?post=109704"}],"curies":[{"name":"wp","href":"https:\/\/api.w.org\/{rel}","templated":true}]}}