{"id":109650,"date":"2026-04-01T10:34:24","date_gmt":"2026-04-01T08:34:24","guid":{"rendered":"https:\/\/zatureczkimarcell.ddns.net\/wordpress\/?post_type=product&#038;p=109650"},"modified":"2026-04-01T10:34:45","modified_gmt":"2026-04-01T08:34:45","slug":"modeka-borapolo-50ml","status":"publish","type":"product","link":"https:\/\/zatureczkimarcell.ddns.net\/wordpress\/termek\/modeka-borapolo-50ml\/","title":{"rendered":"Modeka b\u0151r\u00e1pol\u00f3 50ml"},"content":{"rendered":"<\/p>\n<p><strong>Mindenfajta b\u0151r &aacute;pol&aacute;s&aacute;ra ide&aacute;lis m&eacute;hviaszos term&eacute;k. Gyors felsz&iacute;v&oacute;d&aacute;s .<\/strong><\/p>\n<p>\n<strong>R&eacute;szletek:<br \/>\nFenntartja a b\u0151r rugalmass&aacute;g&aacute;t&nbsp;&eacute;s impregn&aacute;lja a&nbsp;b\u0151rruh&aacute;zatot<br \/>\nHaszn&aacute;lata:<br \/>\nEgy puha ruh&aacute;val vagy m&aacute;s puha ronggyal , a kor&aacute;bban megtiszt&iacute;tott b\u0151rt d&ouml;rzs&ouml;lje &aacute;t v&eacute;konyan &eacute;s egyenletesen.&nbsp;<\/strong><\/p>\n<p><strong>Hagyjuk felsz&iacute;v&oacute;dni a term&eacute;ket.&nbsp;<\/strong><\/p>\n<p><span style=\"color:#FF0000;\"><strong>Haszn&aacute;lhat&oacute; motoros l&aacute;bbelik, kab&aacute;tok, nadr&aacute;gok &eacute;s keszty\u0171k, de ak&aacute;r a motor \u0171l&eacute;s&eacute;nek&nbsp;&aacute;pol&aacute;s&aacute;ra is. Tankb\u0151rh&ouml;z &eacute;s b\u0151r oldalt&aacute;sk&aacute;khoz is kiv&aacute;l&oacute; term&eacute;k!<\/strong><\/span><\/p>\n","protected":false},"excerpt":{"rendered":"<p>Mindenfajta b\u0151r &aacute;pol&aacute;s&aacute;ra ide&aacute;lis m&eacute;hviaszos term&eacute;k. Gyors felsz&iacute;v&oacute;d&aacute;s . R&eacute;szletek: Fenntartja a b\u0151r rugalmass&aacute;g&aacute;t&nbsp;&eacute;s impregn&aacute;lja a&nbsp;b\u0151rruh&aacute;zatot Haszn&aacute;lata: Egy puha ruh&aacute;val [&hellip;]<\/p>\n","protected":false},"featured_media":109038,"template":"","meta":{"site-sidebar-layout":"default","site-content-layout":"","ast-site-content-layout":"default","site-content-style":"default","site-sidebar-style":"default","ast-global-header-display":"","ast-banner-title-visibility":"","ast-main-header-display":"","ast-hfb-above-header-display":"","ast-hfb-below-header-display":"","ast-hfb-mobile-header-display":"","site-post-title":"","ast-breadcrumbs-content":"","ast-featured-img":"","footer-sml-layout":"","ast-disable-related-posts":"","theme-transparent-header-meta":"","adv-header-id-meta":"","stick-header-meta":"","header-above-stick-meta":"","header-main-stick-meta":"","header-below-stick-meta":"","astra-migrate-meta-layouts":"default","ast-page-background-enabled":"default","ast-page-background-meta":{"desktop":{"background-color":"var(--ast-global-color-5)","background-image":"","background-repeat":"repeat","background-position":"center center","background-size":"auto","background-attachment":"scroll","background-type":"","background-media":"","overlay-type":"","overlay-color":"","overlay-opacity":"","overlay-gradient":""},"tablet":{"background-color":"","background-image":"","background-repeat":"repeat","background-position":"center center","background-size":"auto","background-attachment":"scroll","background-type":"","background-media":"","overlay-type":"","overlay-color":"","overlay-opacity":"","overlay-gradient":""},"mobile":{"background-color":"","background-image":"","background-repeat":"repeat","background-position":"center center","background-size":"auto","background-attachment":"scroll","background-type":"","background-media":"","overlay-type":"","overlay-color":"","overlay-opacity":"","overlay-gradient":""}},"ast-content-background-meta":{"desktop":{"background-color":"var(--ast-global-color-4)","background-image":"","background-repeat":"repeat","background-position":"center center","background-size":"auto","background-attachment":"scroll","background-type":"","background-media":"","overlay-type":"","overlay-color":"","overlay-opacity":"","overlay-gradient":""},"tablet":{"background-color":"var(--ast-global-color-4)","background-image":"","background-repeat":"repeat","background-position":"center center","background-size":"auto","background-attachment":"scroll","background-type":"","background-media":"","overlay-type":"","overlay-color":"","overlay-opacity":"","overlay-gradient":""},"mobile":{"background-color":"var(--ast-global-color-4)","background-image":"","background-repeat":"repeat","background-position":"center center","background-size":"auto","background-attachment":"scroll","background-type":"","background-media":"","overlay-type":"","overlay-color":"","overlay-opacity":"","overlay-gradient":""}}},"product_brand":[],"product_cat":[127,148,147,143,140,139,138],"product_tag":[],"class_list":{"0":"post-109650","1":"product","2":"type-product","3":"status-publish","4":"has-post-thumbnail","6":"product_cat-apolas","7":"product_cat-cipok-csizmak","8":"product_cat-kabatok","9":"product_cat-kesztyuk","10":"product_cat-kiegeszitok","11":"product_cat-motoros-ruhazat","12":"product_cat-nadragok","13":"desktop-align-left","14":"tablet-align-left","15":"mobile-align-left","17":"first","18":"instock","19":"shipping-taxable","20":"purchasable","21":"product-type-simple"},"jetpack_sharing_enabled":true,"_links":{"self":[{"href":"https:\/\/zatureczkimarcell.ddns.net\/wordpress\/wp-json\/wp\/v2\/product\/109650","targetHints":{"allow":["GET"]}}],"collection":[{"href":"https:\/\/zatureczkimarcell.ddns.net\/wordpress\/wp-json\/wp\/v2\/product"}],"about":[{"href":"https:\/\/zatureczkimarcell.ddns.net\/wordpress\/wp-json\/wp\/v2\/types\/product"}],"wp:featuredmedia":[{"embeddable":true,"href":"https:\/\/zatureczkimarcell.ddns.net\/wordpress\/wp-json\/wp\/v2\/media\/109038"}],"wp:attachment":[{"href":"https:\/\/zatureczkimarcell.ddns.net\/wordpress\/wp-json\/wp\/v2\/media?parent=109650"}],"wp:term":[{"taxonomy":"product_brand","embeddable":true,"href":"https:\/\/zatureczkimarcell.ddns.net\/wordpress\/wp-json\/wp\/v2\/product_brand?post=109650"},{"taxonomy":"product_cat","embeddable":true,"href":"https:\/\/zatureczkimarcell.ddns.net\/wordpress\/wp-json\/wp\/v2\/product_cat?post=109650"},{"taxonomy":"product_tag","embeddable":true,"href":"https:\/\/zatureczkimarcell.ddns.net\/wordpress\/wp-json\/wp\/v2\/product_tag?post=109650"}],"curies":[{"name":"wp","href":"https:\/\/api.w.org\/{rel}","templated":true}]}}