{"id":526,"date":"2026-03-17T18:20:41","date_gmt":"2026-03-17T17:20:41","guid":{"rendered":"https:\/\/zatureczkimarcell.ddns.net\/etterem\/?page_id=526"},"modified":"2026-03-17T20:58:10","modified_gmt":"2026-03-17T19:58:10","slug":"aktualis","status":"publish","type":"page","link":"https:\/\/zatureczkimarcell.ddns.net\/etterem\/aktualis\/","title":{"rendered":"Aktu\u00e1lis"},"content":{"rendered":"\n<table id=\"tablepress-2\" class=\"tablepress tablepress-id-2\">\n<thead>\n<tr class=\"row-1\">\n\t<td class=\"column-1\"><\/td><th class=\"column-2\">H\u00c9TF\u0150<\/th><td class=\"column-3\"><\/td><th class=\"column-4\">KEDD<\/th><td class=\"column-5\"><\/td><th class=\"column-6\">SZERDA<\/th><td class=\"column-7\"><\/td><th class=\"column-8\">CS\u00dcT\u00d6RT\u00d6K<\/th><td class=\"column-9\"><\/td><th class=\"column-10\">P\u00c9NTEK<\/th><td class=\"column-11\"><\/td>\n<\/tr>\n<tr class=\"row-2\">\n\t<td class=\"column-1\"><\/td><th class=\"column-2\">M\u00e1rcius 16<\/th><td class=\"column-3\"><\/td><th class=\"column-4\">M\u00e1rcius 17<\/th><td class=\"column-5\"><\/td><th class=\"column-6\">M\u00e1rcius 18<\/th><td class=\"column-7\"><\/td><th class=\"column-8\">M\u00e1rcius 19<\/th><td class=\"column-9\"><\/td><th class=\"column-10\">M\u00e1rcius 20<\/th><td class=\"column-11\"><\/td>\n<\/tr>\n<\/thead>\n<tbody>\n<tr class=\"row-3\">\n\t<td class=\"column-1\">Levesek<\/td><td class=\"column-2\"><\/td><td class=\"column-3\"><\/td><td class=\"column-4\"><\/td><td class=\"column-5\"><\/td><td class=\"column-6\"><\/td><td class=\"column-7\"><\/td><td class=\"column-8\"><\/td><td class=\"column-9\"><\/td><td class=\"column-10\"><\/td><td class=\"column-11\"><\/td>\n<\/tr>\n<tr class=\"row-4\">\n\t<td class=\"column-1\"><\/td><td class=\"column-2\">Dar\u00e1lth\u00fasleves<\/td><td class=\"column-3\">700<\/td><td class=\"column-4\">Tejf\u00f6l\u00f6s gombaleves<\/td><td class=\"column-5\">700<\/td><td class=\"column-6\">Kert\u00e9szleves csipetk\u00e9vel<\/td><td class=\"column-7\">700<\/td><td class=\"column-8\">Tarhonyaleves<\/td><td class=\"column-9\">700<\/td><td class=\"column-10\">H\u00e1zi guly\u00e1sleves<\/td><td class=\"column-11\">1450<\/td>\n<\/tr>\n<tr class=\"row-5\">\n\t<td class=\"column-1\"><\/td><td class=\"column-2\">Sert\u00e9sragu leves<\/td><td class=\"column-3\">1450<\/td><td class=\"column-4\">Guly\u00e1sleves<\/td><td class=\"column-5\">1450<\/td><td class=\"column-6\">H\u00fasleves csigat\u00e9szt\u00e1val<\/td><td class=\"column-7\">1450<\/td><td class=\"column-8\">H\u00fasleves csigat\u00e9szt\u00e1val<\/td><td class=\"column-9\">1450<\/td><td class=\"column-10\">H\u00fasleves csigat\u00e9szt\u00e1val<\/td><td class=\"column-11\">1450<\/td>\n<\/tr>\n<tr class=\"row-6\">\n\t<td class=\"column-1\"><\/td><td class=\"column-2\">Guly\u00e1sleves<\/td><td class=\"column-3\">1450<\/td><td class=\"column-4\">Sert\u00e9sragu leves<\/td><td class=\"column-5\">1450<\/td><td class=\"column-6\">Babguly\u00e1s<\/td><td class=\"column-7\">1450<\/td><td class=\"column-8\">Fokhagymakr\u00e9m leves<\/td><td class=\"column-9\">1450<\/td><td class=\"column-10\">Sert\u00e9sragu leves<\/td><td class=\"column-11\">1450<\/td>\n<\/tr>\n<tr class=\"row-7\">\n\t<td class=\"column-1\">F\u0151\u00e9telek<\/td><td class=\"column-2\"><\/td><td class=\"column-3\"><\/td><td class=\"column-4\"><\/td><td class=\"column-5\"><\/td><td class=\"column-6\"><\/td><td class=\"column-7\"><\/td><td class=\"column-8\"><\/td><td class=\"column-9\"><\/td><td class=\"column-10\"><\/td><td class=\"column-11\"><\/td>\n<\/tr>\n<tr class=\"row-8\">\n\t<td class=\"column-1\"><\/td><td class=\"column-2\">Dubarry halfil\u00e9 rizzsel<\/td><td class=\"column-3\">1900<\/td><td class=\"column-4\">Burgonyaf\u0151zel\u00e9k sert\u00e9sp\u00f6rk\u00f6lttel<\/td><td class=\"column-5\">1900<\/td><td class=\"column-6\">Ajv\u00e1rral \u00e9s sajttal s\u00fclt tarja t\u00f6rt burgony\u00e1val<\/td><td class=\"column-7\">1900<\/td><td class=\"column-8\">Roston s\u00fclt csirkemell gy\u00fcm\u00f6lcsm\u00e1rt\u00e1ssal<\/td><td class=\"column-9\">1900<\/td><td class=\"column-10\">Csirkem\u00e1jas z\u00f6ldbors\u00f3p\u00f6rk\u00f6lt t\u00e9szt\u00e1val<\/td><td class=\"column-11\">1150<\/td>\n<\/tr>\n<tr class=\"row-9\">\n\t<td class=\"column-1\"><\/td><td class=\"column-2\">Sonkakr\u00e9mmel t\u00f6lt\u00f6tt borda t\u00f6rt burgony\u00e1val<\/td><td class=\"column-3\">1900<\/td><td class=\"column-4\">Csirkemell s\u00f6rt\u00e9szt\u00e1ban rizzsel<\/td><td class=\"column-5\">1900<\/td><td class=\"column-6\">R\u00e1ntott sajt \u00e9s gomba vegyes k\u00f6rettel<\/td><td class=\"column-7\">1900<\/td><td class=\"column-8\">Sajttal t\u00f6lt\u00f6tt borda petrezselymes burgony\u00e1val<\/td><td class=\"column-9\">1900<\/td><td class=\"column-10\">Pozsonyi kocka<\/td><td class=\"column-11\">1150<\/td>\n<\/tr>\n<tr class=\"row-10\">\n\t<td class=\"column-1\"><\/td><td class=\"column-2\">\u00d3v\u00e1ri csirkemell s\u00fclt burgony\u00e1val<\/td><td class=\"column-3\">2600<\/td><td class=\"column-4\">R\u00e1ntott sajt s\u00fclt burgony\u00e1val<\/td><td class=\"column-5\">2600<\/td><td class=\"column-6\">Erd\u00e9lyi halfil\u00e9 steak burgony\u00e1val<\/td><td class=\"column-7\">2600<\/td><td class=\"column-8\">R\u00e1ntott halfil\u00e9 majon\u00e9zes burgony\u00e1val<\/td><td class=\"column-9\">2600<\/td><td class=\"column-10\">Cig\u00e1nypecsenye s\u00fclt burgony\u00e1val<\/td><td class=\"column-11\">2600<\/td>\n<\/tr>\n<tr class=\"row-11\">\n\t<td class=\"column-1\"><\/td><td class=\"column-2\">R\u00e1ntott sajt rizzsel<\/td><td class=\"column-3\">2600<\/td><td class=\"column-4\">R\u00e1ntott halfil\u00e9 majon\u00e9zes burgony\u00e1val<\/td><td class=\"column-5\">2600<\/td><td class=\"column-6\">Cig\u00e1nypecsenye s\u00fclt burgony\u00e1val<\/td><td class=\"column-7\">2600<\/td><td class=\"column-8\">Cig\u00e1nypecsenye s\u00fcltburgony\u00e1val<\/td><td class=\"column-9\">2600<\/td><td class=\"column-10\">R\u00e1ntott sajt s\u00fcltburgony\u00e1val<\/td><td class=\"column-11\">2600<\/td>\n<\/tr>\n<tr class=\"row-12\">\n\t<td class=\"column-1\"><\/td><td class=\"column-2\">Bolognai spagetti<\/td><td class=\"column-3\">2600<\/td><td class=\"column-4\">Brass\u00f3i apr\u00f3pecsenye<\/td><td class=\"column-5\">2600<\/td><td class=\"column-6\">R\u00e1ntott borda s\u00fclt burgony\u00e1val<\/td><td class=\"column-7\">2600<\/td><td class=\"column-8\">Magyar\u00f3v\u00e1ri csirkemell vegyes k\u00f6rettel<\/td><td class=\"column-9\">2600<\/td><td class=\"column-10\">R\u00e1ntott halfil\u00e9 majon\u00e9zes burgony\u00e1val<\/td><td class=\"column-11\">2600<\/td>\n<\/tr>\n<tr class=\"row-13\">\n\t<td class=\"column-1\">K\u00f6ret &#8211; Sal\u00e1ta &#8211; Desszert<\/td><td class=\"column-2\"><\/td><td class=\"column-3\"><\/td><td class=\"column-4\"><\/td><td class=\"column-5\"><\/td><td class=\"column-6\"><\/td><td class=\"column-7\"><\/td><td class=\"column-8\"><\/td><td class=\"column-9\"><\/td><td class=\"column-10\"><\/td><td class=\"column-11\"><\/td>\n<\/tr>\n<tr class=\"row-14\">\n\t<td class=\"column-1\"><\/td><td class=\"column-2\">Tart\u00e1rm\u00e1rt\u00e1s<\/td><td class=\"column-3\">400<\/td><td class=\"column-4\">Tart\u00e1rm\u00e1rt\u00e1s<\/td><td class=\"column-5\">400<\/td><td class=\"column-6\">Tart\u00e1rm\u00e1rt\u00e1s<\/td><td class=\"column-7\">400<\/td><td class=\"column-8\">Tart\u00e1rm\u00e1rt\u00e1s<\/td><td class=\"column-9\">400<\/td><td class=\"column-10\">Tart\u00e1rm\u00e1rt\u00e1s<\/td><td class=\"column-11\">400<\/td>\n<\/tr>\n<tr class=\"row-15\">\n\t<td class=\"column-1\"><\/td><td class=\"column-2\">Soml\u00f3i galuska<\/td><td class=\"column-3\">950<\/td><td class=\"column-4\">Soml\u00f3i galuska<\/td><td class=\"column-5\">950<\/td><td class=\"column-6\">Soml\u00f3i galuska<\/td><td class=\"column-7\">950<\/td><td class=\"column-8\">Soml\u00f3i galuska<\/td><td class=\"column-9\">950<\/td><td class=\"column-10\">Soml\u00f3i galuska<\/td><td class=\"column-11\">950<\/td>\n<\/tr>\n<tr class=\"row-16\">\n\t<td class=\"column-1\"><\/td><td class=\"column-2\">K\u00e1poszta sal\u00e1ta<\/td><td class=\"column-3\">900<\/td><td class=\"column-4\">K\u00e1poszta sal\u00e1ta<\/td><td class=\"column-5\">900<\/td><td class=\"column-6\">K\u00e1poszta sal\u00e1ta<\/td><td class=\"column-7\">900<\/td><td class=\"column-8\">K\u00e1poszta sal\u00e1ta<\/td><td class=\"column-9\">900<\/td><td class=\"column-10\">K\u00e1poszta sal\u00e1ta<\/td><td class=\"column-11\">900<\/td>\n<\/tr>\n<tr class=\"row-17\">\n\t<td class=\"column-1\"><\/td><td class=\"column-2\">Alma r\u00e9pa sal\u00e1ta<\/td><td class=\"column-3\">900<\/td><td class=\"column-4\">Alma r\u00e9pa sal\u00e1ta<\/td><td class=\"column-5\">900<\/td><td class=\"column-6\">Alma r\u00e9pa sal\u00e1ta<\/td><td class=\"column-7\">900<\/td><td class=\"column-8\">Alma r\u00e9pa sal\u00e1ta<\/td><td class=\"column-9\">900<\/td><td class=\"column-10\">Alma r\u00e9pa sal\u00e1ta<\/td><td class=\"column-11\">900<\/td>\n<\/tr>\n<tr class=\"row-18\">\n\t<td class=\"column-1\"><\/td><td class=\"column-2\">Palacsinta k\u00edv\u00e1ns\u00e1g szerinti t\u00f6ltel\u00e9kkel<\/td><td class=\"column-3\">350<\/td><td class=\"column-4\">Palacsinta k\u00edv\u00e1ns\u00e1g szerinti t\u00f6ltel\u00e9kkel<\/td><td class=\"column-5\">350<\/td><td class=\"column-6\">Palacsinta k\u00edv\u00e1ns\u00e1g szerinti t\u00f6ltel\u00e9kkel<\/td><td class=\"column-7\">350<\/td><td class=\"column-8\">Palacsinta k\u00edv\u00e1ns\u00e1g szerinti t\u00f6ltel\u00e9kkel<\/td><td class=\"column-9\">350<\/td><td class=\"column-10\">Palacsinta k\u00edv\u00e1ns\u00e1g szerinti t\u00f6ltel\u00e9kkel<\/td><td class=\"column-11\">350<\/td>\n<\/tr>\n<\/tbody>\n<\/table>\n<!-- #tablepress-2 from cache -->\n\n\n<script>\ndocument.addEventListener('DOMContentLoaded', () => {\n  const table = document.getElementById('tablepress-2');\n  if (!table) return;\n\n  \/\/ R\u00f6gz\u00edtett oszlopok: nap neve oszlopai (1-alap\u00fa index)\n  const dayColumns = [2, 4, 6, 8, 10];     \/\/ H\u00e9tf\u0151, Kedd, Szerda, Cs\u00fct, P\u00e9ntek\n  const priceColumns = [3, 5, 7, 9, 11];   \/\/ az \u00e1rak mindig +1 oszlop\n\n  const dayNames = ['H\u00c9TF\u0150', 'KEDD', 'SZERDA', 'CS\u00dcT\u00d6RT\u00d6K', 'P\u00c9NTEK'];\n  const dates = ['M\u00e1rcius 16', 'M\u00e1rcius 17', 'M\u00e1rcius 18', 'M\u00e1rcius 19', 'M\u00e1rcius 20'];\n\n  const tbodyRows = Array.from(table.querySelector('tbody').querySelectorAll('tr'));\n\n  const container = document.createElement('div');\n  container.className = 'daily-menu-container';\n\n  dayColumns.forEach((colNum, index) => {\n    const dayName = dayNames[index];\n    const dayDate = dates[index];\n\n    const card = document.createElement('div');\n    card.className = 'day-card';\n\n    const title = document.createElement('h3');\n    title.textContent = `${dayName} \u2013 ${dayDate}`;\n    card.appendChild(title);\n\n    let currentCategory = '';\n\n    tbodyRows.forEach(row => {\n      const firstCellText = row.querySelector('td.column-1')?.textContent.trim() || '';\n\n      \/\/ Kateg\u00f3ria detekt\u00e1l\u00e1s\n      if (firstCellText && firstCellText !== '') {\n        currentCategory = firstCellText;\n        const catDiv = document.createElement('div');\n        catDiv.className = 'category-title';\n        catDiv.textContent = currentCategory;\n        card.appendChild(catDiv);\n        return; \/\/ kateg\u00f3ria sor ut\u00e1n ugrunk\n      }\n\n      \/\/ \u00c9telsor: n\u00e9v a colNum-b\u00f3l, \u00e1r a priceColumns[index]-b\u0151l\n      const nameCell = row.querySelector(`td.column-${colNum}`);\n      const priceCell = row.querySelector(`td.column-${priceColumns[index]}`);\n\n      const name = nameCell ? nameCell.textContent.trim() : '';\n      let price = priceCell ? priceCell.textContent.trim() : '';\n\n      \/\/ Csak ha van n\u00e9v (\u00fcres cell\u00e1kat kihagyjuk)\n      if (name) {\n        const itemDiv = document.createElement('div');\n        itemDiv.className = 'menu-item';\n\n        const nameSpan = document.createElement('span');\n        nameSpan.className = 'item-name';\n        nameSpan.textContent = name;\n\n        if (price && !isNaN(parseInt(price, 10))) {  \/\/ csak sz\u00e1m-\u00e1rakat vesz\u00fcnk figyelembe\n          const priceSpan = document.createElement('span');\n          priceSpan.className = 'item-price';\n          priceSpan.textContent = price + ' Ft';\n          itemDiv.appendChild(nameSpan);\n          itemDiv.appendChild(priceSpan);\n        } else {\n          itemDiv.appendChild(nameSpan);\n        }\n\n        card.appendChild(itemDiv);\n      }\n    });\n\n    container.appendChild(card);\n  });\n\n  table.parentNode.insertBefore(container, table.nextSibling);\n});\n<\/script>\n<style>\n\/* =============================================\n   TABLEPRESS-2 \u2013 NAPI \u00c9TLAP K\u00c1RTY\u00c1K MOBILRA\n   ============================================= *\/\n\n.daily-menu-container {\n  display: none;\n}\n\n@media (max-width: 782px) {\n  #tablepress-2 {\n    display: none !important;\n  }\n\n  .daily-menu-container {\n    display: block;\n  }\n\n  .day-card {\n    background: #ffffff;\n    border-radius: 18px;\n    box-shadow: 0 10px 30px rgba(0, 0, 0, 0.08);\n    margin-bottom: 28px;\n    padding: 24px;\n    border: 1px solid #f0f0f0;\n  }\n\n  .day-card h3 {\n    font-size: 1.45rem;\n    font-weight: 700;\n    color: #e67e22;\n    text-align: center;\n    background: #fff9e6;\n    padding: 14px;\n    border-radius: 12px;\n    margin: -24px -24px 24px -24px;\n    border-bottom: 4px solid #e67e22;\n  }\n\n  .category-title {\n    font-size: 1.25rem;\n    font-weight: 700;\n    color: #333;\n    margin: 20px 0 12px;\n    padding-bottom: 8px;\n    border-bottom: 2px solid #eee;\n  }\n\n  .menu-item {\n    display: flex;\n    justify-content: space-between;\n    align-items: baseline;\n    padding: 10px 0;\n    border-bottom: 1px solid #f5f5f5;\n    font-size: 1.05rem;\n  }\n\n  .menu-item:last-child {\n    border-bottom: none;\n  }\n\n  .item-name {\n    flex: 1;\n    color: #222;\n  }\n\n  .item-price {\n    font-weight: 700;\n    color: #e67e22;\n    min-width: 80px;\n    text-align: right;\n    padding-left: 12px;\n  }\n}\n\n\/* Kis extra: ha nagyon hossz\u00fa a n\u00e9v, t\u00f6rdelhet\u0151 legyen *\/\n@media (max-width: 782px) {\n  .item-name {\n    word-break: break-word;\n    hyphens: auto;\n  }\n}\n<\/style>\n","protected":false},"excerpt":{"rendered":"","protected":false},"author":1,"featured_media":0,"parent":0,"menu_order":0,"comment_status":"closed","ping_status":"closed","template":"","meta":{"footnotes":""},"class_list":["post-526","page","type-page","status-publish","hentry"],"_links":{"self":[{"href":"https:\/\/zatureczkimarcell.ddns.net\/etterem\/wp-json\/wp\/v2\/pages\/526","targetHints":{"allow":["GET"]}}],"collection":[{"href":"https:\/\/zatureczkimarcell.ddns.net\/etterem\/wp-json\/wp\/v2\/pages"}],"about":[{"href":"https:\/\/zatureczkimarcell.ddns.net\/etterem\/wp-json\/wp\/v2\/types\/page"}],"author":[{"embeddable":true,"href":"https:\/\/zatureczkimarcell.ddns.net\/etterem\/wp-json\/wp\/v2\/users\/1"}],"replies":[{"embeddable":true,"href":"https:\/\/zatureczkimarcell.ddns.net\/etterem\/wp-json\/wp\/v2\/comments?post=526"}],"version-history":[{"count":3,"href":"https:\/\/zatureczkimarcell.ddns.net\/etterem\/wp-json\/wp\/v2\/pages\/526\/revisions"}],"predecessor-version":[{"id":531,"href":"https:\/\/zatureczkimarcell.ddns.net\/etterem\/wp-json\/wp\/v2\/pages\/526\/revisions\/531"}],"wp:attachment":[{"href":"https:\/\/zatureczkimarcell.ddns.net\/etterem\/wp-json\/wp\/v2\/media?parent=526"}],"curies":[{"name":"wp","href":"https:\/\/api.w.org\/{rel}","templated":true}]}}