{"id":373,"date":"2026-03-13T19:51:01","date_gmt":"2026-03-13T18:51:01","guid":{"rendered":"https:\/\/zatureczkimarcell.ddns.net\/etterem\/?page_id=373"},"modified":"2026-03-13T19:51:01","modified_gmt":"2026-03-13T18:51:01","slug":"pizzak","status":"publish","type":"page","link":"https:\/\/zatureczkimarcell.ddns.net\/etterem\/pizzak\/","title":{"rendered":"Pizz\u00e1k"},"content":{"rendered":"<style>.fdm-section-header p { display: none; }.fdm-item-title, .fdm-item-image { cursor: pointer; }<\/style>\n\n\n<div class=\"fdm-menu-filtering\">\n\t<\/div>\n\n<div class=\"fdm-the-menu\">\n\n\n\n<ul id=\"fdm-menu-1\" class=\"fdm-menu fdm-menu-366 fdm-menu-classic fdm-menu-sidebar- fdm-columns-1 fdm-layout-classic clearfix\">\n\n\n\t<li class=\"fdm-column fdm-column-0 fdm-column-last\">\n\n\t<ul class=\"fdm-section fdm-sectionid-51 fdm-section-pizzak fdm-section-one\">\n\t<li class=\"fdm-section-header\" id=\"fdm-section-header-pizzak\">\n\n\t\t\t\t\n\t\t\n\t\t\t\t\t<h3 class=''>Pizz\u00e1k<\/h3>\n\t\t\n\t\t\n\t\t\n\t<\/li>\n\t\n\t\t<li class=\"fdm-item fdm-item-newpage-open fdm-item-has-price\" data-postid=\"483\" data-section=\"51\" data-timeadded=\"1773746879\" data-permalink=\"https:\/\/zatureczkimarcell.ddns.net\/etterem\/menu-item\/bolognai-pizza\/\">\n\t\n\t\t\n\t\t<div class=\"fdm-item-panel\" data-price=\"5700\">\n\n\t\t\t<div class=\"fdm-item-non-image-container\">\n<p class=\"fdm-item-title\">BOLOGNAI pizza<\/p><div class=\"fdm-item-price-wrapper\" data-min_price='1000000' data-max_price='0'>\n\t\t\t<div class=\"fdm-item-price\">3,300.00Ft<\/div>\n\t\t\t<div class=\"fdm-item-price\">5,700.00Ft<\/div>\n\t<\/div>\n<div class=\"fdm-item-content\">\n\t<p><!-- wp:paragraph --><\/p>\n<p>paradicsomos alap, sajt, bolognai ragu, pepperoni<\/p>\n<p><!-- \/wp:paragraph --><\/p>\n<\/div>\n<\/div>\n\t\t\t<div class=\"clearfix\"><\/div>\n\t\t<\/div>\n\n\t\t\n\t\t<\/li>\n\t\n\n\n\t\t<li class=\"fdm-item fdm-item-newpage-open fdm-item-has-price\" data-postid=\"487\" data-section=\"51\" data-timeadded=\"1773746944\" data-permalink=\"https:\/\/zatureczkimarcell.ddns.net\/etterem\/menu-item\/csirkemajas-pizza\/\">\n\t\n\t\t\n\t\t<div class=\"fdm-item-panel\" data-price=\"5700\">\n\n\t\t\t<div class=\"fdm-item-non-image-container\">\n<p class=\"fdm-item-title\">CSIRKEM\u00c1JAS pizza<\/p><div class=\"fdm-item-price-wrapper\" data-min_price='1000000' data-max_price='0'>\n\t\t\t<div class=\"fdm-item-price\">3,300.00Ft<\/div>\n\t\t\t<div class=\"fdm-item-price\">5,700.00Ft<\/div>\n\t<\/div>\n<div class=\"fdm-item-content\">\n\t<p><!-- wp:paragraph --><\/p>\n<p>paradicsomos alap, sajt, toj\u00e1s, csirkem\u00e1j, kukorica, pepperoni<\/p>\n<p><!-- \/wp:paragraph --><\/p>\n<\/div>\n<\/div>\n\t\t\t<div class=\"clearfix\"><\/div>\n\t\t<\/div>\n\n\t\t\n\t\t<\/li>\n\t\n\n\n\t\t<li class=\"fdm-item fdm-item-newpage-open fdm-item-has-price\" data-postid=\"491\" data-section=\"51\" data-timeadded=\"1773747003\" data-permalink=\"https:\/\/zatureczkimarcell.ddns.net\/etterem\/menu-item\/fokhagymas-pizzacsik\/\">\n\t\n\t\t\n\t\t<div class=\"fdm-item-panel\" data-price=\"3900\">\n\n\t\t\t<div class=\"fdm-item-non-image-container\">\n<p class=\"fdm-item-title\">FOKHAGYM\u00c1S pizzacs\u00edk<\/p><div class=\"fdm-item-price-wrapper\" data-min_price='1000000' data-max_price='0'>\n\t\t\t<div class=\"fdm-item-price\">3,900.00Ft<\/div>\n\t<\/div>\n<div class=\"fdm-item-content\">\n\t<p><!-- wp:paragraph --><\/p>\n<p>pik\u00e1ns tejf\u00f6l\u00f6s \u00f6ntettel<\/p>\n<p><!-- \/wp:paragraph --><\/p>\n<\/div>\n<\/div>\n\t\t\t<div class=\"clearfix\"><\/div>\n\t\t<\/div>\n\n\t\t\n\t\t<\/li>\n\t\n\n\n\t\t<li class=\"fdm-item fdm-item-newpage-open fdm-item-has-price\" data-postid=\"471\" data-section=\"51\" data-timeadded=\"1773746669\" data-permalink=\"https:\/\/zatureczkimarcell.ddns.net\/etterem\/menu-item\/giovanni-pizza\/\">\n\t\n\t\t\n\t\t<div class=\"fdm-item-panel\" data-price=\"5700\">\n\n\t\t\t<div class=\"fdm-item-non-image-container\">\n<p class=\"fdm-item-title\">GIOVANNI pizza<\/p><div class=\"fdm-item-price-wrapper\" data-min_price='1000000' data-max_price='0'>\n\t\t\t<div class=\"fdm-item-price\">3,300.00Ft<\/div>\n\t\t\t<div class=\"fdm-item-price\">5,700.00Ft<\/div>\n\t<\/div>\n<div class=\"fdm-item-content\">\n\t<p><!-- wp:paragraph --><\/p>\n<p>paradicsomos alap, sajt, tarja, kolb\u00e1sz, Tv paprika<\/p>\n<p><!-- \/wp:paragraph --><\/p>\n<\/div>\n<\/div>\n\t\t\t<div class=\"clearfix\"><\/div>\n\t\t<\/div>\n\n\t\t\n\t\t<\/li>\n\t\n\n\n\t\t<li class=\"fdm-item fdm-item-newpage-open fdm-item-has-price\" data-postid=\"467\" data-section=\"51\" data-timeadded=\"1773746588\" data-permalink=\"https:\/\/zatureczkimarcell.ddns.net\/etterem\/menu-item\/kecskemeti-pizza\/\">\n\t\n\t\t\n\t\t<div class=\"fdm-item-panel\" data-price=\"5700\">\n\n\t\t\t<div class=\"fdm-item-non-image-container\">\n<p class=\"fdm-item-title\">KECSKEM\u00c9TI pizza<\/p><div class=\"fdm-item-price-wrapper\" data-min_price='1000000' data-max_price='0'>\n\t\t\t<div class=\"fdm-item-price\">3,300.00Ft<\/div>\n\t\t\t<div class=\"fdm-item-price\">5,700.00Ft<\/div>\n\t<\/div>\n<div class=\"fdm-item-content\">\n\t<p><!-- wp:paragraph --><\/p>\n<p>paradicsomos alap, sajt, toj\u00e1s, kukorica, feta sajt, sonka, fokhagyma<\/p>\n<p><!-- \/wp:paragraph --><\/p>\n<\/div>\n<\/div>\n\t\t\t<div class=\"clearfix\"><\/div>\n\t\t<\/div>\n\n\t\t\n\t\t<\/li>\n\t\n\n\n\t\t<li class=\"fdm-item fdm-item-newpage-open fdm-item-has-price\" data-postid=\"463\" data-section=\"51\" data-timeadded=\"1773746524\" data-permalink=\"https:\/\/zatureczkimarcell.ddns.net\/etterem\/menu-item\/kert-pizza\/\">\n\t\n\t\t\n\t\t<div class=\"fdm-item-panel\" data-price=\"5700\">\n\n\t\t\t<div class=\"fdm-item-non-image-container\">\n<p class=\"fdm-item-title\">KERT pizza<\/p><div class=\"fdm-item-price-wrapper\" data-min_price='1000000' data-max_price='0'>\n\t\t\t<div class=\"fdm-item-price\">3,300.00Ft<\/div>\n\t\t\t<div class=\"fdm-item-price\">5,700.00Ft<\/div>\n\t<\/div>\n<div class=\"fdm-item-content\">\n\t<p><!-- wp:paragraph --><\/p>\n<p>tejf\u00f6l\u00f6s alap, sajt, kukorica, bors\u00f3, tarja, gy\u00f6ngyhagyma<\/p>\n<p><!-- \/wp:paragraph --><\/p>\n<\/div>\n<\/div>\n\t\t\t<div class=\"clearfix\"><\/div>\n\t\t<\/div>\n\n\t\t\n\t\t<\/li>\n\t\n\n\n\t\t<li class=\"fdm-item fdm-item-newpage-open fdm-item-has-price\" data-postid=\"469\" data-section=\"51\" data-timeadded=\"1773746632\" data-permalink=\"https:\/\/zatureczkimarcell.ddns.net\/etterem\/menu-item\/magyaros-pizza\/\">\n\t\n\t\t\n\t\t<div class=\"fdm-item-panel\" data-price=\"5700\">\n\n\t\t\t<div class=\"fdm-item-non-image-container\">\n<p class=\"fdm-item-title\">MAGYAROS pizza<\/p><div class=\"fdm-item-price-wrapper\" data-min_price='1000000' data-max_price='0'>\n\t\t\t<div class=\"fdm-item-price\">3,300.00Ft<\/div>\n\t\t\t<div class=\"fdm-item-price\">5,700.00Ft<\/div>\n\t<\/div>\n<div class=\"fdm-item-content\">\n\t<p><!-- wp:paragraph --><\/p>\n<p>paradicsomos alap, sajt, toj\u00e1s, cs\u00e1sz\u00e1rszalonna, kolb\u00e1sz, hagyma, z\u00f6ldpaprika<\/p>\n<p><!-- \/wp:paragraph --><\/p>\n<\/div>\n<\/div>\n\t\t\t<div class=\"clearfix\"><\/div>\n\t\t<\/div>\n\n\t\t\n\t\t<\/li>\n\t\n\n\n\t\t<li class=\"fdm-item fdm-item-newpage-open fdm-item-has-price\" data-postid=\"461\" data-section=\"51\" data-timeadded=\"1773746410\" data-permalink=\"https:\/\/zatureczkimarcell.ddns.net\/etterem\/menu-item\/margareta-pizza\/\">\n\t\n\t\t\n\t\t<div class=\"fdm-item-panel\" data-price=\"4900\">\n\n\t\t\t<div class=\"fdm-item-non-image-container\">\n<p class=\"fdm-item-title\">MARGAR\u00c9TA pizza<\/p><div class=\"fdm-item-price-wrapper\" data-min_price='1000000' data-max_price='0'>\n\t\t\t<div class=\"fdm-item-price\">3,000.00Ft<\/div>\n\t\t\t<div class=\"fdm-item-price\">4,900.00Ft<\/div>\n\t<\/div>\n<div class=\"fdm-item-content\">\n\t<p><!-- wp:paragraph --><\/p>\n<p>paradicsomos alap, mozzarella sajt, ol\u00edvabogy\u00f3<\/p>\n<p><!-- \/wp:paragraph --><\/p>\n<\/div>\n<\/div>\n\t\t\t<div class=\"clearfix\"><\/div>\n\t\t<\/div>\n\n\t\t\n\t\t<\/li>\n\t\n\n\n\t\t<li class=\"fdm-item fdm-item-newpage-open fdm-item-has-price\" data-postid=\"477\" data-section=\"51\" data-timeadded=\"1773746760\" data-permalink=\"https:\/\/zatureczkimarcell.ddns.net\/etterem\/menu-item\/mediterran-pizza\/\">\n\t\n\t\t\n\t\t<div class=\"fdm-item-panel\" data-price=\"5700\">\n\n\t\t\t<div class=\"fdm-item-non-image-container\">\n<p class=\"fdm-item-title\">MEDITERR\u00c1N pizza<\/p><div class=\"fdm-item-price-wrapper\" data-min_price='1000000' data-max_price='0'>\n\t\t\t<div class=\"fdm-item-price\">3,300.00Ft<\/div>\n\t\t\t<div class=\"fdm-item-price\">5,700.00Ft<\/div>\n\t<\/div>\n<div class=\"fdm-item-content\">\n\t<p><!-- wp:paragraph --><\/p>\n<p>tejf\u00f6l\u00f6s alap, sajt, sonka, juhsajt, ol\u00edvabogy\u00f3<\/p>\n<p><!-- \/wp:paragraph --><\/p>\n<\/div>\n<\/div>\n\t\t\t<div class=\"clearfix\"><\/div>\n\t\t<\/div>\n\n\t\t\n\t\t<\/li>\n\t\n\n\n\t\t<li class=\"fdm-item fdm-item-newpage-open fdm-item-has-price\" data-postid=\"475\" data-section=\"51\" data-timeadded=\"1773746729\" data-permalink=\"https:\/\/zatureczkimarcell.ddns.net\/etterem\/menu-item\/negy-evszak-pizza\/\">\n\t\n\t\t\n\t\t<div class=\"fdm-item-panel\" data-price=\"5700\">\n\n\t\t\t<div class=\"fdm-item-non-image-container\">\n<p class=\"fdm-item-title\">N\u00c9GY \u00c9VSZAK pizza<\/p><div class=\"fdm-item-price-wrapper\" data-min_price='1000000' data-max_price='0'>\n\t\t\t<div class=\"fdm-item-price\">3,300.00Ft<\/div>\n\t\t\t<div class=\"fdm-item-price\">5,700.00Ft<\/div>\n\t<\/div>\n<div class=\"fdm-item-content\">\n\t<p><!-- wp:paragraph --><\/p>\n<p>paradicsomos alap, sajt, sonka, gomba, kukorica, bors\u00f3<\/p>\n<p><!-- \/wp:paragraph --><\/p>\n<\/div>\n<\/div>\n\t\t\t<div class=\"clearfix\"><\/div>\n\t\t<\/div>\n\n\t\t\n\t\t<\/li>\n\t\n\n\n\t\t<li class=\"fdm-item fdm-item-newpage-open fdm-item-has-price\" data-postid=\"465\" data-section=\"51\" data-timeadded=\"1773746555\" data-permalink=\"https:\/\/zatureczkimarcell.ddns.net\/etterem\/menu-item\/negysajtos-pizza\/\">\n\t\n\t\t\n\t\t<div class=\"fdm-item-panel\" data-price=\"5700\">\n\n\t\t\t<div class=\"fdm-item-non-image-container\">\n<p class=\"fdm-item-title\">N\u00c9GYSAJTOS pizza<\/p><div class=\"fdm-item-price-wrapper\" data-min_price='1000000' data-max_price='0'>\n\t\t\t<div class=\"fdm-item-price\">3,300.00Ft<\/div>\n\t\t\t<div class=\"fdm-item-price\">5,700.00Ft<\/div>\n\t<\/div>\n<div class=\"fdm-item-content\">\n\t<p><!-- wp:paragraph --><\/p>\n<p>paradicsomos alap, trappista-, mozzarella-, feta- \u00e9s f\u00fcst\u00f6lt sajt<\/p>\n<p><!-- \/wp:paragraph --><\/p>\n<\/div>\n<\/div>\n\t\t\t<div class=\"clearfix\"><\/div>\n\t\t<\/div>\n\n\t\t\n\t\t<\/li>\n\t\n\n\n\t\t<li class=\"fdm-item fdm-item-newpage-open fdm-item-has-price\" data-postid=\"485\" data-section=\"51\" data-timeadded=\"1773746911\" data-permalink=\"https:\/\/zatureczkimarcell.ddns.net\/etterem\/menu-item\/pikans-pizza\/\">\n\t\n\t\t\n\t\t<div class=\"fdm-item-panel\" data-price=\"5700\">\n\n\t\t\t<div class=\"fdm-item-non-image-container\">\n<p class=\"fdm-item-title\">PIK\u00c1NS pizza<\/p><div class=\"fdm-item-price-wrapper\" data-min_price='1000000' data-max_price='0'>\n\t\t\t<div class=\"fdm-item-price\">3,300.00Ft<\/div>\n\t\t\t<div class=\"fdm-item-price\">5,700.00Ft<\/div>\n\t<\/div>\n<div class=\"fdm-item-content\">\n\t<p><!-- wp:paragraph --><\/p>\n<p>tejf\u00f6l\u00f6s alap, sajt, sonka, fetasajt, fokhagyma, pepperoni<\/p>\n<p><!-- \/wp:paragraph --><\/p>\n<\/div>\n<\/div>\n\t\t\t<div class=\"clearfix\"><\/div>\n\t\t<\/div>\n\n\t\t\n\t\t<\/li>\n\t\n\n\n\t\t<li class=\"fdm-item fdm-item-newpage-open fdm-item-has-price\" data-postid=\"479\" data-section=\"51\" data-timeadded=\"1773746791\" data-permalink=\"https:\/\/zatureczkimarcell.ddns.net\/etterem\/menu-item\/posszeidon-pizza\/\">\n\t\n\t\t\n\t\t<div class=\"fdm-item-panel\" data-price=\"6200\">\n\n\t\t\t<div class=\"fdm-item-non-image-container\">\n<p class=\"fdm-item-title\">POSSZEIDON pizza<\/p><div class=\"fdm-item-price-wrapper\" data-min_price='1000000' data-max_price='0'>\n\t\t\t<div class=\"fdm-item-price\">3,800.00Ft<\/div>\n\t\t\t<div class=\"fdm-item-price\">6,200.00Ft<\/div>\n\t<\/div>\n<div class=\"fdm-item-content\">\n\t<p><!-- wp:paragraph --><\/p>\n<p>paradicsomos alap, sajt, tonhal, kagyl\u00f3, r\u00e1k, kavi\u00e1r, ol\u00edvabogy\u00f3)<\/p>\n<p><!-- \/wp:paragraph --><\/p>\n<\/div>\n<\/div>\n\t\t\t<div class=\"clearfix\"><\/div>\n\t\t<\/div>\n\n\t\t\n\t\t<\/li>\n\t\n\n\n\t\t<li class=\"fdm-item fdm-item-newpage-open fdm-item-has-price\" data-postid=\"473\" data-section=\"51\" data-timeadded=\"1773746698\" data-permalink=\"https:\/\/zatureczkimarcell.ddns.net\/etterem\/menu-item\/szicilliai-pizza\/\">\n\t\n\t\t\n\t\t<div class=\"fdm-item-panel\" data-price=\"5700\">\n\n\t\t\t<div class=\"fdm-item-non-image-container\">\n<p class=\"fdm-item-title\">SZICILLIAI pizza<\/p><div class=\"fdm-item-price-wrapper\" data-min_price='1000000' data-max_price='0'>\n\t\t\t<div class=\"fdm-item-price\">3,300.00Ft<\/div>\n\t\t\t<div class=\"fdm-item-price\">5,700.00Ft<\/div>\n\t<\/div>\n<div class=\"fdm-item-content\">\n\t<p><!-- wp:paragraph --><\/p>\n<p>tejf\u00f6l\u00f6s alap, sajt, gomba, bacon, fokhagyma, pepperoni<\/p>\n<p><!-- \/wp:paragraph --><\/p>\n<\/div>\n<\/div>\n\t\t\t<div class=\"clearfix\"><\/div>\n\t\t<\/div>\n\n\t\t\n\t\t<\/li>\n\t\n\n\n\t\t<li class=\"fdm-item fdm-item-newpage-open fdm-item-has-price\" data-postid=\"481\" data-section=\"51\" data-timeadded=\"1773746823\" data-permalink=\"https:\/\/zatureczkimarcell.ddns.net\/etterem\/menu-item\/toltott-pizza\/\">\n\t\n\t\t\n\t\t<div class=\"fdm-item-panel\" data-price=\"5700\">\n\n\t\t\t<div class=\"fdm-item-non-image-container\">\n<p class=\"fdm-item-title\">T\u00d6LT\u00d6TT pizza<\/p><div class=\"fdm-item-price-wrapper\" data-min_price='1000000' data-max_price='0'>\n\t\t\t<div class=\"fdm-item-price\">3,300.00Ft<\/div>\n\t\t\t<div class=\"fdm-item-price\">5,700.00Ft<\/div>\n\t<\/div>\n<div class=\"fdm-item-content\">\n\t<p><!-- wp:paragraph --><\/p>\n<p>paradicsomos alap, sajt, sonka, gomba, bolognai ragu, pepperoni<\/p>\n<p><!-- \/wp:paragraph --><\/p>\n<\/div>\n<\/div>\n\t\t\t<div class=\"clearfix\"><\/div>\n\t\t<\/div>\n\n\t\t\n\t\t<\/li>\n\t\n\n\n\t\t<li class=\"fdm-item fdm-item-newpage-open fdm-item-has-price\" data-postid=\"489\" data-section=\"51\" data-timeadded=\"1773746975\" data-permalink=\"https:\/\/zatureczkimarcell.ddns.net\/etterem\/menu-item\/vegetarianus-pizza\/\">\n\t\n\t\t\n\t\t<div class=\"fdm-item-panel\" data-price=\"5700\">\n\n\t\t\t<div class=\"fdm-item-non-image-container\">\n<p class=\"fdm-item-title\">VEGET\u00c1RI\u00c1NUS pizza<\/p><div class=\"fdm-item-price-wrapper\" data-min_price='1000000' data-max_price='0'>\n\t\t\t<div class=\"fdm-item-price\">3,300.00Ft<\/div>\n\t\t\t<div class=\"fdm-item-price\">5,700.00Ft<\/div>\n\t<\/div>\n<div class=\"fdm-item-content\">\n\t<p><!-- wp:paragraph --><\/p>\n<p>paradicsomos alap, ol\u00edvabogy\u00f3, kukorica, bors\u00f3, gy\u00f6ngyhagyma, mozzarella sajt<\/p>\n<p><!-- \/wp:paragraph --><\/p>\n<\/div>\n<\/div>\n\t\t\t<div class=\"clearfix\"><\/div>\n\t\t<\/div>\n\n\t\t\n\t\t<\/li>\n\t\n\n<\/ul>\n\t<\/li>\n\n\n<\/ul>\n\n\n<\/div> <!-- fdm-the-menu -->\n\n<div class=\"clearfix\"><\/div>\n\n<div class='fdm-details-div fdm-hidden'>\n\t<div class='fdm-details-div-inside'>\n\t\t<div class='fdm-details-div-exit'>\n\t\t\t<div class='fdm-details-div-exit-inside'><span class=\"dashicons dashicons-no-alt\"><\/span><\/div>\n\t\t<\/div>\n\t\t<div class='fdm-details-div-content'><\/div>\n\t<\/div>\n<\/div>\n<div class='fdm-details-background-div fdm-hidden'><\/div>","protected":false},"excerpt":{"rendered":"","protected":false},"author":1,"featured_media":0,"parent":0,"menu_order":0,"comment_status":"closed","ping_status":"closed","template":"","meta":{"footnotes":""},"class_list":["post-373","page","type-page","status-publish","hentry"],"_links":{"self":[{"href":"https:\/\/zatureczkimarcell.ddns.net\/etterem\/wp-json\/wp\/v2\/pages\/373","targetHints":{"allow":["GET"]}}],"collection":[{"href":"https:\/\/zatureczkimarcell.ddns.net\/etterem\/wp-json\/wp\/v2\/pages"}],"about":[{"href":"https:\/\/zatureczkimarcell.ddns.net\/etterem\/wp-json\/wp\/v2\/types\/page"}],"author":[{"embeddable":true,"href":"https:\/\/zatureczkimarcell.ddns.net\/etterem\/wp-json\/wp\/v2\/users\/1"}],"replies":[{"embeddable":true,"href":"https:\/\/zatureczkimarcell.ddns.net\/etterem\/wp-json\/wp\/v2\/comments?post=373"}],"version-history":[{"count":1,"href":"https:\/\/zatureczkimarcell.ddns.net\/etterem\/wp-json\/wp\/v2\/pages\/373\/revisions"}],"predecessor-version":[{"id":374,"href":"https:\/\/zatureczkimarcell.ddns.net\/etterem\/wp-json\/wp\/v2\/pages\/373\/revisions\/374"}],"wp:attachment":[{"href":"https:\/\/zatureczkimarcell.ddns.net\/etterem\/wp-json\/wp\/v2\/media?parent=373"}],"curies":[{"name":"wp","href":"https:\/\/api.w.org\/{rel}","templated":true}]}}