{"id":169,"date":"2026-03-11T17:20:00","date_gmt":"2026-03-11T16:20:00","guid":{"rendered":"https:\/\/zatureczkimarcell.ddns.net\/etterem\/?page_id=169"},"modified":"2026-03-13T19:32:16","modified_gmt":"2026-03-13T18:32:16","slug":"menu","status":"publish","type":"page","link":"https:\/\/zatureczkimarcell.ddns.net\/etterem\/menu\/","title":{"rendered":"Men\u00fc"},"content":{"rendered":"\n<table id=\"tablepress-1\" class=\"tablepress tablepress-id-1\">\n<thead>\n<tr class=\"row-1\">\n\t<td class=\"column-1\"><\/td><th class=\"column-2\">H\u00e9tf\u0151<\/th><th class=\"column-3\">Kedd<\/th><th class=\"column-4\">Szerda<\/th><th class=\"column-5\">Cs\u00fct\u00f6rt\u00f6k<\/th><th class=\"column-6\">P\u00e9ntek<\/th>\n<\/tr>\n<\/thead>\n<tbody>\n<tr class=\"row-2\">\n\t<td class=\"column-1\">dec.01-j\u00e9t\u0151l dec.05-ig<\/td><td class=\"column-2\">Csirkeapr\u00f3l\u00e9k leves<\/td><td class=\"column-3\">Toj\u00e1sleves<\/td><td class=\"column-4\">Magyaros z\u00f6ldbors\u00f3leves<\/td><td class=\"column-5\">Lebbencsleves<\/td><td class=\"column-6\">Pal\u00f3cleves<\/td>\n<\/tr>\n<tr class=\"row-3\">\n\t<td class=\"column-1\">A<\/td><td class=\"column-2\">F\u00fcst\u00f6lt sajttal t\u00f6lt\u00f6tt borda r\u00e1ntva t\u00f6rt burgony\u00e1val<\/td><td class=\"column-3\">Szez\u00e1mos bund\u00e1ban s\u00fclt csirkemell rizibizivel<\/td><td class=\"column-4\">Bugaci ostoros par\u00f3pecsenye s\u00fclt burgony\u00e1val<\/td><td class=\"column-5\">R\u00e1ntott tarja sajtm\u00e1rt\u00e1sos penn\u00e9vel<\/td><td class=\"column-6\">Vargab\u00e9les<\/td>\n<\/tr>\n<tr class=\"row-4\">\n\t<td class=\"column-1\">B<\/td><td class=\"column-2\">Sz\u00f3j\u00e1s z\u00f6lds\u00e9ges halfil\u00e9 t\u00e9szt\u00e1val<\/td><td class=\"column-3\">Paradicsomos h\u00fasgomb\u00f3c<\/td><td class=\"column-4\">J\u00e9rcemell s\u00f6rt\u00e9szt\u00e1ban rizzsel<\/td><td class=\"column-5\">Z\u00f6ldbors\u00f3f\u0151zel\u00e9k s\u00fclt virslivel<\/td><td class=\"column-6\">Krumplis t\u00e9szta<\/td>\n<\/tr>\n<tr class=\"row-5\">\n\t<td class=\"column-1\">dec.08-t\u00f3l dec.12-ig<\/td><td class=\"column-2\">Bajor z\u00f6lds\u00e9gleves<\/td><td class=\"column-3\">Erd\u00e9lyi burgonyaleves<\/td><td class=\"column-4\">Frankfurti leves<\/td><td class=\"column-5\">Gombaleves<\/td><td class=\"column-6\">Bakonyi bety\u00e1rleves<\/td>\n<\/tr>\n<tr class=\"row-6\">\n\t<td class=\"column-1\">A<\/td><td class=\"column-2\">Baconos sajtkr\u00e9mmel t\u00f6lt\u00f6tt borda r\u00e1ntva vegyes k\u00f6rettel<\/td><td class=\"column-3\">Burgonyaf\u0151zel\u00e9k lapockap\u00f6rk\u00f6lttel<\/td><td class=\"column-4\">R\u00e1ntott magvas csirke vegyes k\u00f6rettel<\/td><td class=\"column-5\">M\u00e1trai borzaska rizzsel<\/td><td class=\"column-6\">Sonk\u00e1s gombapaprik\u00e1s nokedlivel<\/td>\n<\/tr>\n<tr class=\"row-7\">\n\t<td class=\"column-1\">B<\/td><td class=\"column-2\">S\u00f6rt\u00e9szt\u00e1s bund\u00e1ban s\u00fclt halfil\u00e9 rizibizivel<\/td><td class=\"column-3\">Holstein csirkemell petrezselymes burgony\u00e1val<\/td><td class=\"column-4\">Hentes tok\u00e1ny tarhony\u00e1val<\/td><td class=\"column-5\">Almam\u00e1rt\u00e1s roston s\u00fclt csirkemellel<\/td><td class=\"column-6\">Bolognai spagetti<\/td>\n<\/tr>\n<tr class=\"row-8\">\n\t<td class=\"column-1\">dec.15-t\u0151l dec.19-ig<\/td><td class=\"column-2\">Csirkebecsin\u00e1lt leves<\/td><td class=\"column-3\">H\u00fasleves eperlev\u00e9llel<\/td><td class=\"column-4\">Tarhonyaleves<\/td><td class=\"column-5\">Magyaros z\u00f6lds\u00e9gleves<\/td><td class=\"column-6\">J\u00f3kai bableves<\/td>\n<\/tr>\n<tr class=\"row-9\">\n\t<td class=\"column-1\">A<\/td><td class=\"column-2\">Parasztkolb\u00e1sszal \u00e9s sajttal t\u00f6lt\u00f6tt borda r\u00e1ntva rizzsel<\/td><td class=\"column-3\">Vasi pecsenye s\u00fclt burgony\u00e1val<\/td><td class=\"column-4\">Pulykamell snidlinges s\u00f6rt\u00e9szt\u00e1ban petrezselymes burgony\u00e1val<\/td><td class=\"column-5\">Diszn\u00f3toros p\u00e1rolt k\u00e1poszt\u00e1val, t\u00f6rt burgony\u00e1val<\/td><td class=\"column-6\">Sajtos t\u00e9szta<\/td>\n<\/tr>\n<tr class=\"row-10\">\n\t<td class=\"column-1\">B<\/td><td class=\"column-2\">Keszthelyi halfil\u00e9 vajas petrezselymes burgony\u00e1val<\/td><td class=\"column-3\">S\u00e1rgabors\u00f3f\u0151zel\u00e9k s\u00fclt kolb\u00e1sszal<\/td><td class=\"column-4\">Hentes tok\u00e1ny t\u00e9szt\u00e1val<\/td><td class=\"column-5\">R\u00e1ntott sajt s\u00fclt burgony\u00e1val<\/td><td class=\"column-6\">M\u00e1glyarak\u00e1s<\/td>\n<\/tr>\n<tr class=\"row-11\">\n\t<td class=\"column-1\">dec.22-t\u0151l jan.02-ig<\/td><td class=\"column-2\">H\u00fasleves csigat\u00e9szt\u00e1val<\/td><td class=\"column-3\">Magyaros z\u00f6ldbors\u00f3leves<\/td><td class=\"column-4\">Burgonyaleves<\/td><td class=\"column-5\">Paradicsomleves<\/td><td class=\"column-6\">H\u00e1zi guly\u00e1sleves<\/td>\n<\/tr>\n<tr class=\"row-12\">\n\t<td class=\"column-1\">A<\/td><td class=\"column-2\">R\u00e1ntott halfil\u00e9 magyaros t\u00e9sztasal\u00e1t\u00e1val<\/td><td class=\"column-3\">Pulykamell z\u00f6ldf\u0171szeres bund\u00e1ban rizzsel<\/td><td class=\"column-4\">Chili con carne<\/td><td class=\"column-5\">R\u00e1ntott csirkemell rizibizivel<\/td><td class=\"column-6\">Olaszos rakott penne><\/td>\n<\/tr>\n<tr class=\"row-13\">\n\t<td class=\"column-1\">B<\/td><td class=\"column-2\">Cordon Bleu t\u00f6rt burgony\u00e1val<\/td><td class=\"column-3\">Paradicsomos k\u00e1posztaf\u0151zel\u00e9k csemege s\u00fclttel<\/td><td class=\"column-4\">M\u00e9zes-must\u00e1ros tarja burgonyaf\u00e1nkkal<\/td><td class=\"column-5\">Majorann\u00e1s burgonyaf\u0151zel\u00e9k lapockap\u00f6rk\u00f6lttel<\/td><td class=\"column-6\">Gr\u00edzes t\u00e9szta<\/td>\n<\/tr>\n<tr class=\"row-14\">\n\t<td class=\"column-1\">jan.05-t\u0151l jan.09-ig<\/td><td class=\"column-2\">H\u00fasleves csigat\u00e9szt\u00e1val<\/td><td class=\"column-3\">Magyaros z\u00f6ldbors\u00f3leves<\/td><td class=\"column-4\">Burgonyaleves<\/td><td class=\"column-5\">Paradicsomleves<\/td><td class=\"column-6\">H\u00e1zi guly\u00e1sleves<\/td>\n<\/tr>\n<tr class=\"row-15\">\n\t<td class=\"column-1\">A<\/td><td class=\"column-2\">R\u00e1ntott halfil\u00e9 magyaros t\u00e9sztasal\u00e1t\u00e1val<\/td><td class=\"column-3\">Pulykamell z\u00f6ldf\u0171szeres bund\u00e1ban rizzsel<\/td><td class=\"column-4\">Chili con carne<\/td><td class=\"column-5\">R\u00e1ntott csirkemell rizibizivel<\/td><td class=\"column-6\">Olaszos rakott penne><\/td>\n<\/tr>\n<tr class=\"row-16\">\n\t<td class=\"column-1\">B<\/td><td class=\"column-2\">Cordon Bleu t\u00f6rt burgony\u00e1val<\/td><td class=\"column-3\">Paradicsomos k\u00e1posztaf\u0151zel\u00e9k csemege s\u00fclttel<\/td><td class=\"column-4\">M\u00e9zes-must\u00e1ros tarja burgonyaf\u00e1nkkal<\/td><td class=\"column-5\">Majorann\u00e1s burgonyaf\u0151zel\u00e9k lapockap\u00f6rk\u00f6lttel<\/td><td class=\"column-6\">Gr\u00edzes t\u00e9szta<\/td>\n<\/tr>\n<\/tbody>\n<\/table>\n<!-- #tablepress-1 from cache -->","protected":false},"excerpt":{"rendered":"","protected":false},"author":1,"featured_media":0,"parent":0,"menu_order":0,"comment_status":"closed","ping_status":"closed","template":"","meta":{"footnotes":""},"class_list":["post-169","page","type-page","status-publish","hentry"],"_links":{"self":[{"href":"https:\/\/zatureczkimarcell.ddns.net\/etterem\/wp-json\/wp\/v2\/pages\/169","targetHints":{"allow":["GET"]}}],"collection":[{"href":"https:\/\/zatureczkimarcell.ddns.net\/etterem\/wp-json\/wp\/v2\/pages"}],"about":[{"href":"https:\/\/zatureczkimarcell.ddns.net\/etterem\/wp-json\/wp\/v2\/types\/page"}],"author":[{"embeddable":true,"href":"https:\/\/zatureczkimarcell.ddns.net\/etterem\/wp-json\/wp\/v2\/users\/1"}],"replies":[{"embeddable":true,"href":"https:\/\/zatureczkimarcell.ddns.net\/etterem\/wp-json\/wp\/v2\/comments?post=169"}],"version-history":[{"count":3,"href":"https:\/\/zatureczkimarcell.ddns.net\/etterem\/wp-json\/wp\/v2\/pages\/169\/revisions"}],"predecessor-version":[{"id":358,"href":"https:\/\/zatureczkimarcell.ddns.net\/etterem\/wp-json\/wp\/v2\/pages\/169\/revisions\/358"}],"wp:attachment":[{"href":"https:\/\/zatureczkimarcell.ddns.net\/etterem\/wp-json\/wp\/v2\/media?parent=169"}],"curies":[{"name":"wp","href":"https:\/\/api.w.org\/{rel}","templated":true}]}}