{"id":161,"date":"2025-12-07T22:03:38","date_gmt":"2025-12-07T21:03:38","guid":{"rendered":"https:\/\/zatureczkimarcell.ddns.net\/etterem\/?page_id=161"},"modified":"2026-03-17T21:14:14","modified_gmt":"2026-03-17T20:14:14","slug":"kezdolap","status":"publish","type":"page","link":"https:\/\/zatureczkimarcell.ddns.net\/etterem\/","title":{"rendered":"Kezd\u0151lap"},"content":{"rendered":"\n<h2 class=\"wp-block-heading\" style=\"margin-top:0;margin-right:0;margin-bottom:var(--wp--preset--spacing--50);margin-left:0\">Mai aj\u00e1nlatunk<\/h2>\n\n\n\n<table id=\"tablepress-2\" class=\"tablepress tablepress-id-2\">\n<thead>\n<tr class=\"row-1\">\n\t<td class=\"column-1\"><\/td><th class=\"column-2\">H\u00c9TF\u0150<\/th><td class=\"column-3\"><\/td><th class=\"column-4\">KEDD<\/th><td class=\"column-5\"><\/td><th class=\"column-6\">SZERDA<\/th><td class=\"column-7\"><\/td><th class=\"column-8\">CS\u00dcT\u00d6RT\u00d6K<\/th><td class=\"column-9\"><\/td><th class=\"column-10\">P\u00c9NTEK<\/th><td class=\"column-11\"><\/td>\n<\/tr>\n<tr class=\"row-2\">\n\t<td class=\"column-1\"><\/td><th class=\"column-2\">M\u00e1rcius 16<\/th><td class=\"column-3\"><\/td><th class=\"column-4\">M\u00e1rcius 17<\/th><td class=\"column-5\"><\/td><th class=\"column-6\">M\u00e1rcius 18<\/th><td class=\"column-7\"><\/td><th class=\"column-8\">M\u00e1rcius 19<\/th><td class=\"column-9\"><\/td><th class=\"column-10\">M\u00e1rcius 20<\/th><td class=\"column-11\"><\/td>\n<\/tr>\n<\/thead>\n<tbody>\n<tr class=\"row-3\">\n\t<td class=\"column-1\">Levesek<\/td><td class=\"column-2\"><\/td><td class=\"column-3\"><\/td><td class=\"column-4\"><\/td><td class=\"column-5\"><\/td><td class=\"column-6\"><\/td><td class=\"column-7\"><\/td><td class=\"column-8\"><\/td><td class=\"column-9\"><\/td><td class=\"column-10\"><\/td><td class=\"column-11\"><\/td>\n<\/tr>\n<tr class=\"row-4\">\n\t<td class=\"column-1\"><\/td><td class=\"column-2\">Dar\u00e1lth\u00fasleves<\/td><td class=\"column-3\">700<\/td><td class=\"column-4\">Tejf\u00f6l\u00f6s gombaleves<\/td><td class=\"column-5\">700<\/td><td class=\"column-6\">Kert\u00e9szleves csipetk\u00e9vel<\/td><td class=\"column-7\">700<\/td><td class=\"column-8\">Tarhonyaleves<\/td><td class=\"column-9\">700<\/td><td class=\"column-10\">H\u00e1zi guly\u00e1sleves<\/td><td class=\"column-11\">1450<\/td>\n<\/tr>\n<tr class=\"row-5\">\n\t<td class=\"column-1\"><\/td><td class=\"column-2\">Sert\u00e9sragu leves<\/td><td class=\"column-3\">1450<\/td><td class=\"column-4\">Guly\u00e1sleves<\/td><td class=\"column-5\">1450<\/td><td class=\"column-6\">H\u00fasleves csigat\u00e9szt\u00e1val<\/td><td class=\"column-7\">1450<\/td><td class=\"column-8\">H\u00fasleves csigat\u00e9szt\u00e1val<\/td><td class=\"column-9\">1450<\/td><td class=\"column-10\">H\u00fasleves csigat\u00e9szt\u00e1val<\/td><td class=\"column-11\">1450<\/td>\n<\/tr>\n<tr class=\"row-6\">\n\t<td class=\"column-1\"><\/td><td class=\"column-2\">Guly\u00e1sleves<\/td><td class=\"column-3\">1450<\/td><td class=\"column-4\">Sert\u00e9sragu leves<\/td><td class=\"column-5\">1450<\/td><td class=\"column-6\">Babguly\u00e1s<\/td><td class=\"column-7\">1450<\/td><td class=\"column-8\">Fokhagymakr\u00e9m leves<\/td><td class=\"column-9\">1450<\/td><td class=\"column-10\">Sert\u00e9sragu leves<\/td><td class=\"column-11\">1450<\/td>\n<\/tr>\n<tr class=\"row-7\">\n\t<td class=\"column-1\">F\u0151\u00e9telek<\/td><td class=\"column-2\"><\/td><td class=\"column-3\"><\/td><td class=\"column-4\"><\/td><td class=\"column-5\"><\/td><td class=\"column-6\"><\/td><td class=\"column-7\"><\/td><td class=\"column-8\"><\/td><td class=\"column-9\"><\/td><td class=\"column-10\"><\/td><td class=\"column-11\"><\/td>\n<\/tr>\n<tr class=\"row-8\">\n\t<td class=\"column-1\"><\/td><td class=\"column-2\">Dubarry halfil\u00e9 rizzsel<\/td><td class=\"column-3\">1900<\/td><td class=\"column-4\">Burgonyaf\u0151zel\u00e9k sert\u00e9sp\u00f6rk\u00f6lttel<\/td><td class=\"column-5\">1900<\/td><td class=\"column-6\">Ajv\u00e1rral \u00e9s sajttal s\u00fclt tarja t\u00f6rt burgony\u00e1val<\/td><td class=\"column-7\">1900<\/td><td class=\"column-8\">Roston s\u00fclt csirkemell gy\u00fcm\u00f6lcsm\u00e1rt\u00e1ssal<\/td><td class=\"column-9\">1900<\/td><td class=\"column-10\">Csirkem\u00e1jas z\u00f6ldbors\u00f3p\u00f6rk\u00f6lt t\u00e9szt\u00e1val<\/td><td class=\"column-11\">1150<\/td>\n<\/tr>\n<tr class=\"row-9\">\n\t<td class=\"column-1\"><\/td><td class=\"column-2\">Sonkakr\u00e9mmel t\u00f6lt\u00f6tt borda t\u00f6rt burgony\u00e1val<\/td><td class=\"column-3\">1900<\/td><td class=\"column-4\">Csirkemell s\u00f6rt\u00e9szt\u00e1ban rizzsel<\/td><td class=\"column-5\">1900<\/td><td class=\"column-6\">R\u00e1ntott sajt \u00e9s gomba vegyes k\u00f6rettel<\/td><td class=\"column-7\">1900<\/td><td class=\"column-8\">Sajttal t\u00f6lt\u00f6tt borda petrezselymes burgony\u00e1val<\/td><td class=\"column-9\">1900<\/td><td class=\"column-10\">Pozsonyi kocka<\/td><td class=\"column-11\">1150<\/td>\n<\/tr>\n<tr class=\"row-10\">\n\t<td class=\"column-1\"><\/td><td class=\"column-2\">\u00d3v\u00e1ri csirkemell s\u00fclt burgony\u00e1val<\/td><td class=\"column-3\">2600<\/td><td class=\"column-4\">R\u00e1ntott sajt s\u00fclt burgony\u00e1val<\/td><td class=\"column-5\">2600<\/td><td class=\"column-6\">Erd\u00e9lyi halfil\u00e9 steak burgony\u00e1val<\/td><td class=\"column-7\">2600<\/td><td class=\"column-8\">R\u00e1ntott halfil\u00e9 majon\u00e9zes burgony\u00e1val<\/td><td class=\"column-9\">2600<\/td><td class=\"column-10\">Cig\u00e1nypecsenye s\u00fclt burgony\u00e1val<\/td><td class=\"column-11\">2600<\/td>\n<\/tr>\n<tr class=\"row-11\">\n\t<td class=\"column-1\"><\/td><td class=\"column-2\">R\u00e1ntott sajt rizzsel<\/td><td class=\"column-3\">2600<\/td><td class=\"column-4\">R\u00e1ntott halfil\u00e9 majon\u00e9zes burgony\u00e1val<\/td><td class=\"column-5\">2600<\/td><td class=\"column-6\">Cig\u00e1nypecsenye s\u00fclt burgony\u00e1val<\/td><td class=\"column-7\">2600<\/td><td class=\"column-8\">Cig\u00e1nypecsenye s\u00fcltburgony\u00e1val<\/td><td class=\"column-9\">2600<\/td><td class=\"column-10\">R\u00e1ntott sajt s\u00fcltburgony\u00e1val<\/td><td class=\"column-11\">2600<\/td>\n<\/tr>\n<tr class=\"row-12\">\n\t<td class=\"column-1\"><\/td><td class=\"column-2\">Bolognai spagetti<\/td><td class=\"column-3\">2600<\/td><td class=\"column-4\">Brass\u00f3i apr\u00f3pecsenye<\/td><td class=\"column-5\">2600<\/td><td class=\"column-6\">R\u00e1ntott borda s\u00fclt burgony\u00e1val<\/td><td class=\"column-7\">2600<\/td><td class=\"column-8\">Magyar\u00f3v\u00e1ri csirkemell vegyes k\u00f6rettel<\/td><td class=\"column-9\">2600<\/td><td class=\"column-10\">R\u00e1ntott halfil\u00e9 majon\u00e9zes burgony\u00e1val<\/td><td class=\"column-11\">2600<\/td>\n<\/tr>\n<tr class=\"row-13\">\n\t<td class=\"column-1\">K\u00f6ret &#8211; Sal\u00e1ta &#8211; Desszert<\/td><td class=\"column-2\"><\/td><td class=\"column-3\"><\/td><td class=\"column-4\"><\/td><td class=\"column-5\"><\/td><td class=\"column-6\"><\/td><td class=\"column-7\"><\/td><td class=\"column-8\"><\/td><td class=\"column-9\"><\/td><td class=\"column-10\"><\/td><td class=\"column-11\"><\/td>\n<\/tr>\n<tr class=\"row-14\">\n\t<td class=\"column-1\"><\/td><td class=\"column-2\">Tart\u00e1rm\u00e1rt\u00e1s<\/td><td class=\"column-3\">400<\/td><td class=\"column-4\">Tart\u00e1rm\u00e1rt\u00e1s<\/td><td class=\"column-5\">400<\/td><td class=\"column-6\">Tart\u00e1rm\u00e1rt\u00e1s<\/td><td class=\"column-7\">400<\/td><td class=\"column-8\">Tart\u00e1rm\u00e1rt\u00e1s<\/td><td class=\"column-9\">400<\/td><td class=\"column-10\">Tart\u00e1rm\u00e1rt\u00e1s<\/td><td class=\"column-11\">400<\/td>\n<\/tr>\n<tr class=\"row-15\">\n\t<td class=\"column-1\"><\/td><td class=\"column-2\">Soml\u00f3i galuska<\/td><td class=\"column-3\">950<\/td><td class=\"column-4\">Soml\u00f3i galuska<\/td><td class=\"column-5\">950<\/td><td class=\"column-6\">Soml\u00f3i galuska<\/td><td class=\"column-7\">950<\/td><td class=\"column-8\">Soml\u00f3i galuska<\/td><td class=\"column-9\">950<\/td><td class=\"column-10\">Soml\u00f3i galuska<\/td><td class=\"column-11\">950<\/td>\n<\/tr>\n<tr class=\"row-16\">\n\t<td class=\"column-1\"><\/td><td class=\"column-2\">K\u00e1poszta sal\u00e1ta<\/td><td class=\"column-3\">900<\/td><td class=\"column-4\">K\u00e1poszta sal\u00e1ta<\/td><td class=\"column-5\">900<\/td><td class=\"column-6\">K\u00e1poszta sal\u00e1ta<\/td><td class=\"column-7\">900<\/td><td class=\"column-8\">K\u00e1poszta sal\u00e1ta<\/td><td class=\"column-9\">900<\/td><td class=\"column-10\">K\u00e1poszta sal\u00e1ta<\/td><td class=\"column-11\">900<\/td>\n<\/tr>\n<tr class=\"row-17\">\n\t<td class=\"column-1\"><\/td><td class=\"column-2\">Alma r\u00e9pa sal\u00e1ta<\/td><td class=\"column-3\">900<\/td><td class=\"column-4\">Alma r\u00e9pa sal\u00e1ta<\/td><td class=\"column-5\">900<\/td><td class=\"column-6\">Alma r\u00e9pa sal\u00e1ta<\/td><td class=\"column-7\">900<\/td><td class=\"column-8\">Alma r\u00e9pa sal\u00e1ta<\/td><td class=\"column-9\">900<\/td><td class=\"column-10\">Alma r\u00e9pa sal\u00e1ta<\/td><td class=\"column-11\">900<\/td>\n<\/tr>\n<tr class=\"row-18\">\n\t<td class=\"column-1\"><\/td><td class=\"column-2\">Palacsinta k\u00edv\u00e1ns\u00e1g szerinti t\u00f6ltel\u00e9kkel<\/td><td class=\"column-3\">350<\/td><td class=\"column-4\">Palacsinta k\u00edv\u00e1ns\u00e1g szerinti t\u00f6ltel\u00e9kkel<\/td><td class=\"column-5\">350<\/td><td class=\"column-6\">Palacsinta k\u00edv\u00e1ns\u00e1g szerinti t\u00f6ltel\u00e9kkel<\/td><td class=\"column-7\">350<\/td><td class=\"column-8\">Palacsinta k\u00edv\u00e1ns\u00e1g szerinti t\u00f6ltel\u00e9kkel<\/td><td class=\"column-9\">350<\/td><td class=\"column-10\">Palacsinta k\u00edv\u00e1ns\u00e1g szerinti t\u00f6ltel\u00e9kkel<\/td><td class=\"column-11\">350<\/td>\n<\/tr>\n<\/tbody>\n<\/table>\n<!-- #tablepress-2 from cache -->\n\n\n<script>\ndocument.addEventListener('DOMContentLoaded', () => {\n  const table = document.getElementById('tablepress-2');\n  if (!table) return;\n\n  \/\/ Eredeti t\u00e1bla azonnali elrejt\u00e9se (m\u00e9g miel\u0151tt b\u00e1rmi m\u00e1s t\u00f6rt\u00e9nne)\n  table.style.display = 'none';\n\n  \/\/ Aktu\u00e1lis d\u00e1tum lek\u00e9r\u00e9se\n  const today = new Date();\n  const todayDayNameHU = today.toLocaleDateString('hu-HU', { weekday: 'long' }).toUpperCase();\n  const todayDayNumber = today.getDate();\n  const todayMonthHU = today.toLocaleDateString('hu-HU', { month: 'long' });\n\n  const todayDateStr = `${todayMonthHU} ${todayDayNumber}`;\n\n  \/\/ Oszlop mapping a napnevekhez (a t\u00e1bl\u00e1zat alapj\u00e1n)\n  const dayMapping = {\n    'H\u00c9TF\u0150': 2,\n    'KEDD': 4,\n    'SZERDA': 6,\n    'CS\u00dcT\u00d6RT\u00d6K': 8,\n    'P\u00c9NTEK': 10\n  };\n\n  const colNum = dayMapping[todayDayNameHU];\n  if (!colNum) {\n    \/\/ H\u00e9tv\u00e9ge vagy ismeretlen nap \u2192 \u00fczenet\n    const noMenuDiv = document.createElement('div');\n    noMenuDiv.className = 'daily-today-card no-menu';\n    noMenuDiv.innerHTML = '<h3>Ma nincs napi aj\u00e1nlat<\/h3><p>(h\u00e9tv\u00e9ge vagy sz\u00fcnnap)<\/p>';\n    table.parentNode.insertBefore(noMenuDiv, table.nextSibling);\n    return;\n  }\n\n  const priceCol = colNum + 1;  \/\/ \u00e1r mindig +1 oszlop\n\n  const tbodyRows = Array.from(table.querySelector('tbody').querySelectorAll('tr'));\n\n  const card = document.createElement('div');\n  card.className = 'daily-today-card';\n\n  const title = document.createElement('h3');\n  title.textContent = `${todayDayNameHU} \u2013 ${todayDateStr}`;\n  card.appendChild(title);\n\n  let currentCategory = '';\n\n  tbodyRows.forEach(row => {\n    const firstCellText = row.querySelector('td.column-1')?.textContent.trim() || '';\n\n    \/\/ \u00daj kateg\u00f3ria kezdete\n    if (firstCellText) {\n      currentCategory = firstCellText;\n      const catDiv = document.createElement('div');\n      catDiv.className = 'category-title';\n      catDiv.textContent = currentCategory;\n      card.appendChild(catDiv);\n      return;\n    }\n\n    \/\/ \u00c9telsor \u2013 csak a mai oszlopb\u00f3l\n    const nameCell = row.querySelector(`td.column-${colNum}`);\n    const priceCell = row.querySelector(`td.column-${priceCol}`);\n\n    const name = nameCell ? nameCell.textContent.trim() : '';\n    const price = priceCell ? priceCell.textContent.trim() : '';\n\n    if (name) {\n      const itemDiv = document.createElement('div');\n      itemDiv.className = 'menu-item';\n\n      const nameSpan = document.createElement('span');\n      nameSpan.className = 'item-name';\n      nameSpan.textContent = name;\n\n      if (price && \/^\\d+$\/.test(price)) {\n        const priceSpan = document.createElement('span');\n        priceSpan.className = 'item-price';\n        priceSpan.textContent = price + ' Ft';\n        itemDiv.appendChild(nameSpan);\n        itemDiv.appendChild(priceSpan);\n      } else {\n        itemDiv.appendChild(nameSpan);\n      }\n\n      card.appendChild(itemDiv);\n    }\n  });\n\n  \/\/ Ha v\u00e9letlen\u00fcl \u00fcres lenne a k\u00e1rtya\n  if (card.children.length <= 1) {\n    card.innerHTML = '<h3>Ma nincs napi aj\u00e1nlat<\/h3><p>Ellen\u0151rizd k\u00e9s\u0151bb!<\/p>';\n  }\n\n  table.parentNode.insertBefore(card, table.nextSibling);\n});\n<\/script>\n\n<style>\n.daily-today-card {\n  background: #ffffff;\n  border-radius: 16px;\n  box-shadow: 0 8px 24px rgba(0, 0, 0, 0.1);\n  margin: 0 auto 32px;\n  padding: 24px;\n  max-width: 700px;\n  border: 1px solid #eee;\n}\n\n.daily-today-card h3 {\n  font-size: 1.6rem;\n  font-weight: 700;\n  color: #e67e22;\n  text-align: center;\n  background: #fff9e6;\n  padding: 14px;\n  border-radius: 10px;\n  margin: -24px -24px 28px -24px;\n  border-bottom: 4px solid #e67e22;\n}\n\n.daily-today-card .category-title {\n  font-size: 1.3rem;\n  font-weight: 700;\n  color: #333;\n  margin: 24px 0 12px;\n  padding-bottom: 8px;\n  border-bottom: 2px solid #eee;\n}\n\n.daily-today-card .menu-item {\n  display: flex;\n  justify-content: space-between;\n  align-items: baseline;\n  padding: 10px 0;\n  border-bottom: 1px solid #f5f5f5;\n  font-size: 1.1rem;\n  line-height: 1.4;\n}\n\n.daily-today-card .menu-item:last-child {\n  border-bottom: none;\n}\n\n.daily-today-card .item-name {\n  flex: 1;\n  color: #222;\n}\n\n.daily-today-card .item-price {\n  font-weight: 700;\n  color: #e67e22;\n  min-width: 90px;\n  text-align: right;\n  padding-left: 12px;\n}\n\n\/* Ha nincs men\u00fc *\/\n.daily-today-card.no-menu {\n  text-align: center;\n  padding: 32px 20px;\n  background: #fff9e6;\n  border: 2px dashed #e67e22;\n}\n\n.daily-today-card.no-menu h3 {\n  margin: 0 0 12px;\n  background: none;\n  border: none;\n  color: #c45a00;\n}\n\n.daily-today-card.no-menu p {\n  margin: 0;\n  font-size: 1.1rem;\n  color: #555;\n}\n\n\/* Mobilon kicsit kisebb bet\u0171k, de m\u00e9g mindig olvashat\u00f3 *\/\n@media (max-width: 782px) {\n  .daily-today-card {\n    margin: 0 12px 32px;\n    padding: 20px;\n  }\n  .daily-today-card h3 {\n    font-size: 1.45rem;\n  }\n  .daily-today-card .menu-item {\n    font-size: 1.05rem;\n  }\n}\n<\/style>\n","protected":false},"excerpt":{"rendered":"<p>Mai aj\u00e1nlatunk<\/p>\n","protected":false},"author":1,"featured_media":0,"parent":0,"menu_order":0,"comment_status":"closed","ping_status":"closed","template":"","meta":{"footnotes":""},"class_list":["post-161","page","type-page","status-publish","hentry"],"_links":{"self":[{"href":"https:\/\/zatureczkimarcell.ddns.net\/etterem\/wp-json\/wp\/v2\/pages\/161","targetHints":{"allow":["GET"]}}],"collection":[{"href":"https:\/\/zatureczkimarcell.ddns.net\/etterem\/wp-json\/wp\/v2\/pages"}],"about":[{"href":"https:\/\/zatureczkimarcell.ddns.net\/etterem\/wp-json\/wp\/v2\/types\/page"}],"author":[{"embeddable":true,"href":"https:\/\/zatureczkimarcell.ddns.net\/etterem\/wp-json\/wp\/v2\/users\/1"}],"replies":[{"embeddable":true,"href":"https:\/\/zatureczkimarcell.ddns.net\/etterem\/wp-json\/wp\/v2\/comments?post=161"}],"version-history":[{"count":10,"href":"https:\/\/zatureczkimarcell.ddns.net\/etterem\/wp-json\/wp\/v2\/pages\/161\/revisions"}],"predecessor-version":[{"id":538,"href":"https:\/\/zatureczkimarcell.ddns.net\/etterem\/wp-json\/wp\/v2\/pages\/161\/revisions\/538"}],"wp:attachment":[{"href":"https:\/\/zatureczkimarcell.ddns.net\/etterem\/wp-json\/wp\/v2\/media?parent=161"}],"curies":[{"name":"wp","href":"https:\/\/api.w.org\/{rel}","templated":true}]}}